000
CXUS51 KOKX 011325
CLMBDR
CLIMATE REPORT
NATIONAL WEATHER SERVICE NEW YORK, NY
923 AM EDT MON APR 01 2024
...................................
...THE BRIDGEPORT CT CLIMATE SUMMARY FOR THE MONTH OF MARCH 2024...
CLIMATE NORMAL PERIOD 1991 TO 2020
CLIMATE RECORD PERIOD 1948 TO 2024
WEATHER OBSERVED NORMAL DEPART LAST YEAR`S
VALUE DATE(S) VALUE FROM VALUE DATE(S)
NORMAL
................................................................
TEMPERATURE (F)
RECORD
HIGH 84 03/13/1990
LOW 4 03/19/1967
HIGHEST 72 03/15 MM MM 63 03/26
LOWEST 25 03/22 MM MM 26 03/01
AVG. MAXIMUM 53.1 47.4 5.7 49.2
AVG. MINIMUM 37.8 32.3 5.5 34.0
MEAN 45.5 39.9 5.6 41.6
DAYS MAX >= 90 0 0.0 0.0 0
DAYS MAX <= 32 0 1.1 -1.1 0
DAYS MIN <= 32 4 15.7 -11.7 13
DAYS MIN <= 0 0 0.0 0.0 0
PRECIPITATION (INCHES)
RECORD
MAXIMUM 10.19 2010
MINIMUM 0.69 1981
TOTALS 10.38 4.09 6.29 3.77
DAILY AVG. 0.33 0.13 0.20 0.12
DAYS >= .01 10 11.2 -1.2 13
DAYS >= .10 8 7.5 0.5 9
DAYS >= .50 5 2.7 2.3 3
DAYS >= 1.00 5 0.9 4.1 0
GREATEST
24 HR. TOTAL 3.31 03/23 TO 03/23 1.60 03/13 TO 03/14
STORM TOTAL 3.31 0.87
(MM/DD(HH)) MM
SNOWFALL (INCHES)
TOTALS 0.0 7.0 -7.0 T
LIQUID EQUIV 0.00 0.70 -0.70 T
SINCE 7/1 15.6 32.7 -17.1 MM
LIQUID 7/1 1.56 3.20 -1.64 MM
SNOWDEPTH AVG. 0 0
DAYS >= TRACE 0 2.6 -2.6 2
DAYS >= 1.0 0 1.9 -1.9 0
GREATEST
SNOW DEPTH 0 3 03/01
24 HR TOTAL MM MM
STORM TOTAL 0.0 0.0
(MM/DD(HH)) MM
DEGREE DAYS
HEATING TOTAL 598 780 -182 720
SINCE 7/1 3991 4481 -490 MM
COOLING TOTAL 0 0 0 0
SINCE 1/1 0 0 0 MM
................................................................
WIND (MPH)
AVERAGE WIND SPEED 10.3
HIGHEST WIND SPEED/DIRECTION 37/300 DATE 03/11
HIGHEST GUST SPEED/DIRECTION 53/280 DATE 03/11
WEATHER CONDITIONS. NUMBER OF DAYS WITH
THUNDERSTORM 0 MIXED PRECIP 0
HEAVY RAIN 8 RAIN 8
LIGHT RAIN 10 FREEZING RAIN 0
LT FREEZING RAIN 0 HAIL 0
HEAVY SNOW 0 SNOW 0
LIGHT SNOW 0 SLEET 0
FOG 10 FOG W/VIS <= 1/4 MILE 1
HAZE 1
- INDICATES NEGATIVE NUMBERS.
R INDICATES RECORD WAS SET OR TIED.
MM INDICATES DATA IS MISSING.
T INDICATES TRACE AMOUNT.
$$