000
CXUS54 KMRX 011658
CLMCHA

CLIMATE REPORT NATIONAL WEATHER SERVICE MORRISTOWN TN
1257 PM EDT MON JUN 1 2015

...................................

...THE CHATTANOOGA CLIMATE SUMMARY FOR THE MONTH OF MAY 2015...

CLIMATE NORMAL PERIOD 1981 TO 2010
CLIMATE RECORD PERIOD 1879 TO 2015

WEATHER         OBSERVED          NORMAL  DEPART
                 VALUE   DATE(S)  VALUE   FROM
                                          NORMAL
................................................
TEMPERATURE (F)
HIGHEST            90   05/11
LOWEST             44   05/01
AVG. MAXIMUM     83.0              79.9     3.1
AVG. MINIMUM     60.3              57.3     3.0
MEAN             71.7              68.6     3.1
DAYS MAX >= 90      1
DAYS MAX <= 32      0
DAYS MIN <= 32      0
DAYS MIN <= 0       0

PRECIPITATION (INCHES)
RECORD
 MAXIMUM        12.00   1929
 MINIMUM         0.54   1941
TOTALS           2.73              4.10   -1.37
DAYS >= .01        11
DAYS >= .10         7
DAYS >= .50         1
DAYS >= 1.00        1
GREATEST
 24 HR. TOTAL    1.24   05/25 TO 05/26

SNOWFALL (INCHES)
TOTALS            0.0               0.0     0.0
SINCE 7/1         9.5
SNOWDEPTH AVG.      0
DAYS >= TRACE       0
GREATEST
 SNOW DEPTH         0   0

DEGREE_DAYS
HEATING TOTAL      13                38     -25
 SINCE 7/1       3261              3238      23
COOLING TOTAL     229               150      79
 SINCE 1/1        276               196      80
.................................................



-  INDICATES NEGATIVE NUMBERS.
R  INDICATES RECORD WAS SET OR TIED.
MM INDICATES DATA IS MISSING.
T  INDICATES TRACE AMOUNT.

$$
