000
CXUS54 KMRX 011514
CLMCHA


CLIMATE REPORT
NATIONAL WEATHER SERVICE MORRISTOWN TN
1113 AM EDT WED JUN 1 2016

...................................

...THE CHATTANOOGA  ASOS CLIMATE SUMMARY FOR THE MONTH OF MAY 2016...

CLIMATE NORMAL PERIOD 1981 TO 2010
CLIMATE RECORD PERIOD 1879 TO 2016

WEATHER         OBSERVED          NORMAL  DEPART
                 VALUE   DATE(S)  VALUE   FROM
                                          NORMAL
................................................
TEMPERATURE (F)
HIGHEST            93   05/31
LOWEST             44   05/15
                        05/06
AVG. MAXIMUM     81.6              79.9     1.7
AVG. MINIMUM     58.7              57.3     1.4
MEAN             70.2              68.6     1.6
DAYS MAX >= 90      4
DAYS MAX <= 32      0
DAYS MIN <= 32      0
DAYS MIN <= 0       0

PRECIPITATION (INCHES)
RECORD
 MAXIMUM        12.00   1929
 MINIMUM         0.54   1941
TOTALS           1.43              4.10   -2.67
DAYS >= .01         8
DAYS >= .10         5
DAYS >= .50         1
DAYS >= 1.00        0
GREATEST
 24 HR. TOTAL    0.54   05/12 TO 05/13

SNOWFALL (INCHES)
TOTALS            0.0               0.0     0.0
SINCE 7/1         0.5
SNOWDEPTH AVG.      0
DAYS >= TRACE       0
GREATEST
 SNOW DEPTH         0   MM

DEGREE_DAYS
HEATING TOTAL      29                38      -9
 SINCE 7/1       2484              3238    -754
COOLING TOTAL     197               150      47
 SINCE 1/1        276               196      80
.................................................



-  INDICATES NEGATIVE NUMBERS.
R  INDICATES RECORD WAS SET OR TIED.
MM INDICATES DATA IS MISSING.
T  INDICATES TRACE AMOUNT.

$$
