000
CXUS51 KCTP 010723
CLMIPT
CLIMATE REPORT
NATIONAL WEATHER SERVICE STATE COLLEGE PA
323 AM EDT MON APR 01 2024
...................................
...THE WILLIAMSPORT PA CLIMATE SUMMARY FOR THE MONTH OF MARCH 2024...
CLIMATE NORMAL PERIOD 1991 TO 2020
CLIMATE RECORD PERIOD 1895 TO 2024
WEATHER OBSERVED NORMAL DEPART LAST YEAR`S
VALUE DATE(S) VALUE FROM VALUE DATE(S)
NORMAL
................................................................
TEMPERATURE (F)
RECORD
HIGH 87 03/31/1998
03/30/1986
LOW -5 03/18/1916
HIGHEST 73 03/13 63 03/21
03/14
LOWEST 22 03/01 22 03/19
03/22
AVG. MAXIMUM 54.3 48.4 5.9 49.4
AVG. MINIMUM 34.7 29.0 5.7 30.6
MEAN 44.5 38.7 5.8 40.0
DAYS MAX >= 90 0 0.0 0.0 0
DAYS MAX <= 32 0 1.8 -1.8 0
DAYS MIN <= 32 10 20.5 -10.5 23
DAYS MIN <= 0 0 0.1 -0.1 0
PRECIPITATION (INCHES)
RECORD
MAXIMUM 8.95 1936
MINIMUM 0.42 1910
TOTALS 3.56 3.13 0.43 2.72
DAILY AVG. 0.11 0.10 0.01 0.09
DAYS >= .01 12 11.6 0.4 13
DAYS >= .10 8 6.6 1.4 9
DAYS >= .50 3 2.0 1.0 2
DAYS >= 1.00 1 0.6 0.4 0
GREATEST
24 HR. TOTAL 1.15 03/09 TO 03/10 0.80 03/03 TO 03/04
SNOWFALL (INCHES)
RECORDS
TOTAL 35.6 1916
TOTALS T 7.3 -7.3 6.6
SINCE 7/1 18.1 35.0 -16.9 MM
SNOWDEPTH AVG. 0 0
DAYS >= 1.0 0 1.7 -1.7 2
GREATEST
SNOW DEPTH 0 5 03/07
24 HR TOTAL MM 5.4 03/06 TO 03/07
DEGREE DAYS
HEATING TOTAL 628 815 -187 769
SINCE 7/1 4270 5121 -851 MM
COOLING TOTAL 0 0 0 0
SINCE 1/1 0 0 0 MM
................................................................
WIND (MPH)
AVERAGE WIND SPEED 7.7
HIGHEST WIND SPEED/DIRECTION 35/300 DATE 03/11
HIGHEST GUST SPEED/DIRECTION 51/340 DATE 03/11
SKY COVER
POSSIBLE SUNSHINE (PERCENT) MM
AVERAGE SKY COVER 0.52
NUMBER OF DAYS FAIR 13
NUMBER OF DAYS PC 6
NUMBER OF DAYS CLOUDY 12
WEATHER CONDITIONS. NUMBER OF DAYS WITH
THUNDERSTORM 0 MIXED PRECIP 0
HEAVY RAIN 0 RAIN 7
LIGHT RAIN 14 FREEZING RAIN 0
LT FREEZING RAIN 0 HAIL 0
HEAVY SNOW 0 SNOW 1
LIGHT SNOW 6 SLEET 0
FOG 15 FOG W/VIS <= 1/4 MILE 1
HAZE 5
- INDICATES NEGATIVE NUMBERS.
R INDICATES RECORD WAS SET OR TIED.
MM INDICATES DATA IS MISSING.
T INDICATES TRACE AMOUNT.
$$