000
CXUS56 KSEW 031746 CCA
CLMOLM
CLIMATE REPORT...CORRECTED
NATIONAL WEATHER SERVICE SEATTLE
946 AM PST SUN MAR 03 2024
...................................
...THE OLYMPIA WA AIRPORT CLIMATE SUMMARY FOR THE MONTH OF FEBRUARY 2024...
CLIMATE NORMAL PERIOD 1991 TO 2020
CLIMATE RECORD PERIOD 1941 TO 2024
WEATHER OBSERVED NORMAL DEPART LAST YEAR`S
VALUE DATE(S) VALUE FROM VALUE DATE(S)
NORMAL
................................................................
TEMPERATURE (F)
RECORD
HIGH 73 02/27/1986
LOW 02/02/1972
02/01/1950
HIGHEST 60 02/01 MM MM 55 02/09
LOWEST 29 02/03 MM MM 16 02/24
02/10
AVG. MAXIMUM 50.2 49.1 1.1 46.8
AVG. MINIMUM 35.2 32.3 2.9 30.9
MEAN 42.7 40.7 2.0 38.9
DAYS MAX >= 90 0 0.0 0.0 0
DAYS MAX <= 32 0 0.3 -0.3 0
DAYS MIN <= 32 10 14.4 -4.4 16
DAYS MIN <= 0 0 0.0 0.0 0
PRECIPITATION (INCHES)
RECORD
MAXIMUM 15.50 1999
MINIMUM 0.22 1993
TOTALS 6.10 5.09 1.01 3.30
DAILY AVG. 0.21 NAN NAN 0.12
DAYS >= .01 16 16.4 -0.4 21
DAYS >= .10 13 11.3 1.7 9
DAYS >= .50 4 3.1 0.9 1
DAYS >= 1.00 1 1.0 0.0 0
GREATEST
24 HR. TOTAL 1.78 02/28 TO 02/28
DEGREE DAYS
HEATING TOTAL 639 680 -41 725
SINCE 7/1 3160 3757 -597 MM
COOLING TOTAL 0 0 0 0
SINCE 1/1 0 0 0 MM
................................................................
WIND (MPH)
AVERAGE WIND SPEED 4.8
HIGHEST WIND SPEED/DIRECTION 30/180 DATE 02/28
HIGHEST GUST SPEED/DIRECTION 43/180 DATE 02/28
SKY COVER
POSSIBLE SUNSHINE (PERCENT) MM
AVERAGE SKY COVER 0.79
NUMBER OF DAYS FAIR 0
NUMBER OF DAYS PC 10
NUMBER OF DAYS CLOUDY 19
AVERAGE RH (PERCENT) 84
WEATHER CONDITIONS. NUMBER OF DAYS WITH
THUNDERSTORM 0 MIXED PRECIP 0
HEAVY RAIN 0 RAIN 2
LIGHT RAIN 19 FREEZING RAIN 0
LT FREEZING RAIN 0 HAIL 0
HEAVY SNOW 0 SNOW 0
LIGHT SNOW 3 SLEET 0
FOG 28 FOG W/VIS <= 1/4 MILE 9
HAZE 1
- INDICATES NEGATIVE NUMBERS.
R INDICATES RECORD WAS SET OR TIED.
MM INDICATES DATA IS MISSING.
T INDICATES TRACE AMOUNT.
$$