000
CXUS54 KMRX 011514
CLMTYS


CLIMATE REPORT
NATIONAL WEATHER SERVICE MORRISTOWN TN
1113 AM EDT WED JUN 1 2016

...................................

...THE KNOXVILLE    ASOS CLIMATE SUMMARY FOR THE MONTH OF MAY 2016...

CLIMATE NORMAL PERIOD 1981 TO 2010
CLIMATE RECORD PERIOD 1871 TO 2016

WEATHER         OBSERVED          NORMAL  DEPART
                 VALUE   DATE(S)  VALUE   FROM
                                          NORMAL
................................................
TEMPERATURE (F)
HIGHEST            89   05/31
LOWEST             42   05/16
                        05/15
AVG. MAXIMUM     78.0              78.1    -0.1
AVG. MINIMUM     57.1              56.2     0.9
MEAN             67.5              67.2     0.3
DAYS MAX >= 90      0
DAYS MAX <= 32      0
DAYS MIN <= 32      0
DAYS MIN <= 0       0

PRECIPITATION (INCHES)
RECORD
 MAXIMUM        10.98   1974
 MINIMUM         0.71   1941
TOTALS           4.06              4.51   -0.45
DAYS >= .01        14
DAYS >= .10         8
DAYS >= .50         3
DAYS >= 1.00        1
GREATEST
 24 HR. TOTAL    1.22   05/27 TO 05/27

SNOWFALL (INCHES)
TOTALS            0.0               0.0     0.0
SINCE 7/1         5.2
SNOWDEPTH AVG.      0
DAYS >= TRACE       0
GREATEST
 SNOW DEPTH         0   MM

DEGREE_DAYS
HEATING TOTAL      52                58      -6
 SINCE 7/1       2955              3633    -678
COOLING TOTAL     138               125      13
 SINCE 1/1        211               162      49
.................................................



-  INDICATES NEGATIVE NUMBERS.
R  INDICATES RECORD WAS SET OR TIED.
MM INDICATES DATA IS MISSING.
T  INDICATES TRACE AMOUNT.

$$
