000
CXUS53 KIWX 010624
CLMSBN

CLIMATE REPORT
NATIONAL WEATHER SERVICE NORTHERN INDIANA
146 AM EDT THU JUN 1 2017

...................................

...THE SOUTH BEND CLIMATE SUMMARY FOR THE MONTH OF MAY 2017...

CLIMATE NORMAL PERIOD 1981 TO 2010
CLIMATE RECORD PERIOD 1893 TO 2017

WEATHER         OBSERVED          NORMAL  DEPART  LAST YEAR`S
                 VALUE   DATE(S)  VALUE   FROM    VALUE  DATE(S)
                                          NORMAL
................................................................
TEMPERATURE (F)
RECORD
 HIGH              97   05/27/2012
 LOW               24   05/06/1968
HIGHEST            85   05/18        MM      MM       86  05/31
                        05/16
LOWEST             28   05/08        MM      MM       31  05/15
AVG. MAXIMUM     66.7              70.0    -3.3     69.8
AVG. MINIMUM     46.9              48.6    -1.7     47.0
MEAN             56.8              59.3    -2.5
DAYS MAX >= 90      0               0.3    -0.3        0
DAYS MAX <= 32      0               0.0     0.0        0
DAYS MIN <= 32      3               0.4     2.6        1
DAYS MIN <= 0       0               0.0     0.0        0

PRECIPITATION (INCHES)
RECORD
 MAXIMUM         8.09   1996
 MINIMUM         0.80   1994
TOTALS           4.92              3.83    1.09     2.49
DAILY AVG.       0.16              0.12    0.04     0.08
DAYS >= .01        13              12.3     0.7       13
DAYS >= .10         8               7.3     0.7        5
DAYS >= .50         4               2.8     1.2        2
DAYS >= 1.00        1               0.8     0.2        0
GREATEST
 24 HR. TOTAL    1.54   05/10 TO 05/10

SNOWFALL (INCHES)
RECORDS
 TOTAL           10.0   1929
TOTALS            0.0               0.0     0.0      0.0
SINCE 7/1        42.2              66.6   -24.4     70.2
SNOWDEPTH AVG.      0                MM      MM        0
DAYS >= 1.0         0               0.0     0.0        0
GREATEST
 SNOW DEPTH         0   MM
 24 HR TOTAL      0.0   05/31 TO 05/31

DEGREE_DAYS
HEATING TOTAL     273               223      50      261
 SINCE 7/1       5502              6254    -752     5605
COOLING TOTAL      29                46     -17       65
 SINCE 1/1         40                56     -16       69
.................................................................

WIND (MPH)
AVERAGE WIND SPEED              9.9
HIGHEST WIND SPEED/DIRECTION    36/220    DATE  05/18
HIGHEST GUST SPEED/DIRECTION    49/220    DATE  05/18

SKY COVER
POSSIBLE SUNSHINE (PERCENT)   MM
AVERAGE SKY COVER           0.50
NUMBER OF DAYS FAIR           16
NUMBER OF DAYS PC              5
NUMBER OF DAYS CLOUDY         10

AVERAGE RH (PERCENT)     71

WEATHER CONDITIONS. NUMBER OF DAYS WITH
THUNDERSTORM              0     MIXED PRECIP               0
HEAVY RAIN                7     RAIN                       7
LIGHT RAIN               15     FREEZING RAIN              0
LT FREEZING RAIN          0     HAIL                       0
HEAVY SNOW                0     SNOW                       0
LIGHT SNOW                0     SLEET                      0
FOG                      12     FOG W/VIS <= 1/4 MILE      0
HAZE                      1

-  INDICATES NEGATIVE NUMBERS.
R  INDICATES RECORD WAS SET OR TIED.
MM INDICATES DATA IS MISSING.
T  INDICATES TRACE AMOUNT.

&&

...A COOL AND WET MAY...

METEOROLOGICAL SPRING CAME TO AN END WITH A RATHER COOL AND WET MAY.
MEASURABLE PRECIPITATION FELL ON NEARLY HALF OF THE DAYS IN THE
MONTH AND TEMPERATURES WERE BELOW NORMAL ON 19 DAYS. THE AVERAGE
DAILY TEMPERATURE WAS AT OR BELOW NORMAL FOR THE FIRST 9 DAYS AND 6
OF THESE DAYS WERE 10 DEGREES OR MORE BELOW NORMAL. THERE WAS A NICE
STRETCH OF WEATHER FROM AROUND THE 14TH THROUGH THE 18TH WITH ABOVE
NORMAL TEMPERATURES AND NO PRECIPITATION. THIS BRIEF WINDOW DID
ALLOW MANY FARM FIELDS TO DRY OUT WHICH GAVE FARMERS A CHANCE TO GET
THEIR SPRING CROPS IN. UNFORTUNATELY THIS WINDOW CAME TO A QUICK
CLOSE AS MORE RAIN RETURNED WITH OVER AN INCH FALLING ON THE 19TH
AND 20TH COMBINED.

THE AVERAGE MONTHLY TEMPERATURE WAS 56.8...2.5 DEGREES BELOW NORMAL.
THIS RANKED AS THE 35TH COOLEST MAY ON RECORD. THE HIGHEST
TEMPERATURE WAS 85 ON THE 16TH AND 18TH AND THE COOLEST TEMPERATURE
WAS 28 ON THE 8TH. THERE WERE 3 DAYS DURING THE MONTH WITH A LOW
TEMPERATURE BELOW FREEZING.

MONTHLY PRECIPITATION WAS 4.92 INCHES...1.09 INCHES ABOVE NORMAL.
THIS RANKED AS THE 33RD WETTEST MAY ON RECORD. MEASURABLE
PRECIPITATION FELL ON 13 DAYS AND A HALF INCH OR MORE OF RAIN FELL
ON 4 DIFFERENT DAYS.

$$
