000
CXUS54 KFWD 010730
CF60F2
PRELIMINARY LOCAL CLIMATOLOGICAL DATA (WS FORM: F-6)
STATION: BOWIE
MONTH: MAY
YEAR: 2022
LATITUDE: 33 36 N
LONGITUDE: 97 47 W
TEMPERATURE IN F: :PCPN: SNOW: WIND :SUNSHINE: SKY :PK WND
================================================================================
1 2 3 4 5 6A 6B 7 8 9 10 11 12 13 14 15 16 17 18
12Z AVG MX 2MIN
DY MAX MIN AVG DEP HDD CDD WTR SNW DPTH SPD SPD DIR MIN PSBL S-S WX SPD DR
================================================================================
1 82 47 65 -1 0 0 0.02 M M 7.1 16 160 M M 1 24 150
2 85 61 73 7 0 8 0.01 M M 14.3 29 180 M M 6 38 180
3 64 48 56 -10 9 0 0.00 M M 7.2 16 350 M M 9 25 350
4 82 56 69 3 0 4 0.01 M M 7.4 17 310 M M 8 1 24 310
5 75 51 63 -4 2 0 0.00 M M 6.4 15 290 M M 4 26 290
6 83 50 67 0 0 2 0.00 M M 3.4 7 180 M M 0 M M
7 85 64 75 8 0 10 0.00 M M 10.9 16 130 M M 2 26 140
8 94 72 83 15 0 18 0.00 M M 14.0 20 190 M M 2 1 26 190
9 92 73 83 15 0 18 0.00 M M 15.4 22 190 M M 1 32 190
10 89 73 81 13 0 16 0.00 M M 13.0 17 170 M M 2 24 170
11 88 68 78 10 0 13 0.00 M M 10.2 16 140 M M 0 24 160
12 90 68 79 10 0 14 0.00 M M 10.3 16 170 M M 0 23 150
13 92 69 81 12 0 16 0.00 M M 8.4 17 180 M M 0 21 180
14 91 61 76 7 0 11 0.00 M M 4.0 9 160 M M 0 40 120
15 96 67 82 12 0 17 0.01 M M 8.1 15 170 M M 0 25 80
16 85 65 75 5 0 10 0.00 M M 5.4 9 130 M M 1 8 18 130
17 91 72 82 12 0 17 0.00 M M 10.5 17 170 M M 0 25 150
18 95 72 84 14 0 19 0.00 M M 10.1 16 150 M M 0 25 150
19 94 66 80 10 0 15 0.00 M M 13.2 20 160 M M 0 28 170
20 95 72 84 13 0 19 0.00 M M 14.7 20 180 M M 0 29 180
21 80 61 71 0 0 6 M M M 10.7 16 10 M M 8 25 20
22 67 53 60 -11 5 0 0.00 M M 8.1 13 10 M M 9 24 20
23 68 56 62 -10 3 0 0.00 M M 5.8 12 100 M M 10 1 20 100
24 66 59 63 -9 2 0 0.08 M M 7.1 14 340 M M 8 1 22 110
25 63 55 59 -13 6 0 0.01 M M 7.9 14 290 M M 8 23 290
26 82 48 65 -7 0 0 0.00 M M 5.3 14 310 M M 0 23 310
27 87 54 71 -2 0 6 0.00 M M 2.9 8 150 M M 0 M M
28 92 62 77 4 0 12 0.00 M M 11.6 20 170 M M 0 33 160
29 91 72 82 9 0 17 0.00 M M 14.8 21 160 M M 0 30 180
30 89 72 81 7 0 16 0.00 M M 16.6 27 170 M M 4 37 170
31 90 73 82 8 0 17 0.00 M M 13.2 22 160 M M 3 30 160
================================================================================
SM 2623 1940 27 301 0.14 M 297.8 M 86
================================================================================
AV 84.6 62.6 9.6 FASTST M M 3 MAX(MPH)
MISC ----> 29 180 40 120
================================================================================
NOTES:
# LAST OF SEVERAL OCCURRENCES
COLUMN 17 PEAK WIND IN M.P.H.
PRELIMINARY LOCAL CLIMATOLOGICAL DATA (WS FORM: F-6) , PAGE 2
STATION: BOWIE
MONTH: MAY
YEAR: 2022
LATITUDE: 33 36 N
LONGITUDE: 97 47 W
[TEMPERATURE DATA] [PRECIPITATION DATA] SYMBOLS USED IN COLUMN 16
AVERAGE MONTHLY: 73.6 TOTAL FOR MONTH: 0.14 1 = FOG OR MIST
DPTR FM NORMAL: 3.8 DPTR FM NORMAL: -4.86 2 = FOG REDUCING VISIBILITY
HIGHEST: 96 ON 15 GRTST 24HR 0.08 ON 24-24 TO 1/4 MILE OR LESS
LOWEST: 47 ON 1 3 = THUNDER
SNOW, ICE PELLETS, HAIL 4 = ICE PELLETS
TOTAL MONTH: M 5 = HAIL
GRTST 24HR M ON M 6 = FREEZING RAIN OR DRIZZLE
GRTST DEPTH: M ON M 7 = DUSTSTORM OR SANDSTORM:
VSBY 1/2 MILE OR LESS
8 = SMOKE OR HAZE
[NO. OF DAYS WITH] [WEATHER - DAYS WITH] 9 = BLOWING SNOW
X = TORNADO
MAX 32 OR BELOW: 0 0.01 INCH OR MORE: 6
MAX 90 OR ABOVE: 13 0.10 INCH OR MORE: 0
MIN 32 OR BELOW: 0 0.50 INCH OR MORE: 0
MIN 0 OR BELOW: 0 1.00 INCH OR MORE: 0
[HDD (BASE 65) ]
TOTAL THIS MO. 27 CLEAR (SCALE 0-3) 21
DPTR FM NORMAL -3 PTCLDY (SCALE 4-7) 6
TOTAL FM JUL 1 2461 CLOUDY (SCALE 8-10) 4
DPTR FM NORMAL -617
[CDD (BASE 65) ]
TOTAL THIS MO. 301
DPTR FM NORMAL 123 [PRESSURE DATA]
TOTAL FM JAN 1 440 HIGHEST SLP M ON M
DPTR FM NORMAL 192 LOWEST SLP M ON M
[REMARKS]
#FINAL-05-22#