000
CXUS54 KEWX 011010
CF63T5
PRELIMINARY LOCAL CLIMATOLOGICAL DATA (WS FORM: F-6)
STATION: LA GRANGE
MONTH: JULY
YEAR: 2021
LATITUDE: 29 54 N
LONGITUDE: 96 57 W
TEMPERATURE IN F: :PCPN: SNOW: WIND :SUNSHINE: SKY :PK WND
================================================================================
1 2 3 4 5 6A 6B 7 8 9 10 11 12 13 14 15 16 17 18
12Z AVG MX 2MIN
DY MAX MIN AVG DEP HDD CDD WTR SNW DPTH SPD SPD DIR MIN PSBL S-S WX SPD DR
================================================================================
1 93 75 84 M 0 19 0.00 M M 1.1 6 190 M M 4 18 M M
2 93 76 85 M 0 20 0.00 M M 1.7 5 160 M M 1 8 M M
3 91 75 83 M 0 18 1.52 M M 2.3 14 10 M M 3 3 28 0
4 87 76 82 M 0 17 0.35 M M 2.1 7 110 M M 7 1 M M
5 89 75 82 M 0 17 0.67 M M 2.0 10 250 M M 5 18 22 210
6 89 75 82 M 0 17 0.20 M M 4.2 9 150 M M 6 M M
7 87 74 81 M 0 16 0.05 M M 2.7 10 130 M M 6 8 20 130
8 86 75 81 M 0 16 0.09 M M 5.6 9 130 M M 8 1 17 130
9 80 76 78 M 0 13 0.63 M M 5.1 9 150 M M 8 22 120
10 92 76 84 M 0 19 0.09 M M 5.7 12 190 M M 6 18 18 180
11 91 76 84 M 0 19 0.00 M M 4.1 13 210 M M 4 18 20 200
12 90 75 83 M 0 18 0.03 M M 4.7 13 190 M M 5 18 25 0
13 91 70 81 M 0 16 0.46 M M 2.3 23 200 M M 2 1 32 200
14 91 72 82 M 0 17 0.16 M M 1.6 10 170 M M 2 22 170
15 90 75 83 M 0 18 0.03 M M 4.1 8 180 M M 2 1 23 150
16 93 77 85 M 0 20 0.00 M M 7.2 15 200 M M 4 1 20 200
17 94 76 85 M 0 20 0.00 M M 5.0 9 160 M M 3 1 M M
18 94 75 85 M 0 20 0.00 M M 3.1 8 160 M M 2 M M
19 94 76 85 M 0 20 0.15 M M 3.8 15 340 M M 3 13 16 340
20 90 75 83 M 0 18 0.00 M M 3.6 9 30 M M 4 18 16 40
21 91 74 83 M 0 18 0.04 M M 1.5 13 160 M M 2 23 30
22 92 75 84 M 0 19 0.03 M M 2.7 9 210 M M 3 13 20 210
23 94 75 85 M 0 20 0.00 M M 5.8 13 180 M M 5 1 17 170
24 95 78 87 M 0 22 0.00 M M 6.5 12 210 M M 3 18 20 190
25 95 77 86 M 0 21 0.00 M M 4.3 8 200 M M 3 18 M M
26 94 75 85 M 0 20 0.00 M M 2.4 8 230 M M 5 1 M M
27 95 74 85 M 0 20 0.00 M M 3.1 6 160 M M 0 18 M M
28 95 76 86 M 0 21 0.00 M M 1.5 5 130 M M 2 1 M M
29 95 78 87 M 0 22 0.00 M M 3.0 9 120 M M 3 M M
30 96 75 86 M 0 21 0.00 M M 2.4 10 160 M M 3 1 M M
31 96 78 87 M 0 22 0.00 M M 4.1 9 190 M M 2 M M
================================================================================
SM 2843 2335 0 584 4.50 M 109.3 M 116
================================================================================
AV 91.7 75.3 3.5 FASTST M M 4 MAX(MPH)
MISC ----> 23 200 32 200
================================================================================
NOTES:
# LAST OF SEVERAL OCCURRENCES
COLUMN 17 PEAK WIND IN M.P.H.
PRELIMINARY LOCAL CLIMATOLOGICAL DATA (WS FORM: F-6) , PAGE 2
STATION: LA GRANGE
MONTH: JULY
YEAR: 2021
LATITUDE: 29 54 N
LONGITUDE: 96 57 W
[TEMPERATURE DATA] [PRECIPITATION DATA] SYMBOLS USED IN COLUMN 16
AVERAGE MONTHLY: 83.5 TOTAL FOR MONTH: 4.50 1 = FOG OR MIST
DPTR FM NORMAL: 0.0 DPTR FM NORMAL: M 2 = FOG REDUCING VISIBILITY
HIGHEST: 96 ON 31,30 GRTST 24HR 1.52 ON 3- 3 TO 1/4 MILE OR LESS
LOWEST: 70 ON 13 3 = THUNDER
SNOW, ICE PELLETS, HAIL 4 = ICE PELLETS
TOTAL MONTH: 0.0 INCH 5 = HAIL
GRTST 24HR M ON M 6 = FREEZING RAIN OR DRIZZLE
GRTST DEPTH: 0 7 = DUSTSTORM OR SANDSTORM:
VSBY 1/2 MILE OR LESS
8 = SMOKE OR HAZE
[NO. OF DAYS WITH] [WEATHER - DAYS WITH] 9 = BLOWING SNOW
X = TORNADO
MAX 32 OR BELOW: 0 0.01 INCH OR MORE: 15
MAX 90 OR ABOVE: 25 0.10 INCH OR MORE: 8
MIN 32 OR BELOW: 0 0.50 INCH OR MORE: 3
MIN 0 OR BELOW: 0 1.00 INCH OR MORE: 1
[HDD (BASE 65) ]
TOTAL THIS MO. 0 CLEAR (SCALE 0-3) 13
DPTR FM NORMAL M PTCLDY (SCALE 4-7) 17
TOTAL FM JUL 1 0 CLOUDY (SCALE 8-10) 1
DPTR FM NORMAL M
[CDD (BASE 65) ]
TOTAL THIS MO. 584
DPTR FM NORMAL M [PRESSURE DATA]
TOTAL FM JAN 1 1781 HIGHEST SLP M ON M
DPTR FM NORMAL M LOWEST SLP M ON M
[REMARKS]
#FINAL-07-21#