000
CDUS41 KPHI 300629
CLIABE


CLIMATE REPORT
NATIONAL WEATHER SERVICE MOUNT HOLLY NJ
129 AM EST FRI JAN 30 2015


...................................

...THE ALLENTOWN PA CLIMATE SUMMARY FOR JANUARY 29 2015...

CLIMATE NORMAL PERIOD 1981 TO 2010
CLIMATE RECORD PERIOD 1922 TO 2015


WEATHER ITEM   OBSERVED TIME   RECORD YEAR NORMAL DEPARTURE LAST
                VALUE   (LST)  VALUE       VALUE  FROM      YEAR
                                                  NORMAL
..................................................................
TEMPERATURE (F)
 YESTERDAY
  MAXIMUM         31    721 PM  66    2002  37     -6       19
  MINIMUM          2    733 AM  -9    1963  20    -18        1
  AVERAGE         17                        28    -11       10

PRECIPITATION (IN)
  YESTERDAY        0.05          1.66 1990   0.10  -0.05      T
  MONTH TO DATE    2.71                      2.82  -0.11     4.54
  SINCE DEC 1      6.36                      6.40  -0.04     8.58
  SINCE JAN 1      2.71                      2.82  -0.11     4.54

SNOWFALL (IN)
  YESTERDAY        0.4          10.0  1922   0.4    0.0       T
  MONTH TO DATE   12.8                       9.2    3.6     16.5
  SINCE DEC 1     13.4                      14.4   -1.0     30.2
  SINCE JUL 1     19.1                      15.1    4.0     30.2
  SNOW DEPTH       5

DEGREE DAYS
 HEATING
  YESTERDAY       48                        37     11       55
  MONTH TO DATE 1117                      1081     36     1214
  SINCE DEC 1   1977                      2096   -119     2237
  SINCE JUL 1   3112                      3276   -164     3396

 COOLING
  YESTERDAY        0                         0      0        0
  MONTH TO DATE    0                         0      0        0
  SINCE DEC 1      0                         0      0        0
  SINCE JAN 1      0                         0      0        0
..................................................................


WIND (MPH)
  HIGHEST WIND SPEED    15   HIGHEST WIND DIRECTION     S (180)
  HIGHEST GUST SPEED    21   HIGHEST GUST DIRECTION     S (190)
  AVERAGE WIND SPEED     4.8


SKY COVER
  POSSIBLE SUNSHINE  MM
  AVERAGE SKY COVER 0.5


WEATHER CONDITIONS
 THE FOLLOWING WEATHER WAS RECORDED YESTERDAY.
  LIGHT SNOW
  FOG


RELATIVE HUMIDITY (PERCENT)
 HIGHEST    79           600 AM
 LOWEST     32           300 PM
 AVERAGE    56

..........................................................


THE ALLENTOWN PA CLIMATE NORMALS FOR TODAY
                         NORMAL    RECORD    YEAR
 MAXIMUM TEMPERATURE (F)   37        66      2013
                                             1947
 MINIMUM TEMPERATURE (F)   20        -5      1928


SUNRISE AND SUNSET
JANUARY 30 2015.......SUNRISE   714 AM EST   SUNSET   517 PM EST
JANUARY 31 2015.......SUNRISE   713 AM EST   SUNSET   518 PM EST


-  INDICATES NEGATIVE NUMBERS.
R  INDICATES RECORD WAS SET OR TIED.
MM INDICATES DATA IS MISSING.
T  INDICATES TRACE AMOUNT.




$$
