000
CDUS41 KPHI 270629
CLIABE


CLIMATE REPORT
NATIONAL WEATHER SERVICE MOUNT HOLLY NJ
129 AM EST FRI FEB 27 2015


...................................

...THE ALLENTOWN PA CLIMATE SUMMARY FOR FEBRUARY 26 2015...

CLIMATE NORMAL PERIOD 1981 TO 2010
CLIMATE RECORD PERIOD 1922 TO 2015


WEATHER ITEM   OBSERVED TIME   RECORD YEAR NORMAL DEPARTURE LAST
                VALUE   (LST)  VALUE       VALUE  FROM      YEAR
                                                  NORMAL
..................................................................
TEMPERATURE (F)
 YESTERDAY
  MAXIMUM         27    434 PM  65    1976  43    -16       28
  MINIMUM         16   1151 PM   4    1970  24     -8       10
  AVERAGE         22                        33    -11       19

PRECIPITATION (IN)
  YESTERDAY        0.01          0.95 1962   0.10  -0.09      T
  MONTH TO DATE    1.83                      2.51  -0.68     4.45
  SINCE DEC 1      8.20                      9.12  -0.92    13.03
  SINCE JAN 1      4.55                      5.54  -0.99     8.99

SNOWFALL (IN)
  YESTERDAY        T             3.5  1934   0.3   -0.3       T
  MONTH TO DATE   13.2                      10.5    2.7     36.5
  SINCE DEC 1     26.6                      25.7    0.9     66.7
  SINCE JUL 1     32.3                      26.4    5.9     66.7
  SNOW DEPTH       4

DEGREE DAYS
 HEATING
  YESTERDAY       43                        32     11       46
  MONTH TO DATE 1189                       896    293     1008
  SINCE DEC 1   3251                      3066    185     3338
  SINCE JUL 1   4386                      4246    140     4497

 COOLING
  YESTERDAY        0                         0      0        0
  MONTH TO DATE    0                         0      0        0
  SINCE DEC 1      0                         0      0        0
  SINCE JAN 1      0                         0      0        0
..................................................................


WIND (MPH)
  HIGHEST WIND SPEED    15   HIGHEST WIND DIRECTION    NE (50)
  HIGHEST GUST SPEED    18   HIGHEST GUST DIRECTION    NE (50)
  AVERAGE WIND SPEED     5.9


SKY COVER
  POSSIBLE SUNSHINE  MM
  AVERAGE SKY COVER 0.7


WEATHER CONDITIONS
 THE FOLLOWING WEATHER WAS RECORDED YESTERDAY.
  LIGHT SNOW


RELATIVE HUMIDITY (PERCENT)
 HIGHEST    71           900 PM
 LOWEST     41           400 AM
 AVERAGE    56

..........................................................


THE ALLENTOWN PA CLIMATE NORMALS FOR TODAY
                         NORMAL    RECORD    YEAR
 MAXIMUM TEMPERATURE (F)   43        72      1997
 MINIMUM TEMPERATURE (F)   24        -2      1963


SUNRISE AND SUNSET
FEBRUARY 27 2015......SUNRISE   639 AM EST   SUNSET   550 PM EST
FEBRUARY 28 2015......SUNRISE   637 AM EST   SUNSET   552 PM EST


-  INDICATES NEGATIVE NUMBERS.
R  INDICATES RECORD WAS SET OR TIED.
MM INDICATES DATA IS MISSING.
T  INDICATES TRACE AMOUNT.




$$
