000
CDUS41 KPHI 090632
CLIABE


CLIMATE REPORT
NATIONAL WEATHER SERVICE MOUNT HOLLY NJ
128 AM EST TUE FEB 9 2016


...................................

...THE ALLENTOWN PA CLIMATE SUMMARY FOR FEBRUARY 8 2016...

CLIMATE NORMAL PERIOD 1981 TO 2010
CLIMATE RECORD PERIOD 1922 TO 2016


WEATHER ITEM   OBSERVED TIME   RECORD YEAR NORMAL DEPARTURE LAST
                VALUE   (LST)  VALUE       VALUE  FROM      YEAR
                                                  NORMAL
..................................................................
TEMPERATURE (F)
 YESTERDAY
  MAXIMUM         44    204 PM  59    1965  38      6       39
  MINIMUM         31   1159 PM  -5    1935  21     10       31
  AVERAGE         38                        29      9       35

PRECIPITATION (IN)
  YESTERDAY        0.02          1.06 1928   0.09  -0.07     0.00
  MONTH TO DATE    0.93                      0.79   0.14     0.91
  SINCE DEC 1      8.30                      7.40   0.90     7.28
  SINCE JAN 1      4.10                      3.82   0.28     3.63

SNOWFALL (IN)
  YESTERDAY        0.2           7.5  1994   0.4   -0.2      0.0
  MONTH TO DATE    0.2                       3.3   -3.1      4.0
  SINCE DEC 1     32.5                      18.5   14.0     17.4
  SINCE JUL 1     32.5                      19.2   13.3     23.1
  SNOW DEPTH       0

DEGREE DAYS
 HEATING
  YESTERDAY       27                        36     -9       30
  MONTH TO DATE  216                       290    -74      338
  SINCE DEC 1   1903                      2460   -557     2400
  SINCE JUL 1   2785                      3640   -855     3535

 COOLING
  YESTERDAY        0                         0      0        0
  MONTH TO DATE    0                         0      0        0
  SINCE DEC 1      0                         0      0        0
  SINCE JAN 1      0                         0      0        0
..................................................................


WIND (MPH)
  HIGHEST WIND SPEED    15   HIGHEST WIND DIRECTION    NE (50)
  HIGHEST GUST SPEED    18   HIGHEST GUST DIRECTION    NE (60)
  AVERAGE WIND SPEED     7.8


SKY COVER
  POSSIBLE SUNSHINE  MM
  AVERAGE SKY COVER 0.7


WEATHER CONDITIONS
 THE FOLLOWING WEATHER WAS RECORDED YESTERDAY.
  LIGHT SNOW
  FOG


RELATIVE HUMIDITY (PERCENT)
 HIGHEST    64           600 AM
 LOWEST     45           300 PM
 AVERAGE    55

..........................................................


THE ALLENTOWN PA CLIMATE NORMALS FOR TODAY
                         NORMAL    RECORD    YEAR
 MAXIMUM TEMPERATURE (F)   38        57      1990
 MINIMUM TEMPERATURE (F)   21       -12      1934


SUNRISE AND SUNSET
FEBRUARY  9 2016......SUNRISE   704 AM EST   SUNSET   529 PM EST
FEBRUARY 10 2016......SUNRISE   702 AM EST   SUNSET   530 PM EST


-  INDICATES NEGATIVE NUMBERS.
R  INDICATES RECORD WAS SET OR TIED.
MM INDICATES DATA IS MISSING.
T  INDICATES TRACE AMOUNT.




$$
