000
CDUS41 KPHI 210631
CLIABE


CLIMATE REPORT
NATIONAL WEATHER SERVICE MOUNT HOLLY NJ
230 AM EDT TUE OCT 21 2014


...................................

...THE ALLENTOWN PA CLIMATE SUMMARY FOR OCTOBER 20 2014...

CLIMATE NORMAL PERIOD 1981 TO 2010
CLIMATE RECORD PERIOD 1922 TO 2014


WEATHER ITEM   OBSERVED TIME   RECORD YEAR NORMAL DEPARTURE LAST
                VALUE   (LST)  VALUE       VALUE  FROM      YEAR
                                                  NORMAL
..................................................................
TEMPERATURE (F)
 YESTERDAY
  MAXIMUM         61    313 PM  78    1936  62     -1       61
  MINIMUM         32    611 AM  24    1972  40     -8       39
  AVERAGE         47                        51     -4       50

PRECIPITATION (IN)
  YESTERDAY        0.02          1.65 1976   0.12  -0.10     0.00
  MONTH TO DATE    2.24                      2.67  -0.43     2.37
  SINCE SEP 1      3.77                      7.29  -3.52     4.45
  SINCE JAN 1     37.76                     37.06   0.70    39.29

SNOWFALL (IN)
  YESTERDAY        0.0           0.5  1940   0.0    0.0      0.0
  MONTH TO DATE    0.0                       0.0    0.0      0.0
  SINCE SEP 1      0.0                       0.0    0.0      0.0
  SINCE JUL 1      0.0                       0.0    0.0      0.0
  SNOW DEPTH       0

DEGREE DAYS
 HEATING
  YESTERDAY       18                        14      4       15
  MONTH TO DATE  158                       222    -64      105
  SINCE SEP 1    233                       326    -93      225
  SINCE JUL 1    237                       337   -100      229

 COOLING
  YESTERDAY        0                         0      0        0
  MONTH TO DATE   12                         3      9       24
  SINCE SEP 1    120                        74     46      102
  SINCE JAN 1    807                       753     54      927
..................................................................


WIND (MPH)
  HIGHEST WIND SPEED    15   HIGHEST WIND DIRECTION     S (180)
  HIGHEST GUST SPEED    21   HIGHEST GUST DIRECTION    SW (210)
  AVERAGE WIND SPEED     4.0


SKY COVER
  POSSIBLE SUNSHINE  MM
  AVERAGE SKY COVER 0.1


WEATHER CONDITIONS
 THE FOLLOWING WEATHER WAS RECORDED YESTERDAY.
  LIGHT RAIN


RELATIVE HUMIDITY (PERCENT)
 HIGHEST    89           700 AM
 LOWEST     42           300 PM
 AVERAGE    66

..........................................................


THE ALLENTOWN PA CLIMATE NORMALS FOR TODAY
                         NORMAL    RECORD    YEAR
 MAXIMUM TEMPERATURE (F)   62        85      1947
 MINIMUM TEMPERATURE (F)   40        23      1972


SUNRISE AND SUNSET
OCTOBER 21 2014.......SUNRISE   719 AM EDT   SUNSET   613 PM EDT
OCTOBER 22 2014.......SUNRISE   720 AM EDT   SUNSET   611 PM EDT


-  INDICATES NEGATIVE NUMBERS.
R  INDICATES RECORD WAS SET OR TIED.
MM INDICATES DATA IS MISSING.
T  INDICATES TRACE AMOUNT.




$$
