000
CDUS41 KPHI 252129
CLIABE


CLIMATE REPORT
NATIONAL WEATHER SERVICE MOUNT HOLLY NJ
526 PM EDT SAT JUN 25 2016


...................................

...THE ALLENTOWN PA CLIMATE SUMMARY FOR JUNE 25 2016...
VALID TODAY AS OF 0500 PM LOCAL TIME.

CLIMATE NORMAL PERIOD 1981 TO 2010
CLIMATE RECORD PERIOD 1922 TO 2016


WEATHER ITEM   OBSERVED TIME   RECORD YEAR NORMAL DEPARTURE LAST
                VALUE   (LST)  VALUE       VALUE  FROM      YEAR
                                                  NORMAL
..................................................................
TEMPERATURE (F)
 TODAY
  MAXIMUM         88    337 PM  98    1923  83      5       81
  MINIMUM         60    518 AM  46    1979  61     -1       57
  AVERAGE         74                        72      2       69

PRECIPITATION (IN)
  TODAY            0.00          0.98 2014   0.14  -0.14      T
  MONTH TO DATE    1.37                      3.57  -2.20     6.04
  SINCE JUN 1      1.37                      3.57  -2.20     6.04
  SINCE JAN 1     17.20                     20.39  -3.19    17.65

SNOWFALL (IN)
  TODAY            0.0           0.0  2002   0.0    0.0      0.0
                                      2001
  MONTH TO DATE    0.0                       0.0    0.0      0.0
  SINCE JUN 1      0.0                       0.0    0.0      0.0
  SINCE JUL 1     36.2                      32.9    3.3     50.1
  SNOW DEPTH       0

DEGREE DAYS
 HEATING
  TODAY            0                         0      0        0
  MONTH TO DATE    9                        32    -23       21
  SINCE JUN 1      9                        32    -23       21
  SINCE JUL 1   4665                      5800  -1135     5949

 COOLING
  TODAY            9                         7      2        4
  MONTH TO DATE  157                       119     38      181
  SINCE JUN 1    157                       119     38      181
  SINCE JAN 1    244                       164     80      314
..................................................................


WIND (MPH)
  HIGHEST WIND SPEED     9   HIGHEST WIND DIRECTION    NE (50)
  HIGHEST GUST SPEED    15   HIGHEST GUST DIRECTION    NE (40)
  AVERAGE WIND SPEED     3.8


SKY COVER
  POSSIBLE SUNSHINE  MM
  AVERAGE SKY COVER 0.1


WEATHER CONDITIONS
 THE FOLLOWING WEATHER WAS RECORDED TODAY.
  FOG
  HAZE


RELATIVE HUMIDITY (PERCENT)
 HIGHEST    90           200 AM
 LOWEST     29           300 PM
 AVERAGE    60

..........................................................


THE ALLENTOWN PA CLIMATE NORMALS FOR TOMORROW
                         NORMAL    RECORD    YEAR
 MAXIMUM TEMPERATURE (F)   83        99      1952
 MINIMUM TEMPERATURE (F)   61        49      1965


SUNRISE AND SUNSET
JUNE 25 2016..........SUNRISE   532 AM EDT   SUNSET   837 PM EDT
JUNE 26 2016..........SUNRISE   533 AM EDT   SUNSET   837 PM EDT


-  INDICATES NEGATIVE NUMBERS.
R  INDICATES RECORD WAS SET OR TIED.
MM INDICATES DATA IS MISSING.
T  INDICATES TRACE AMOUNT.




$$
