000
CDUS41 KPHI 250642
CLIABE


CLIMATE REPORT
NATIONAL WEATHER SERVICE MOUNT HOLLY NJ
237 AM EDT SAT OCT 25 2014


...................................

...THE ALLENTOWN PA CLIMATE SUMMARY FOR OCTOBER 24 2014...

CLIMATE NORMAL PERIOD 1981 TO 2010
CLIMATE RECORD PERIOD 1922 TO 2014


WEATHER ITEM   OBSERVED TIME   RECORD YEAR NORMAL DEPARTURE LAST
                VALUE   (LST)  VALUE       VALUE  FROM      YEAR
                                                  NORMAL
..................................................................
TEMPERATURE (F)
 YESTERDAY
  MAXIMUM         69    304 PM  81    2001  61      8       53
  MINIMUM         46   1134 PM  22    1969  39      7       30
  AVERAGE         58                        50      8       42

PRECIPITATION (IN)
  YESTERDAY        0.00          2.92 1923   0.11  -0.11      T
  MONTH TO DATE    2.39                      3.13  -0.74     2.37
  SINCE SEP 1      3.92                      7.75  -3.83     4.45
  SINCE JAN 1     37.91                     37.52   0.39    39.29

SNOWFALL (IN)
  YESTERDAY        0.0           T    1962   0.0    0.0      0.0
  MONTH TO DATE    0.0                       0.0    0.0      0.0
  SINCE SEP 1      0.0                       0.0    0.0      0.0
  SINCE JUL 1      0.0                       0.0    0.0      0.0
  SNOW DEPTH       0

DEGREE DAYS
 HEATING
  YESTERDAY        7                        15     -8       23
  MONTH TO DATE  195                       281    -86      179
  SINCE SEP 1    270                       385   -115      299
  SINCE JUL 1    274                       396   -122      303

 COOLING
  YESTERDAY        0                         0      0        0
  MONTH TO DATE   12                         3      9       24
  SINCE SEP 1    120                        74     46      102
  SINCE JAN 1    807                       753     54      927
..................................................................


WIND (MPH)
  HIGHEST WIND SPEED    23   HIGHEST WIND DIRECTION     N (340)
  HIGHEST GUST SPEED    33   HIGHEST GUST DIRECTION     N (350)
  AVERAGE WIND SPEED    11.7


SKY COVER
  POSSIBLE SUNSHINE  MM
  AVERAGE SKY COVER 0.4


WEATHER CONDITIONS
 THE FOLLOWING WEATHER WAS RECORDED YESTERDAY.
  NO SIGNIFICANT WEATHER WAS OBSERVED.


RELATIVE HUMIDITY (PERCENT)
 HIGHEST    71           100 AM
 LOWEST     39           200 PM
 AVERAGE    55

..........................................................


THE ALLENTOWN PA CLIMATE NORMALS FOR TODAY
                         NORMAL    RECORD    YEAR
 MAXIMUM TEMPERATURE (F)   61        78      1963
 MINIMUM TEMPERATURE (F)   38        26      1962


SUNRISE AND SUNSET
OCTOBER 25 2014.......SUNRISE   724 AM EDT   SUNSET   607 PM EDT
OCTOBER 26 2014.......SUNRISE   725 AM EDT   SUNSET   606 PM EDT


-  INDICATES NEGATIVE NUMBERS.
R  INDICATES RECORD WAS SET OR TIED.
MM INDICATES DATA IS MISSING.
T  INDICATES TRACE AMOUNT.




$$
