000
CDUS41 KPHI 160629
CLIABE


CLIMATE REPORT
NATIONAL WEATHER SERVICE MOUNT HOLLY NJ
129 AM EST MON JAN 16 2017


...................................

...THE ALLENTOWN PA CLIMATE SUMMARY FOR JANUARY 15 2017...

CLIMATE NORMAL PERIOD 1981 TO 2010
CLIMATE RECORD PERIOD 1922 TO 2017


WEATHER ITEM   OBSERVED TIME   RECORD YEAR NORMAL DEPARTURE LAST
                VALUE   (LST)  VALUE       VALUE  FROM      YEAR
                                                  NORMAL
..................................................................
TEMPERATURE (F)
 YESTERDAY
  MAXIMUM         37    320 PM  68    1995  36      1       45
  MINIMUM         18   1015 PM  -6    1948  19     -1       23
  AVERAGE         28                        27      1       34

PRECIPITATION (IN)
  YESTERDAY        0.00          1.15 1940   0.10  -0.10     0.17
  MONTH TO DATE    1.82                      1.44   0.38     1.26
  SINCE DEC 1      4.25                      5.02  -0.77     5.46
  SINCE JAN 1      1.82                      1.44   0.38     1.26

SNOWFALL (IN)
  YESTERDAY        0.0           8.1  1983   0.4   -0.4      0.0
  MONTH TO DATE    2.1                       4.6   -2.5      0.3
  SINCE DEC 1      2.8                       9.8   -7.0      0.3
  SINCE JUL 1      2.8                      10.5   -7.7      0.3
  SNOW DEPTH       1

DEGREE DAYS
 HEATING
  YESTERDAY       37                        38     -1       31
  MONTH TO DATE  494                       558    -64      507
  SINCE DEC 1   1444                      1573   -129     1093
  SINCE JUL 1   2349                      2753   -404     1975

 COOLING
  YESTERDAY        0                         0      0        0
  MONTH TO DATE    0                         0      0        0
  SINCE DEC 1      0                         0      0        0
  SINCE JAN 1      0                         0      0        0
..................................................................


WIND (MPH)
  HIGHEST WIND SPEED    13   HIGHEST WIND DIRECTION    NW (320)
  HIGHEST GUST SPEED    16   HIGHEST GUST DIRECTION    NW (320)
  AVERAGE WIND SPEED     4.5


SKY COVER
  POSSIBLE SUNSHINE  MM
  AVERAGE SKY COVER 0.2


WEATHER CONDITIONS
 THE FOLLOWING WEATHER WAS RECORDED YESTERDAY.
  FOG
  FOG W/VISIBILITY <= 1/4 MILE
  HAZE


RELATIVE HUMIDITY (PERCENT)
 HIGHEST    92           100 AM
 LOWEST     52           100 PM
 AVERAGE    72

..........................................................


THE ALLENTOWN PA CLIMATE NORMALS FOR TODAY
                         NORMAL    RECORD    YEAR
 MAXIMUM TEMPERATURE (F)   36        62      1995
 MINIMUM TEMPERATURE (F)   19         0      2004
                                             1994


SUNRISE AND SUNSET
JANUARY 16 2017.......SUNRISE   723 AM EST   SUNSET   501 PM EST
JANUARY 17 2017.......SUNRISE   722 AM EST   SUNSET   502 PM EST


-  INDICATES NEGATIVE NUMBERS.
R  INDICATES RECORD WAS SET OR TIED.
MM INDICATES DATA IS MISSING.
T  INDICATES TRACE AMOUNT.




$$
