000
CDUS41 KPHI 310633
CLIABE


CLIMATE REPORT
NATIONAL WEATHER SERVICE MOUNT HOLLY NJ
232 AM EDT MON AUG 31 2015


...................................

...THE ALLENTOWN PA CLIMATE SUMMARY FOR AUGUST 30 2015...

CLIMATE NORMAL PERIOD 1981 TO 2010
CLIMATE RECORD PERIOD 1922 TO 2015


WEATHER ITEM   OBSERVED TIME   RECORD YEAR NORMAL DEPARTURE LAST
                VALUE   (LST)  VALUE       VALUE  FROM      YEAR
                                                  NORMAL
..................................................................
TEMPERATURE (F)
 YESTERDAY
  MAXIMUM         89    231 PM  97    1953  80      9       78
  MINIMUM         60    549 AM  41    1986  59      1       55
                                      1934
  AVERAGE         75                        69      6       67

PRECIPITATION (IN)
  YESTERDAY        0.00          1.30 1954   0.10  -0.10     0.00
  MONTH TO DATE    2.56                      3.58  -1.02     1.85
  SINCE JUN 1     15.58                     12.84   2.74    11.57
  SINCE JAN 1     27.19                     29.66  -2.47    33.87

SNOWFALL (IN)
  YESTERDAY        0.0           0.0  2002   0.0    0.0      0.0
                                      2001
  MONTH TO DATE    0.0                       0.0    0.0      0.0
  SINCE JUN 1      0.0                       0.0    0.0      0.0
  SINCE JUL 1      0.0                       0.0    0.0      0.0
  SNOW DEPTH       0

DEGREE DAYS
 HEATING
  YESTERDAY        0                         1     -1        0
  MONTH TO DATE    0                         3     -3        4
  SINCE JUN 1     21                        39    -18        8
  SINCE JUL 1      0                         6     -6        4

 COOLING
  YESTERDAY       10                         5      5        2
  MONTH TO DATE  234                       209     25      172
  SINCE JUN 1    740                       629    111      633
  SINCE JAN 1    873                       674    199      672
..................................................................


WIND (MPH)
  HIGHEST WIND SPEED    16   HIGHEST WIND DIRECTION    SW (210)
  HIGHEST GUST SPEED    20   HIGHEST GUST DIRECTION    SW (210)
  AVERAGE WIND SPEED     2.7


SKY COVER
  POSSIBLE SUNSHINE  MM
  AVERAGE SKY COVER 0.1


WEATHER CONDITIONS
 THE FOLLOWING WEATHER WAS RECORDED YESTERDAY.
  FOG
  HAZE


RELATIVE HUMIDITY (PERCENT)
 HIGHEST    93           100 AM
 LOWEST     43           300 PM
 AVERAGE    68

..........................................................


THE ALLENTOWN PA CLIMATE NORMALS FOR TODAY
                         NORMAL    RECORD    YEAR
 MAXIMUM TEMPERATURE (F)   80        99      1953
 MINIMUM TEMPERATURE (F)   58        41      1934


SUNRISE AND SUNSET
AUGUST 31 2015........SUNRISE   628 AM EDT   SUNSET   736 PM EDT
SEPTEMBER  1 2015.....SUNRISE   629 AM EDT   SUNSET   734 PM EDT


-  INDICATES NEGATIVE NUMBERS.
R  INDICATES RECORD WAS SET OR TIED.
MM INDICATES DATA IS MISSING.
T  INDICATES TRACE AMOUNT.




$$
