000
CXUS54 KSJT 011000
CF6ABI
PRELIMINARY LOCAL CLIMATOLOGICAL DATA (WS FORM: F-6)
STATION: ABILENE
MONTH: APRIL
YEAR: 2021
LATITUDE: 32 25 N
LONGITUDE: 99 41 W
TEMPERATURE IN F: :PCPN: SNOW: WIND :SUNSHINE: SKY :PK WND
================================================================================
1 2 3 4 5 6A 6B 7 8 9 10 11 12 13 14 15 16 17 18
12Z AVG MX 2MIN
DY MAX MIN AVG DEP HDD CDD WTR SNW DPTH SPD SPD DIR MIN PSBL S-S WX SPD DR
================================================================================
1 69 38 54 -7 11 0 0.00 0.0 0 7.4 16 170 M M 0 21 180
2 70 42 56 -5 9 0 0.00 0.0 0 15.5 26 160 M M 2 36 170
3 69 51 60 -1 5 0 0.00 0.0 0 13.9 21 170 M M 5 33 170
4 68 55 62 0 3 0 0.00 0.0 0 10.0 16 180 M M 9 22 180
5 81 53 67 5 0 2 0.00 0.0 0 14.6 26 200 M M 1 35 190
6 91 63 77 15 0 12 0.00 0.0 0 21.5 32 180 M M 0 44 180
7 78 54 66 4 0 1 0.00 0.0 0 13.6 26 350 M M 0 34 350
8 90 45 68 6 0 3 0.00 0.0 0 8.3 18 280 M M 0 25 200
9 93 59 76 13 0 11 0.00 0.0 0 16.0 30 350 M M 0 40 330
10 74 43 59 -4 6 0 0.00 0.0 0 9.3 23 10 M M 0 31 360
11 93 49 71 8 0 6 0.00 0.0 0 13.6 25 200 M M 0 38 180
12 72 54 63 -1 2 0 0.04 0.0 0 12.4 21 350 M M 1 3 28 350
13 66 53 60 -4 5 0 T 0.0 0 10.4 16 10 M M 9 23 10
14 63 50 57 -7 8 0 0.26 0.0 0 10.5 18 350 M M 9 13 24 350
15 59 51 55 -9 10 0 0.26 0.0 0 9.1 20 120 M M 10 13 23 110
16 57 48 53 -12 12 0 0.03 0.0 0 14.3 25 350 M M 9 1 34 360
17 53 44 49 -16 16 0 0.00 0.0 0 12.5 21 340 M M 7 28 360
18 67 39 53 -12 12 0 0.00 0.0 0 6.8 18 340 M M 1 26 350
19 74 42 58 -8 7 0 0.00 0.0 0 9.0 16 210 M M 0 22 200
20 57 39 48 -18 17 0 0.00 0.0 0 13.8 29 350 M M 2 42 360
21 55 32 44 -22 21 0 0.00 0.0 0 8.4 17 120 M M 7 25 110
22 57 49 53 -13 12 0 0.00 0.0 0 13.0 21 150 M M 10 26 160
23 86 57 72 5 0 7 0.00 0.0 0 13.3 23 260 M M 5 13 33 260
24 77 53 65 -2 0 0 0.00 0.0 0 11.1 21 340 M M 0 29 310
25 93 52 73 6 0 8 0.00 0.0 0 16.7 32 190 M M 0 1 45 200
26 92 67 80 12 0 15 0.00 0.0 0 19.1 31 180 M M 0 43 180
27 93 70 82 14 0 17 T 0.0 0 17.7 35 160 M M 2 8 45 140
28 74 63 69 1 0 4 3.29 0.0 0 8.2 28 350 M M 10 13 35 350
29 65 57 61 -7 4 0 0.48 0.0 0 13.4 24 350 M M 10 18 32 360
30 72 58 65 -4 0 0 0.52 M M 9.2 18 70 M M 10 13 25 70
================================================================================
SM 2208 1530 160 86 4.88 0.0 372.6 M 119
================================================================================
AV 73.6 51.0 12.4 FASTST M M 4 MAX(MPH)
MISC ----> 35 160 # 45 200
================================================================================
NOTES:
# LAST OF SEVERAL OCCURRENCES
COLUMN 17 PEAK WIND IN M.P.H.
PRELIMINARY LOCAL CLIMATOLOGICAL DATA (WS FORM: F-6) , PAGE 2
STATION: ABILENE
MONTH: APRIL
YEAR: 2021
LATITUDE: 32 25 N
LONGITUDE: 99 41 W
[TEMPERATURE DATA] [PRECIPITATION DATA] SYMBOLS USED IN COLUMN 16
AVERAGE MONTHLY: 62.3 TOTAL FOR MONTH: 4.88 1 = FOG OR MIST
DPTR FM NORMAL: -2.3 DPTR FM NORMAL: 3.24 2 = FOG REDUCING VISIBILITY
HIGHEST: 93 ON 27,25 GRTST 24HR 3.34 ON 28-29 TO 1/4 MILE OR LESS
LOWEST: 32 ON 21 3 = THUNDER
SNOW, ICE PELLETS, HAIL 4 = ICE PELLETS
TOTAL MONTH: 0.0 INCH 5 = HAIL
GRTST 24HR 0.0 6 = FREEZING RAIN OR DRIZZLE
GRTST DEPTH: 0 7 = DUSTSTORM OR SANDSTORM:
VSBY 1/2 MILE OR LESS
8 = SMOKE OR HAZE
[NO. OF DAYS WITH] [WEATHER - DAYS WITH] 9 = BLOWING SNOW
X = TORNADO
MAX 32 OR BELOW: 0 0.01 INCH OR MORE: 7
MAX 90 OR ABOVE: 7 0.10 INCH OR MORE: 5
MIN 32 OR BELOW: 1 0.50 INCH OR MORE: 2
MIN 0 OR BELOW: 0 1.00 INCH OR MORE: 1
[HDD (BASE 65) ]
TOTAL THIS MO. 160 CLEAR (SCALE 0-3) 17
DPTR FM NORMAL 49 PTCLDY (SCALE 4-7) 4
TOTAL FM JUL 1 2512 CLOUDY (SCALE 8-10) 9
DPTR FM NORMAL -32
[CDD (BASE 65) ]
TOTAL THIS MO. 86
DPTR FM NORMAL -13 [PRESSURE DATA]
TOTAL FM JAN 1 114 HIGHEST SLP 30.53 ON 1
DPTR FM NORMAL -19 LOWEST SLP 29.47 ON 9
[REMARKS]
#FINAL-04-21#