000
CXUS54 KSJT 012012
CLMABI
CLIMATE REPORT
NATIONAL WEATHER SERVICE SAN ANGELO TX
212 PM CST MON JAN 01 2024
...................................
...THE ABILENE CLIMATE SUMMARY FOR THE MONTH OF DECEMBER 2023...
CLIMATE NORMAL PERIOD: 1991 TO 2020
CLIMATE RECORD PERIOD: 1886 TO 2023
WEATHER OBSERVED NORMAL DEPART LAST YEAR`S
VALUE DATE(S) VALUE FROM VALUE DATE(S)
NORMAL
................................................................
TEMPERATURE (F)
RECORD
HIGH 90 12/26/2021
LOW -7 12/23/1989
HIGHEST 80 12/08 MM MM 79 12/05
LOWEST 24 12/10 MM MM 10 12/22
12/23
AVG. MAXIMUM 64.2 59.4 4.8 59.5
AVG. MINIMUM 39.5 35.2 4.3 38.3
MEAN 51.9 47.3 4.6 48.9
DAYS MAX >= 90 0 0.0 0.0 0
DAYS MAX <= 32 0 0.6 -0.6 1
DAYS MIN <= 32 8 13.0 -5.0 10
DAYS MIN <= 0 0 0.0 0.0 0
PRECIPITATION (INCHES)
RECORD
MAXIMUM 6.69 1926
MINIMUM 0.00 1908
TOTALS 1.44 1.26 0.18 0.47
DAILY AVG. 0.05 0.04 0.01 0.02
DAYS >= .01 7 4.8 2.2 4
DAYS >= .10 6 2.6 3.4 2
DAYS >= .50 1 0.9 0.1 0
DAYS >= 1.00 0 0.2 -0.2 0
GREATEST
24 HR. TOTAL 0.87 12/14 TO 12/15
SNOWFALL (INCHES)
RECORDS
TOTAL MM 2022
TOTALS 0.0 0.9 -0.9 T
SINCE 7/1 0.0 1.6 -1.6 MM
SNOWDEPTH AVG. 0 0
DAYS >= 1.0 0 0.3 -0.3 0
GREATEST
SNOW DEPTH 0 0 MM
24 HR TOTAL MM
DEGREE DAYS
HEATING TOTAL 405 551 -146 498
SINCE 7/1 770 949 -179 MM
COOLING TOTAL 4 3 1 6
SINCE 1/1 3331 2697 634 MM
................................................................
WIND (MPH)
AVERAGE WIND SPEED 9.6
HIGHEST WIND SPEED/DIRECTION 33/320 DATE 12/15
HIGHEST GUST SPEED/DIRECTION 47/120 DATE 12/13
SKY COVER
AVERAGE SKY COVER 0.20
AVERAGE RH (PERCENT) 59
WEATHER CONDITIONS. NUMBER OF DAYS WITH
THUNDERSTORM 0 MIXED PRECIP 0
HEAVY RAIN 2 RAIN 2
LIGHT RAIN 6 FREEZING RAIN 0
LT FREEZING RAIN 0 HAIL 0
HEAVY SNOW 0 SNOW 0
LIGHT SNOW 0 SLEET 0
FOG 7 FOG W/VIS <= 1/4 MILE 1
HAZE 0
- INDICATES NEGATIVE NUMBERS.
R INDICATES RECORD WAS SET OR TIED.
MM INDICATES DATA IS MISSING.
T INDICATES TRACE AMOUNT.
$$