000
CXUS56 KEKA 060423
CF6ACV
PRELIMINARY LOCAL CLIMATOLOGICAL DATA (WS FORM: F-6)
STATION: ARCATA CA
MONTH: JULY
YEAR: 2023
LATITUDE: 40 58 N
LONGITUDE: 124 6 W
TEMPERATURE IN F: :PCPN: SNOW: WIND :SUNSHINE: SKY :PK WND
================================================================================
1 2 3 4 5 6A 6B 7 8 9 10 11 12 13 14 15 16 17 18
12Z AVG MX 2MIN
DY MAX MIN AVG DEP HDD CDD WTR SNW DPTH SPD SPD DIR MIN PSBL S-S WX SPD DR
================================================================================
1 65 53 59 3 6 0 0.00 M M 3.8 10 300 M M 5 128 14 260
2 67 50 59 3 6 0 0.00 M M 4.4 10 300 M M 1 18 14 310
3 64 48 56 -1 9 0 0.00 M M 4.0 9 290 M M 3 128 14 320
4 61 53 57 0 8 0 0.00 M M 5.5 13 210 M M 9 18 16 210
5 60 52 56 -1 9 0 0.00 M M 4.2 9 250 M M 10 18 14 250
6 63 54 59 2 6 0 T M M 4.5 13 300 M M 10 18 17 330
7 63 55 59 2 6 0 T M M 6.8 16 310 M M 10 1 20 300
8 63 55 59 2 6 0 0.01 M M 8.3 17 310 M M 9 1 22 310
9 64 50 57 0 8 0 T M M 5.8 16 310 M M 6 1 21 310
10 64 53 59 2 6 0 0.00 M M 7.4 21 320 M M 7 28 310
11 63 57 60 3 5 0 0.00 M M 5.9 14 320 M M 8 18 19 330
12 63 55 59 2 6 0 0.00 M M 4.9 14 310 M M 10 1 19 270
13 64 54 59 2 6 0 0.00 M M 3.9 10 290 M M 9 28 15 300
14 65 56 61 4 4 0 0.00 M M 4.2 12 310 M M 6 28 15 290
15 62 56 59 2 6 0 0.00 M M 4.7 10 170 M M 10 128 16 290
16 66 55 61 4 4 0 0.00 M M 5.7 14 310 M M 7 12 20 320
17 71 53 62 4 3 0 0.00 M M 7.7 25 310 M M 5 12 33 310
18 64 57 61 3 4 0 0.00 M M 5.6 10 300 M M 8 1 15 300
19 64 56 60 2 5 0 0.00 M M 6.5 17 310 M M 9 1 24 320
20 66 54 60 2 5 0 T M M 7.4 20 310 M M 6 1 28 320
21 65 55 60 2 5 0 0.00 M M 5.3 16 320 M M 7 128 20 320
22 65 55 60 2 5 0 0.00 M M 5.2 13 310 M M 7 18 18 300
23 66 53 60 2 5 0 0.00 M M 6.2 21 310 M M 5 12 27 320
24 66 52 59 1 6 0 0.00 M M 3.9 12 290 M M 5 128 15 320
25 71 52 62 4 3 0 T M M 8.3 22 320 M M 2 128 30 310
26 66 52 59 1 6 0 0.00 M M 5.7 15 290 M M 5 18 21 300
27 65 51 58 0 7 0 0.00 M M 6.8 21 320 M M 4 28 320
28 66 52 59 1 6 0 0.00 M M 7.7 18 310 M M 5 24 310
29 66 57 62 4 3 0 0.00 M M 6.3 18 330 M M 6 28 310
30 66 57 62 4 3 0 0.00 M M 7.4 21 310 M M 5 29 310
31 65 54 60 2 5 0 0.00 M M 5.9 20 320 M M 6 18 26 310
================================================================================
SM 2009 1666 172 0 0.01 M 179.9 M 205
================================================================================
AV 64.8 53.7 5.8 FASTST M M 7 MAX(MPH)
MISC ----> 25 310 33 310
================================================================================
NOTES:
# LAST OF SEVERAL OCCURRENCES
COLUMN 17 PEAK WIND IN M.P.H.
PRELIMINARY LOCAL CLIMATOLOGICAL DATA (WS FORM: F-6) , PAGE 2
STATION: ARCATA CA
MONTH: JULY
YEAR: 2023
LATITUDE: 40 58 N
LONGITUDE: 124 6 W
[TEMPERATURE DATA] [PRECIPITATION DATA] SYMBOLS USED IN COLUMN 16
AVERAGE MONTHLY: 59.3 TOTAL FOR MONTH: 0.01 1 = FOG OR MIST
DPTR FM NORMAL: 1.9 DPTR FM NORMAL: -0.18 2 = FOG REDUCING VISIBILITY
HIGHEST: 71 ON 25,17 GRTST 24HR 0.01 ON 7- 8 TO 1/4 MILE OR LESS
LOWEST: 48 ON 3 3 = THUNDER
SNOW, ICE PELLETS, HAIL 4 = ICE PELLETS
TOTAL MONTH: M 5 = HAIL
GRTST 24HR M ON M 6 = FREEZING RAIN OR DRIZZLE
GRTST DEPTH: M ON M 7 = DUSTSTORM OR SANDSTORM:
VSBY 1/2 MILE OR LESS
8 = SMOKE OR HAZE
[NO. OF DAYS WITH] [WEATHER - DAYS WITH] 9 = BLOWING SNOW
X = TORNADO
MAX 32 OR BELOW: 0 0.01 INCH OR MORE: 1
MAX 90 OR ABOVE: 0 0.10 INCH OR MORE: 0
MIN 32 OR BELOW: 0 0.50 INCH OR MORE: 0
MIN 0 OR BELOW: 0 1.00 INCH OR MORE: 0
[HDD (BASE 65) ]
TOTAL THIS MO. 172 CLEAR (SCALE 0-3) 3
DPTR FM NORMAL -65 PTCLDY (SCALE 4-7) 19
TOTAL FM JUL 1 172 CLOUDY (SCALE 8-10) 9
DPTR FM NORMAL -63
[CDD (BASE 65) ]
TOTAL THIS MO. 0
DPTR FM NORMAL 0 [PRESSURE DATA]
TOTAL FM JAN 1 0 HIGHEST SLP 30.18 ON 20
DPTR FM NORMAL 0 LOWEST SLP 29.89 ON 3
[REMARKS]
#FINAL-07-23#