000
CXUS51 KPHI 011102
CLMACY


CLIMATE REPORT
NATIONAL WEATHER SERVICE MOUNT HOLLY NJ
702 AM EDT WED JUN 1 2016

...................................

...THE ATLANTIC CITY CLIMATE SUMMARY FOR THE MONTH OF MAY 2016...

CLIMATE NORMAL PERIOD 1981 TO 2010
CLIMATE RECORD PERIOD 1874 TO 2016

WEATHER         OBSERVED          NORMAL  DEPART  LAST YEAR`S
                 VALUE   DATE(S)  VALUE   FROM    VALUE  DATE(S)
                                          NORMAL
................................................................
TEMPERATURE (F)
RECORD
 HIGH              99   05/29/1969
 LOW               25   05/11/1966
HIGHEST            92   05/26        88       4       89  05/12
LOWEST             41   05/16        35       6       41  05/02
AVG. MAXIMUM     68.9              71.3    -2.4     77.5
AVG. MINIMUM     52.1              51.0     1.1     55.6
MEAN             60.5              61.1    -0.6     66.5
DAYS MAX >= 90      1               0.8     0.2        0
DAYS MAX <= 32      0               0.0     0.0        0
DAYS MIN <= 32      0               0.1    -0.1        0
DAYS MIN <= 0       0               0.0     0.0        0

PRECIPITATION (INCHES)
RECORD
 MAXIMUM         8.80   1948
 MINIMUM            T   2013
TOTALS           6.68              3.35    3.33     0.71
DAILY AVG.       0.22              0.11    0.11     0.02
DAYS >= .01        13              10.6     2.4        4
DAYS >= .10        13               6.4     6.6        1
DAYS >= .50         5               2.5     2.5        1
DAYS >= 1.00        2               0.5     1.5        0
GREATEST
 24 HR. TOTAL    1.81   05/30 TO 05/30              0.57
                        05/29 TO 05/30
                        05/30 TO 05/30

SNOWFALL (INCHES)
RECORDS
 TOTAL             MM   5
 24 HR TOTAL       MM
TOTALS            0.0               0.0     0.0      0.0
SINCE 7/1        27.5              16.5    11.0     22.4
SNOWDEPTH AVG.      0                MM      MM        0
DAYS >= 1.0         0               0.0     0.0        0
GREATEST
 SNOW DEPTH         0   MM                             0  MM
 24 HR TOTAL      0.0   05/31 TO 05/31               0.0

DEGREE_DAYS
HEATING TOTAL     194               174      20       80
 SINCE 7/1       4050              4878    -828     5154
COOLING TOTAL      65                55      10      134
 SINCE 1/1         79                64      15      134
.................................................................

WIND (MPH)
AVERAGE WIND SPEED              7.8
HIGHEST WIND SPEED/DIRECTION    32/300    DATE  05/08
HIGHEST GUST SPEED/DIRECTION    43/290    DATE  05/08

SKY COVER
POSSIBLE SUNSHINE (PERCENT)   MM
AVERAGE SKY COVER           0.60
NUMBER OF DAYS FAIR            8
NUMBER OF DAYS PC             12
NUMBER OF DAYS CLOUDY         11

AVERAGE RH (PERCENT)     73

WEATHER CONDITIONS. NUMBER OF DAYS WITH
THUNDERSTORM              0     MIXED PRECIP               0
HEAVY RAIN                7     RAIN                      10
LIGHT RAIN               19     FREEZING RAIN              0
LT FREEZING RAIN          0     HEAVY SNOW                 0
SNOW                      0     LIGHT SNOW                 0
SLEET                     0     FOG                       20
FOG W/VIS <= 1/4 MILE     6     HAZE                       2

-  INDICATES NEGATIVE NUMBERS.
R  INDICATES RECORD WAS SET OR TIED.
MM INDICATES DATA IS MISSING.
T  INDICATES TRACE AMOUNT.

$$
