000
CXUS51 KPHI 011221
CLMACY


CLIMATE REPORT
NATIONAL WEATHER SERVICE MOUNT HOLLY NJ
821 AM EDT MON AUG 1 2016

...................................

...THE ATLANTIC CITY CLIMATE SUMMARY FOR THE MONTH OF JULY 2016...

CLIMATE NORMAL PERIOD 1981 TO 2010
CLIMATE RECORD PERIOD 1874 TO 2016

WEATHER         OBSERVED          NORMAL  DEPART  LAST YEAR`S
                 VALUE   DATE(S)  VALUE   FROM    VALUE  DATE(S)
                                          NORMAL
................................................................
TEMPERATURE (F)
RECORD
 HIGH             105   07/23/2011
                        07/22/2011
 LOW               42   07/01/1988
HIGHEST            95   07/25        96      -1       94  07/20
                        07/23
LOWEST             60   07/11        53       7       58  07/17
AVG. MAXIMUM     86.8              85.5     1.3     84.6
AVG. MINIMUM     69.3              66.9     2.4     68.2
MEAN             78.1              76.2     1.9     76.4
DAYS MAX >= 90     12               7.4     4.6        4
DAYS MAX <= 32      0               0.0     0.0        0
DAYS MIN <= 32      0               0.0     0.0        0
DAYS MIN <= 0       0               0.0     0.0        0

PRECIPITATION (INCHES)
RECORD
 MAXIMUM        15.66   1959
 MINIMUM         0.31   1957
TOTALS           8.83              3.72    5.11     6.59
DAILY AVG.       0.28              0.12    0.16     0.21
DAYS >= .01        13               9.2     3.8       10
DAYS >= .10        10               5.7     4.3        8
DAYS >= .50         6               2.4     3.6        5
DAYS >= 1.00        2               1.1     0.9        1
GREATEST
 24 HR. TOTAL    3.59   07/08 TO 07/09              3.02

SNOWFALL (INCHES)
RECORDS
 TOTAL             MM   5
 24 HR TOTAL       MM
TOTALS            0.0               0.0     0.0      0.0
SINCE 7/1         0.0               0.0     0.0      0.0
SNOWDEPTH AVG.      0                MM      MM        0
DAYS >= 1.0         0               0.0     0.0        0
GREATEST
 SNOW DEPTH         0   MM                             0  MM
 24 HR TOTAL      0.0   07/31 TO 07/31               0.0

DEGREE_DAYS
HEATING TOTAL       0                 0       0        0
 SINCE 7/1          0                 0       0        0
COOLING TOTAL     412               347      65      360
 SINCE 1/1        683               614      69      739
.................................................................

WIND (MPH)
AVERAGE WIND SPEED              43.4
HIGHEST WIND SPEED/DIRECTION    35/340    DATE  07/25
HIGHEST GUST SPEED/DIRECTION    49/320    DATE  07/18

SKY COVER
POSSIBLE SUNSHINE (PERCENT)   MM
AVERAGE SKY COVER           0.30
NUMBER OF DAYS FAIR           20
NUMBER OF DAYS PC              5
NUMBER OF DAYS CLOUDY          1

AVERAGE RH (PERCENT)     72

WEATHER CONDITIONS. NUMBER OF DAYS WITH
THUNDERSTORM              0     MIXED PRECIP               0
HEAVY RAIN               11     RAIN                       7
LIGHT RAIN               16     FREEZING RAIN              0
LT FREEZING RAIN          0     HEAVY SNOW                 0
SNOW                      0     LIGHT SNOW                 0
SLEET                     0     FOG                       16
FOG W/VIS <= 1/4 MILE     2     HAZE                       4

-  INDICATES NEGATIVE NUMBERS.
R  INDICATES RECORD WAS SET OR TIED.
MM INDICATES DATA IS MISSING.
T  INDICATES TRACE AMOUNT.

$$
