000
CXAK56 PAFC 021015
CF6ADQ
PRELIMINARY LOCAL CLIMATOLOGICAL DATA (WS FORM: F-6)
STATION: KODIAK
MONTH: JUNE
YEAR: 2022
LATITUDE: 57 45 N
LONGITUDE: 152 31 W
TEMPERATURE IN F: :PCPN: SNOW: WIND :SUNSHINE: SKY :PK WND
================================================================================
1 2 3 4 5 6A 6B 7 8 9 10 11 12 13 14 15 16 17 18
12Z AVG MX 2MIN
DY MAX MIN AVG DEP HDD CDD WTR SNW DPTH SPD SPD DIR MIN PSBL S-S WX SPD DR
================================================================================
1 57 46 52 4 13 0 0.00 M M 4.1 9 130 M M 9 13 130
2 76 50 63 14 2 0 0.00 M M 6.7 14 110 M M 4 18 290
3 72 42 57 8 8 0 0.00 M M 4.9 9 270 M M 0 10 270
4 77 49 63 14 2 0 0.00 M M 6.2 13 300 M M 0 17 340
5 65 50 58 9 7 0 0.00 M M 7.6 17 60 M M 2 20 60
6 56 48 52 3 13 0 0.00 M M 8.0 15 50 M M 8 20 90
7 57 49 53 3 12 0 0.01 M M 7.4 18 40 M M 10 18 22 40
8 63 47 55 5 10 0 0.00 M M 7.5 13 110 M M 6 16 300
9 61 43 52 2 13 0 0.00 M M 7.6 16 60 M M 6 23 30
10 64 45 55 5 10 0 0.03 M M 5.8 15 30 M M 7 18 30
11 61 49 55 5 10 0 0.01 M M 7.5 13 40 M M 6 1 17 30
12 68 45 57 6 8 0 0.00 M M 6.9 14 190 M M 0 8 17 210
13 52 49 51 0 14 0 0.22 M M 9.6 15 180 M M 9 18 19 30
14 52 49 51 0 14 0 0.86 M M 11.2 20 40 M M 10 18 23 40
15 59 44 52 1 13 0 0.08 M M 7.0 14 70 M M 7 1 17 70
16 60 43 52 0 13 0 0.00 M M 6.2 14 180 M M 8 1 18 360
17 55 48 52 0 13 0 0.28 M M 8.5 15 100 M M 9 1 18 110
18 56 50 53 1 12 0 0.08 M M 7.5 16 140 M M 10 18 20 140
19 53 49 51 -1 14 0 0.03 M M 7.5 14 80 M M 10 1 17 80
20 59 48 54 2 11 0 0.01 M M 6.5 17 280 M M 7 21 300
21 75 52 64 12 1 0 0.00 M M 13.5 26 290 M M 1 32 290
22 68 56 62 9 3 0 0.00 M M 6.1 15 310 M M 0 8 19 300
23 68 53 61 8 4 0 0.00 M M 5.3 12 80 M M 0 8 13 80
24 57 48 53 0 12 0 0.00 M M 5.7 10 70 M M 8 128 17 120
25 68 53 61 8 4 0 0.00 M M 5.3 15 190 M M 6 1 20 200
26 62 52 57 3 8 0 0.00 M M 11.1 21 140 M M 0 25 140
27 66 47 57 3 8 0 0.00 M M 5.5 13 80 M M 2 15 100
28 74 50 62 8 3 0 0.00 M M 6.0 12 290 M M 0 17 340
29 70 52 61 7 4 0 0.00 M M 5.3 12 40 M M 0 13 40
30 61 50 56 2 9 0 0.00 M M 9.1 17 90 M M 7 18 21 100
================================================================================
SM 1892 1456 268 0 1.61 M 217.1 M 152
================================================================================
AV 63.1 48.5 7.2 FASTST M M 5 MAX(MPH)
MISC ----> 26 290 32 290
================================================================================
NOTES:
# LAST OF SEVERAL OCCURRENCES
COLUMN 17 PEAK WIND IN M.P.H.
PRELIMINARY LOCAL CLIMATOLOGICAL DATA (WS FORM: F-6) , PAGE 2
STATION: KODIAK
MONTH: JUNE
YEAR: 2022
LATITUDE: 57 45 N
LONGITUDE: 152 31 W
[TEMPERATURE DATA] [PRECIPITATION DATA] SYMBOLS USED IN COLUMN 16
AVERAGE MONTHLY: 55.8 TOTAL FOR MONTH: 1.61 1 = FOG OR MIST
DPTR FM NORMAL: 4.4 DPTR FM NORMAL: -3.56 2 = FOG REDUCING VISIBILITY
HIGHEST: 77 ON 4 GRTST 24HR 0.90 ON 13-14 TO 1/4 MILE OR LESS
LOWEST: 42 ON 3 3 = THUNDER
SNOW, ICE PELLETS, HAIL 4 = ICE PELLETS
TOTAL MONTH: M 5 = HAIL
GRTST 24HR M ON M 6 = FREEZING RAIN OR DRIZZLE
GRTST DEPTH: M ON M 7 = DUSTSTORM OR SANDSTORM:
VSBY 1/2 MILE OR LESS
8 = SMOKE OR HAZE
[NO. OF DAYS WITH] [WEATHER - DAYS WITH] 9 = BLOWING SNOW
X = TORNADO
MAX 32 OR BELOW: 0 0.01 INCH OR MORE: 10
MAX 90 OR ABOVE: 0 0.10 INCH OR MORE: 3
MIN 32 OR BELOW: 0 0.50 INCH OR MORE: 1
MIN 0 OR BELOW: 0 1.00 INCH OR MORE: 0
[HDD (BASE 65) ]
TOTAL THIS MO. 268 CLEAR (SCALE 0-3) 11
DPTR FM NORMAL -142 PTCLDY (SCALE 4-7) 12
TOTAL FM JUL 1 6711 CLOUDY (SCALE 8-10) 7
DPTR FM NORMAL -1605
[CDD (BASE 65) ]
TOTAL THIS MO. 0
DPTR FM NORMAL -1 [PRESSURE DATA]
TOTAL FM JAN 1 0 HIGHEST SLP 30.39 ON 24
DPTR FM NORMAL -1 LOWEST SLP 29.40 ON 10
[REMARKS]
#FINAL-06-22#