981
CXUS54 KFWD 010730
CF6AFW
PRELIMINARY LOCAL CLIMATOLOGICAL DATA (WS FORM: F-6)
STATION: FORT WORTH ALLIANCE
MONTH: APRIL
YEAR: 2020
LATITUDE: 32 58 N
LONGITUDE: 97 19 W
TEMPERATURE IN F: :PCPN: SNOW: WIND :SUNSHINE: SKY :PK WND
================================================================================
1 2 3 4 5 6A 6B 7 8 9 10 11 12 13 14 15 16 17 18
12Z AVG MX 2MIN
DY MAX MIN AVG DEP HDD CDD WTR SNW DPTH SPD SPD DIR MIN PSBL S-S WX SPD DR
================================================================================
1 71 50 61 0 4 0 0.00 0.0 0 12.0 23 170 M M 7 29 160
2 68 59 64 3 1 0 0.01 0.0 0 16.8 28 150 M M 9 34 160
3 66 40 53 -8 12 0 0.15 0.0 0 14.5 26 330 M M 10 18 31 320
4 47 40 44 -18 21 0 0.21 0.0 0 8.2 17 340 M M 10 13 21 330
5 83 46 65 3 0 0 0.00 0.0 0 5.8 12 160 M M 10 128 14 100
6 71 59 65 3 0 0 T 0.0 0 8.5 21 180 M M 10 18 26 180
7 87 66 77 15 0 12 T 0.0 0 9.8 16 220 M M 8 1 21 220
8 94 72 83 21 0 18 0.00 0.0 0 10.0 20 240 M M 6 8 27 240
9 78 60 69 6 0 4 0.00 0.0 0 9.6 18 40 M M 8 8 26 40
10 74 52 63 0 2 0 0.00 0.0 0 8.6 15 70 M M 4 25 120
11 70 58 64 1 1 0 0.08 0.0 0 13.0 23 180 M M 8 13 29 180
12 81 43 62 -1 3 0 0.29 0.0 0 14.8 32 330 M M 6 13 41 330
13 56 37 47 -17 18 0 0.00 0.0 0 14.5 26 350 M M 3 35 340
14 54 40 47 -17 18 0 0.00 0.0 0 11.1 20 20 M M 8 26 10
15 64 36 50 -14 15 0 0.00 0.0 0 5.4 15 150 M M 2 21 140
16 74 47 61 -3 4 0 0.00 0.0 0 15.8 29 160 M M 1 38 190
17 64 46 55 -10 10 0 0.00 0.0 0 11.4 21 10 M M 9 8 35 310
18 67 39 53 -12 12 0 0.01 0.0 0 6.9 16 160 M M 6 13 19 170
19 83 58 71 6 0 6 T 0.0 0 8.7 22 320 M M 7 13 29 330
20 75 51 63 -2 2 0 0.00 0.0 0 4.4 10 100 M M 7 12 15 60
21 85 59 72 6 0 7 0.00 0.0 0 10.8 30 170 M M 6 39 170
22 90 63 77 11 0 12 0.02 0.0 0 14.8 26 270 M M 7 18 34 270
23 84 57 71 5 0 6 0.00 0.0 0 8.7 16 340 M M 3 30 330
24 90 63 77 11 0 12 0.00 0.0 0 13.2 29 320 M M 4 37 320
25 78 55 67 1 0 2 0.00 0.0 0 10.4 21 360 M M 4 8 29 360
26 83 53 68 1 0 3 0.00 0.0 0 8.2 18 150 M M 5 25 170
27 85 63 74 7 0 9 0.00 0.0 0 18.8 32 170 M M 7 43 170
28 90 66 78 11 0 13 1.20 0.0 0 15.4 28 340 M M 7 13 39 330
29 79 58 69 1 0 4 0.00 0.0 0 13.2 31 320 M M 3 42 320
30 82 52 67 -1 0 2 0.00 0.0 0 5.4 15 170 M M 3 18 160
================================================================================
SM 2273 1588 123 110 1.97 0.0 328.7 M 188
================================================================================
AV 75.8 52.9 11.0 FASTST M M 6 MAX(MPH)
MISC ----> # 32 330 # 43 170
================================================================================
NOTES:
# LAST OF SEVERAL OCCURRENCES
COLUMN 17 PEAK WIND IN M.P.H.
PRELIMINARY LOCAL CLIMATOLOGICAL DATA (WS FORM: F-6) , PAGE 2
STATION: FORT WORTH ALLIANCE
MONTH: APRIL
YEAR: 2020
LATITUDE: 32 58 N
LONGITUDE: 97 19 W
[TEMPERATURE DATA] [PRECIPITATION DATA] SYMBOLS USED IN COLUMN 16
AVERAGE MONTHLY: 64.4 TOTAL FOR MONTH: 1.97 1 = FOG OR MIST
DPTR FM NORMAL: 0.1 DPTR FM NORMAL: -1.09 2 = FOG REDUCING VISIBILITY
HIGHEST: 94 ON 8 GRTST 24HR 1.20 ON 28-28 TO 1/4 MILE OR LESS
LOWEST: 36 ON 15 3 = THUNDER
SNOW, ICE PELLETS, HAIL 4 = ICE PELLETS
TOTAL MONTH: 0.0 INCH 5 = HAIL
GRTST 24HR 0.0 6 = FREEZING RAIN OR DRIZZLE
GRTST DEPTH: 0 7 = DUSTSTORM OR SANDSTORM:
VSBY 1/2 MILE OR LESS
8 = SMOKE OR HAZE
[NO. OF DAYS WITH] [WEATHER - DAYS WITH] 9 = BLOWING SNOW
X = TORNADO
MAX 32 OR BELOW: 0 0.01 INCH OR MORE: 8
MAX 90 OR ABOVE: 4 0.10 INCH OR MORE: 4
MIN 32 OR BELOW: 0 0.50 INCH OR MORE: 1
MIN 0 OR BELOW: 0 1.00 INCH OR MORE: 1
[HDD (BASE 65) ]
TOTAL THIS MO. 123 CLEAR (SCALE 0-3) 6
DPTR FM NORMAL 19 PTCLDY (SCALE 4-7) 18
TOTAL FM JUL 1 2054 CLOUDY (SCALE 8-10) 6
DPTR FM NORMAL -400
[CDD (BASE 65) ]
TOTAL THIS MO. 110
DPTR FM NORMAL 27 [PRESSURE DATA]
TOTAL FM JAN 1 194 HIGHEST SLP M ON M
DPTR FM NORMAL 76 LOWEST SLP 29.45 ON 12
[REMARKS]
#FINAL-04-20#