000
CXUS52 KCAE 281400
CF6AGS
PRELIMINARY LOCAL CLIMATOLOGICAL DATA (WS FORM: F-6)
STATION: AUGUSTA BUSH FIELD GA
MONTH: MARCH
YEAR: 2024
LATITUDE: 33 22 N
LONGITUDE: 81 58 W
TEMPERATURE IN F: :PCPN: SNOW: WIND :SUNSHINE: SKY :PK WND
================================================================================
1 2 3 4 5 6A 6B 7 8 9 10 11 12 13 14 15 16 17 18
12Z AVG MX 2MIN
DY MAX MIN AVG DEP HDD CDD WTR SNW DPTH SPD SPD DIR MIN PSBL S-S WX SPD DR
================================================================================
1 48 42 45 -9 20 0 0.72 0.0 0 7.1 14 360 M M 9 1 20 110
2 66 44 55 1 10 0 0.01 0.0 0 3.6 13 330 M M 8 128 15 330
3 64 53 59 5 6 0 0.00 0.0 0 3.5 9 40 M M 10 1 12 40
4 M M M M M M M M M M M M M M M M M
5 73 46 60 5 5 0 0.14 0.0 M 2.9 12 110 M M 5 128 15 110
6 72 54 63 8 2 0 1.22 0.0 M 6.5 17 230 M M 9 1 23 240
7 75 52 64 8 1 0 0.00 0.0 M 4.0 12 60 M M 4 12 17 50
8 68 50 59 3 6 0 0.11 M M 6.1 18 100 M M 6 1 25 90
9 77 55 66 10 0 1 0.71 0.0 M 11.1 25 220 M M 7 1 35 220
10 65 48 57 1 8 0 0.00 0.0 0 14.7 24 310 M M 0 34 320
11 66 32 49 -7 16 0 0.00 0.0 0 3.9 10 230 M M 0 16 270
12 74 40 57 0 8 0 0.00 0.0 0 3.8 13 280 M M 0 8 19 280
13 77 39 58 1 7 0 0.00 0.0 0 1.3 14 290 M M 0 18 18 280
14 83 42 63 6 2 0 0.00 0.0 0 2.8 13 220 M M 0 18 18 260
15 74 47 61 4 4 0 0.05 0.0 0 6.7 20 250 M M 3 18 31 240
16 80 54 67 9 0 2 0.00 0.0 0 6.4 16 240 M M 2 1 24 250
17 71 50 61 3 4 0 0.11 0.0 0 7.1 17 230 M M 4 1 23 260
18 66 46 56 -2 9 0 0.00 0.0 0 10.7 30 320 M M 2 8 41 330
19 62 35 49 -9 16 0 0.00 0.0 0 6.6 17 240 M M 0 8 23 250
20 74 34 54 -4 11 0 0.00 0.0 0 6.2 16 290 M M 0 18 22 300
21 79 40 60 1 5 0 0.00 0.0 0 3.5 14 140 M M 0 18 20 140
22 62 54 58 -1 7 0 0.80 0.0 0 5.9 13 100 M M 8 1 19 120
23 70 54 62 3 3 0 0.05 0.0 0 9.4 23 20 M M 7 1 31 10
24 65 43 54 -5 11 0 0.00 0.0 0 8.7 17 80 M M 0 24 50
25 66 39 53 -7 12 0 0.00 0.0 0 7.9 16 40 M M 4 21 60
26 75 56 66 6 0 1 0.10 0.0 0 10.2 21 140 M M 9 138 32 170
27 64 56 60 0 5 0 0.43 0.0 0 5.8 14 330 M M 10 13 18 320
================================================================================
SM 1816 1205 178 4 4.45 0.0 166.4 M 107
================================================================================
AV 69.8 46.3 6.4 FASTST M M 4 MAX(MPH)
MISC ----> 30 320 41 330
================================================================================
NOTES:
# LAST OF SEVERAL OCCURRENCES
COLUMN 17 PEAK WIND IN M.P.H.
PRELIMINARY LOCAL CLIMATOLOGICAL DATA (WS FORM: F-6) , PAGE 2
STATION: AUGUSTA BUSH FIELD GA
MONTH: MARCH
YEAR: 2024
LATITUDE: 33 22 N
LONGITUDE: 81 58 W
[TEMPERATURE DATA] [PRECIPITATION DATA] SYMBOLS USED IN COLUMN 16
AVERAGE MONTHLY: 58.1 TOTAL FOR MONTH: 4.45 1 = FOG OR MIST
DPTR FM NORMAL: 1.0 DPTR FM NORMAL: 0.86 2 = FOG REDUCING VISIBILITY
HIGHEST: 83 ON 14 GRTST 24HR 1.36 ON 5- 6 TO 1/4 MILE OR LESS
LOWEST: 32 ON 11 3 = THUNDER
SNOW, ICE PELLETS, HAIL 4 = ICE PELLETS
TOTAL MONTH: 0.0 INCH 5 = HAIL
GRTST 24HR 0.0 6 = FREEZING RAIN OR DRIZZLE
GRTST DEPTH: 0 7 = DUSTSTORM OR SANDSTORM:
VSBY 1/2 MILE OR LESS
8 = SMOKE OR HAZE
[NO. OF DAYS WITH] [WEATHER - DAYS WITH] 9 = BLOWING SNOW
X = TORNADO
MAX 32 OR BELOW: 0 0.01 INCH OR MORE: 12
MAX 90 OR ABOVE: 0 0.10 INCH OR MORE: 9
MIN 32 OR BELOW: 1 0.50 INCH OR MORE: 4
MIN 0 OR BELOW: 0 1.00 INCH OR MORE: 1
[HDD (BASE 65) ]
TOTAL THIS MO. 178 CLEAR (SCALE 0-3) 12
DPTR FM NORMAL -54 PTCLDY (SCALE 4-7) 8
TOTAL FM JUL 1 2066 CLOUDY (SCALE 8-10) 6
DPTR FM NORMAL 13
[CDD (BASE 65) ]
TOTAL THIS MO. 4
DPTR FM NORMAL -17 [PRESSURE DATA]
TOTAL FM JAN 1 12 HIGHEST SLP M ON M
DPTR FM NORMAL -19 LOWEST SLP 29.65 ON 23
[REMARKS]