000
CXUS52 KFFC 011010
CF6AHN
PRELIMINARY LOCAL CLIMATOLOGICAL DATA (WS FORM: F-6)
STATION: ATHENS
MONTH: JULY
YEAR: 2022
LATITUDE: 33 57 N
LONGITUDE: 83 19 W
TEMPERATURE IN F: :PCPN: SNOW: WIND :SUNSHINE: SKY :PK WND
================================================================================
1 2 3 4 5 6A 6B 7 8 9 10 11 12 13 14 15 16 17 18
12Z AVG MX 2MIN
DY MAX MIN AVG DEP HDD CDD WTR SNW DPTH SPD SPD DIR MIN PSBL S-S WX SPD DR
================================================================================
1 89 72 81 1 0 16 0.60 0.0 M 2.4 10 120 M M 6 13 17 130
2 95 71 83 3 0 18 0.26 0.0 M 2.4 17 50 M M 4 1 20 60
3 97 72 85 5 0 20 0.08 0.0 M 3.1 15 350 M M 2 13 24 350
4 95 72 84 4 0 19 T 0.0 M 3.7 13 40 M M 2 13 16 60
5 96 74 85 4 0 20 0.00 0.0 M 3.4 8 250 M M 5 1 15 260
6 97 73 85 4 0 20 0.64 0.0 M 3.2 21 40 M M 2 13 32 40
7 97 72 85 4 0 20 0.03 0.0 M 3.3 22 360 M M 2 3 35 10
8 98 72 85 4 0 20 1.12 0.0 M 3.4 22 310 M M 1 13 36 320
9 89 71 80 -1 0 15 0.33 0.0 M 3.2 8 300 M M 4 13 13 340
10 89 73 81 0 0 16 0.24 0.0 M 5.2 22 50 M M 6 13 29 50
11 80 69 75 -6 0 10 0.00 0.0 M 4.9 12 50 M M 10 1 17 80
12 87 71 79 -2 0 14 0.00 0.0 M 1.6 8 180 M M 5 13 190
13 92 71 82 1 0 17 0.06 0.0 M 3.0 23 330 M M 5 13 36 330
14 89 72 81 0 0 16 0.00 0.0 M 1.7 8 290 M M 2 12 290
15 93 69 81 0 0 16 0.00 0.0 M 1.5 8 60 M M 1 1 12 350
16 91 70 81 0 0 16 0.00 0.0 M 1.8 7 260 M M 1 1 11 200
17 92 71 82 1 0 17 0.00 0.0 M 2.3 9 150 M M 1 16 160
18 M 71 M M M M 0.04 0.0 M 3.3 17 300 M M 3 13 27 280
19 M 71 M M M M 0.02 0.0 M 5.1 12 240 M M 2 3 26 210
20 89 71 80 -1 0 15 0.30 0.0 M 3.2 9 240 M M 5 13 17 190
21 88 70 79 -2 0 14 1.04 0.0 M 3.9 20 340 M M 5 13 33 340
22 M 72 M M M M 0.00 0.0 M 2.4 9 240 M M 3 16 250
23 93 71 82 1 0 17 0.00 0.0 M 1.8 8 250 M M 1 13 230
24 92 73 83 2 0 18 0.00 0.0 M 3.1 10 310 M M 1 16 280
25 87 73 80 -1 0 15 0.24 0.0 M 2.8 12 250 M M 1 13 19 250
26 91 75 83 2 0 18 0.00 0.0 M 3.1 9 280 M M 1 17 250
27 93 73 83 2 0 18 0.00 0.0 M 3.2 10 320 M M 1 18 230
28 93 73 83 2 0 18 0.00 0.0 M 3.4 10 230 M M 1 20 210
29 94 74 84 3 0 19 0.12 0.0 M 3.7 20 310 M M 1 13 32 280
30 91 73 82 1 0 17 2.08 0.0 M 2.4 17 290 M M 4 1238 32 220
31 91 71 81 0 0 16 0.00 0.0 M 3.9 13 270 M M 1 22 270
================================================================================
SM 2568 2226 0 475 7.20 0.0 95.4 M 89
================================================================================
AV 91.7 71.8 3.1 FASTST M M 3 MAX(MPH)
MISC ----> 23 330 # 36 320
================================================================================
NOTES:
# LAST OF SEVERAL OCCURRENCES
COLUMN 17 PEAK WIND IN M.P.H.
PRELIMINARY LOCAL CLIMATOLOGICAL DATA (WS FORM: F-6) , PAGE 2
STATION: ATHENS
MONTH: JULY
YEAR: 2022
LATITUDE: 33 57 N
LONGITUDE: 83 19 W
[TEMPERATURE DATA] [PRECIPITATION DATA] SYMBOLS USED IN COLUMN 16
AVERAGE MONTHLY: 81.8 TOTAL FOR MONTH: 7.20 1 = FOG OR MIST
DPTR FM NORMAL: 0.8 DPTR FM NORMAL: 3.00 2 = FOG REDUCING VISIBILITY
HIGHEST: 98 ON 8 GRTST 24HR 2.08 ON 30-30 TO 1/4 MILE OR LESS
LOWEST: 69 ON 15,11 3 = THUNDER
SNOW, ICE PELLETS, HAIL 4 = ICE PELLETS
TOTAL MONTH: 0.0 INCH 5 = HAIL
GRTST 24HR 0.0 6 = FREEZING RAIN OR DRIZZLE
GRTST DEPTH: M ON M 7 = DUSTSTORM OR SANDSTORM:
VSBY 1/2 MILE OR LESS
8 = SMOKE OR HAZE
[NO. OF DAYS WITH] [WEATHER - DAYS WITH] 9 = BLOWING SNOW
X = TORNADO
MAX 32 OR BELOW: 0 0.01 INCH OR MORE: 16
MAX 90 OR ABOVE: 19 0.10 INCH OR MORE: 11
MIN 32 OR BELOW: 0 0.50 INCH OR MORE: 5
MIN 0 OR BELOW: 0 1.00 INCH OR MORE: 3
[HDD (BASE 65) ]
TOTAL THIS MO. 0 CLEAR (SCALE 0-3) 20
DPTR FM NORMAL 0 PTCLDY (SCALE 4-7) 10
TOTAL FM JUL 1 0 CLOUDY (SCALE 8-10) 1
DPTR FM NORMAL 0
[CDD (BASE 65) ]
TOTAL THIS MO. 475
DPTR FM NORMAL -21 [PRESSURE DATA]
TOTAL FM JAN 1 1286 HIGHEST SLP 30.21 ON 31
DPTR FM NORMAL 145 LOWEST SLP 29.86 ON 10
[REMARKS]
#FINAL-07-22#