000
CXAK56 PAFC 011234
CF6AKN
PRELIMINARY LOCAL CLIMATOLOGICAL DATA (WS FORM: F-6)
STATION: KING SALMON
MONTH: FEBRUARY
YEAR: 2022
LATITUDE: 58 41 N
LONGITUDE: 156 39 W
TEMPERATURE IN F: :PCPN: SNOW: WIND :SUNSHINE: SKY :PK WND
================================================================================
1 2 3 4 5 6A 6B 7 8 9 10 11 12 13 14 15 16 17 18
12Z AVG MX 2MIN
DY MAX MIN AVG DEP HDD CDD WTR SNW DPTH SPD SPD DIR MIN PSBL S-S WX SPD DR
================================================================================
1 38 33 36 16 29 0 0.14 M M 18.1 38 100 M M 10 1 58 90
2 38 30 34 14 31 0 T M M 8.8 26 90 M M 6 35 80
3 38 32 35 14 30 0 0.14 M M 17.6 38 100 M M 10 1 51 110
4 34 29 32 11 33 0 0.28 M M 8.6 15 80 M M 9 1 21 80
5 36 22 29 8 36 0 0.04 M M 9.6 22 190 M M 10 16 27 180
6 19 19 19 -2 46 0 0.02 M M 6.0 10 350 M M 10 1 13 290
7 6 2 4 -18 61 0 0.07 M M 13.0 23 340 M M 10 1 31 360
8 7 -15 -4 -26 69 0 0.04 M M 8.8 20 210 M M 9 18 24 220
9 20 -22 -1 -23 66 0 T M M 9.1 26 180 M M 5 18 33 190
10 34 15 25 3 40 0 T M M 11.7 35 90 M M 7 1 46 100
11 39 31 35 13 30 0 0.22 M M 12.5 29 100 M M 7 1 40 80
12 36 32 34 12 31 0 0.02 M M 9.5 22 220 M M 10 1 28 210
13 32 26 29 7 36 0 T M M 4.4 10 250 M M 9 1 13 230
14 39 27 33 10 32 0 0.61 M M 12.4 28 160 M M 10 1 35 160
15 44 33 39 16 26 0 0.33 M M 6.8 24 140 M M 9 12 28 150
16 45 32 39 16 26 0 T M M 15.8 35 230 M M 9 1 47 230
17 44 31 38 15 27 0 0.13 M M 14.4 32 160 M M 10 1 43 160
18 35 32 34 11 31 0 0.04 M M 11.9 20 220 M M 10 1 25 190
19 37 28 33 10 32 0 0.05 M M 9.2 15 180 M M 10 16 20 240
20 46 37 42 19 23 0 0.11 M M 9.6 22 170 M M 7 1 28 160
21 40 32 36 13 29 0 0.85 M M 9.6 26 170 M M 9 1 33 150
22 43 32 38 15 27 0 0.01 M M 7.5 15 90 M M 6 1 20 100
23 44 39 42 19 23 0 T M M 23.2 38 100 M M 8 52 90
24 47 38 43 20 22 0 T M M 20.5 37 100 M M 5 50 100
25 43 34 39 16 26 0 0.08 M M 20.1 39 90 M M 5 1 53 100
26 43 25 34 11 31 0 0.00 M M 11.4 23 170 M M 4 30 140
27 42 21 32 9 33 0 0.00 M M 1.5 7 50 M M 1 8 210
28 34 21 28 6 37 0 0.00 M M 5.8 12 350 M M 6 13 350
================================================================================
SM 1003 696 963 0 3.18 M 317.4 M 221
================================================================================
AV 35.8 24.9 11.3 FASTST M M 8 MAX(MPH)
MISC ----> 39 90 58 90
================================================================================
NOTES:
# LAST OF SEVERAL OCCURRENCES
COLUMN 17 PEAK WIND IN M.P.H.
PRELIMINARY LOCAL CLIMATOLOGICAL DATA (WS FORM: F-6) , PAGE 2
STATION: KING SALMON
MONTH: FEBRUARY
YEAR: 2022
LATITUDE: 58 41 N
LONGITUDE: 156 39 W
[TEMPERATURE DATA] [PRECIPITATION DATA] SYMBOLS USED IN COLUMN 16
AVERAGE MONTHLY: 30.3 TOTAL FOR MONTH: 3.18 1 = FOG OR MIST
DPTR FM NORMAL: 8.2 DPTR FM NORMAL: 2.27 2 = FOG REDUCING VISIBILITY
HIGHEST: 47 ON 24 GRTST 24HR 0.86 ON 21-22 TO 1/4 MILE OR LESS
LOWEST: -22 ON 9 3 = THUNDER
SNOW, ICE PELLETS, HAIL 4 = ICE PELLETS
TOTAL MONTH: M 5 = HAIL
GRTST 24HR M ON M 6 = FREEZING RAIN OR DRIZZLE
GRTST DEPTH: M ON M 7 = DUSTSTORM OR SANDSTORM:
VSBY 1/2 MILE OR LESS
8 = SMOKE OR HAZE
[NO. OF DAYS WITH] [WEATHER - DAYS WITH] 9 = BLOWING SNOW
X = TORNADO
MAX 32 OR BELOW: 5 0.01 INCH OR MORE: 18
MAX 90 OR ABOVE: 0 0.10 INCH OR MORE: 9
MIN 32 OR BELOW: 22 0.50 INCH OR MORE: 2
MIN 0 OR BELOW: 2 1.00 INCH OR MORE: 0
[HDD (BASE 65) ]
TOTAL THIS MO. 963 CLEAR (SCALE 0-3) 1
DPTR FM NORMAL -238 PTCLDY (SCALE 4-7) 11
TOTAL FM JUL 1 8047 CLOUDY (SCALE 8-10) 16
DPTR FM NORMAL 787
[CDD (BASE 65) ]
TOTAL THIS MO. 0
DPTR FM NORMAL 0 [PRESSURE DATA]
TOTAL FM JAN 1 0 HIGHEST SLP 30.29 ON 10
DPTR FM NORMAL 0 LOWEST SLP 28.82 ON 25
[REMARKS]
#FINAL-02-22#