000
CXUS51 KALY 161451
CLAALB

CLECLSTOL 000
TTAA00 KCLE 161445


CLIMATE REPORT
NATIONAL WEATHER SERVICE CLEVELAND OH
1045 AM EDT TUE MAR 16 2010

...................................

...THE TOLEDO OH CLIMATE SUMMARY FOR THE SEASON, FROM
12/1/2009 TO 2/28/2010...

CLIMATE NORMAL PERIOD 1971 TO 2000
CLIMATE RECORD PERIOD 1873 TO 2010

WEATHER         OBSERVED          NORMAL  DEPART
                 VALUE   DATE(S)  VALUE   FROM
                                          NORMAL
................................................
TEMPERATURE (F)
RECORD
 HIGH              71   02/26/2000
                        02/11/1999
                        01/25/1950
 LOW              -20   01/21/1984
HIGHEST            52   12/01
LOWEST              0   01/29
                        01/10
AVG. MAXIMUM     32.2              34.2    -2.0
AVG. MINIMUM     20.5              19.2     1.3
MEAN             26.4              26.7    -0.3
DAYS MAX >= 90      0               0.0
DAYS MAX <= 32     53              39.7
DAYS MIN <= 32     82              79.1
DAYS MIN <= 0       2               8.7

PRECIPITATION (INCHES)
RECORD
 MAXIMUM        13.35   1950
 MINIMUM         2.15   1920
TOTALS           5.97              6.45   -0.48
DAYS >= .01        36              37.6
DAYS >= .10        17              16.7
DAYS >= .50         3               3.4
DAYS >= 1.00        0               0.7

SNOWFALL (INCHES)
RECORDS
 TOTAL           64.0   1978
TOTALS           38.9              27.6
SINCE 7/1        38.9              30.4     8.5
DAYS >= TRACE      53
DAYS >= 1.0        13               8.3

DEGREE_DAYS
HEATING TOTAL    3456              3467     -11
COOLING TOTAL       0                 0       0
.................................................

WIND (MPH)
HIGHEST GUST SPEED/DIRECTION    58/250    DATE  12/09

SKY COVER
POSSIBLE SUNSHINE (PERCENT)   MM
NUMBER OF DAYS FAIR           17
NUMBER OF DAYS PC             24
NUMBER OF DAYS CLOUDY         49


WEATHER CONDITIONS. NUMBER OF DAYS WITH
THUNDERSTORM              1     MIXED PRECIP               0
HEAVY RAIN                1     RAIN                       5
LIGHT RAIN               10     FREEZING RAIN              0
LT FREEZING RAIN          2     HAIL                       0
HEAVY SNOW                2     SNOW                      10
LIGHT SNOW               51     SLEET                      0
FOG                      66     FOG W/VIS <= 1/4 MILE      6
HAZE                     38

-  INDICATES NEGATIVE NUMBERS.
R  INDICATES RECORD WAS SET OR TIED.
MM INDICATES DATA IS MISSING.
T  INDICATES TRACE AMOUNT.

$$
