000
CXUS51 KALY 040702
CLAALB
CLIMATE REPORT...CORRECTED
NATIONAL WEATHER SERVICE ALBANY NY
202 AM EST WED JAN 04 2023
...................................
...THE ALBANY NY CLIMATE SUMMARY FOR THE YEAR OF 2022...
CLIMATE NORMAL PERIOD: 1991 TO 2020
CLIMATE RECORD PERIOD: 1874 TO 2023
WEATHER OBSERVED NORMAL DEPART LAST YEAR`S
VALUE DATE(S) VALUE FROM VALUE DATE(S)
NORMAL
................................................................
TEMPERATURE (F)
RECORD
HIGH 104 07/04/1911
LOW -28 01/19/1971
HIGHEST 99 08/04 92 06/29
LOWEST -6 01/22 -7 01/31
AVG. MAXIMUM 60.8 59.4 1.4 58.0
AVG. MINIMUM 40.4 39.4 1.0 39.8
MEAN 50.6 49.4 1.2 48.9
DAYS MAX >= 90 25 9.6 15.4 4
DAYS MAX <= 32 44 41.1 2.9 45
DAYS MIN <= 32 128 135.7 -7.7 137
DAYS MIN <= 0 7 6.8 0.2 3
PRECIPITATION (INCHES)
RECORD
MAXIMUM 56.78 1871
MINIMUM 21.55 1964
TOTALS 37.30 40.68 -3.38 45.36
DAILY AVG. 0.10 0.12
DAYS >= .01 129 139.2 -10.2 139
DAYS >= .10 73 80.7 -7.7 90
DAYS >= .50 24 27.5 -3.5 28
DAYS >= 1.00 7 7.9 -0.9 8
GREATEST
24 HR. TOTAL 2.24 04/07 TO 04/08
SNOWFALL (INCHES)
RECORDS
24 HR TOTAL 30.4 03/12/1888 TO 03/12/1888
SNOW DEPTH 36 01/01/1970
12/29/1969
12/28/1969
TOTALS 43.8 59.2 -15.4 32.7
SINCE 7/1 12.9 16.2 -3.3
SNOWDEPTH AVG. 1
DAYS >= TRACE 51 34.5 16.5 72
DAYS >= 1.0 9 14.6 -5.6 13
GREATEST
SNOW DEPTH 6 02/27 8 02/02
12/12
12/17
02/03
24 HR TOTAL 6.6 12/11 TO 12/11
DEGREE DAYS
HEATING TOTAL 6073 6357 -284 6266
SINCE 7/1 2119 2364 -245 2552
COOLING TOTAL 944 719 225 529
SINCE 1/1 944 719 225 529
................................................................
WIND (MPH)
AVERAGE WIND SPEED 7.6
HIGHEST WIND SPEED/DIRECTION 44/270 DATE 03/07
HIGHEST GUST SPEED/DIRECTION 56/270 DATE 03/07
WEATHER CONDITIONS. NUMBER OF DAYS WITH
THUNDERSTORM 27 MIXED PRECIP 1
HEAVY RAIN 16 RAIN 41
LIGHT RAIN 137 FREEZING RAIN 0
LT FREEZING RAIN 6 HAIL 2
HEAVY SNOW 6 SNOW 11
LIGHT SNOW 58 SLEET 11
FOG 139 FOG W/VIS <= 1/4 MILE 25
HAZE 11
- INDICATES NEGATIVE NUMBERS.
R INDICATES RECORD WAS SET OR TIED.
MM INDICATES DATA IS MISSING.
T INDICATES TRACE AMOUNT.
$$