000
CDUS41 KALY 270622
CLIALB


CLIMATE REPORT
NATIONAL WEATHER SERVICE ALBANY NY
222 AM EDT FRI MAY 27 2016


...................................

...THE ALBANY NY CLIMATE SUMMARY FOR MAY 26 2016...

CLIMATE NORMAL PERIOD 1981 TO 2010
CLIMATE RECORD PERIOD 1874 TO 2016


WEATHER ITEM   OBSERVED TIME   RECORD YEAR NORMAL DEPARTURE LAST
                VALUE   (LST)  VALUE       VALUE  FROM      YEAR
                                                  NORMAL
..................................................................
TEMPERATURE (F)
 YESTERDAY
  MAXIMUM         88    221 PM  94    2010  72     16       86
                                      1914
  MINIMUM         58    437 AM  38    1972  50      8       71
  AVERAGE         73                        61     12       79

PRECIPITATION (IN)
  YESTERDAY        0.00          1.16 1957   0.13  -0.13      T
  MONTH TO DATE    1.82                      2.99  -1.17     0.31
  SINCE MAR 1      4.84                      9.37  -4.53     3.66
  SINCE JAN 1     10.15                     14.16  -4.01     7.98

SNOWFALL (IN)
  YESTERDAY        0.0           T    1953   0.0    0.0      0.0
  MONTH TO DATE    0.0                       0.1   -0.1      0.0
  SINCE MAR 1      6.6                      13.4   -6.8      5.3
  SINCE JUL 1     16.9                      60.3  -43.4     75.9
  SNOW DEPTH       0

DEGREE DAYS
 HEATING
  YESTERDAY        0                         5     -5        0
  MONTH TO DATE  236                       212     24       91
  SINCE MAR 1   1487                      1661   -174     1687
  SINCE JUL 1   5416                      6605  -1189     6817

 COOLING
  YESTERDAY        8                         1      7       14
  MONTH TO DATE   14                        15     -1       87
  SINCE MAR 1     16                        19     -3       87
  SINCE JAN 1     16                        19     -3       87
..................................................................


WIND (MPH)
  HIGHEST WIND SPEED    14   HIGHEST WIND DIRECTION     S (180)
  HIGHEST GUST SPEED    20   HIGHEST GUST DIRECTION     S (170)
  AVERAGE WIND SPEED     4.1


SKY COVER
  AVERAGE SKY COVER 0.7



RELATIVE HUMIDITY (PERCENT)
 HIGHEST    80
 LOWEST     32
 AVERAGE    56

..........................................................


THE ALBANY NY CLIMATE NORMALS FOR TODAY
                         NORMAL    RECORD    YEAR
 MAXIMUM TEMPERATURE (F)   73        94      1914
 MINIMUM TEMPERATURE (F)   51        30      1969


SUNRISE AND SUNSET
MAY 27 2016...........SUNRISE   522 AM EDT   SUNSET   823 PM EDT
MAY 28 2016...........SUNRISE   522 AM EDT   SUNSET   824 PM EDT


-  INDICATES NEGATIVE NUMBERS.
R  INDICATES RECORD WAS SET OR TIED.
MM INDICATES DATA IS MISSING.
T  INDICATES TRACE AMOUNT.




$$
