000
CDUS41 KALY 200623
CLIALB


CLIMATE REPORT
NATIONAL WEATHER SERVICE ALBANY NY
122 AM EST FRI JAN 20 2017


...................................

...THE ALBANY NY CLIMATE SUMMARY FOR JANUARY 19 2017...

CLIMATE NORMAL PERIOD 1981 TO 2010
CLIMATE RECORD PERIOD 1874 TO 2017


WEATHER ITEM   OBSERVED TIME   RECORD YEAR NORMAL DEPARTURE LAST
                VALUE   (LST)  VALUE       VALUE  FROM      YEAR
                                                  NORMAL
..................................................................
TEMPERATURE (F)
 YESTERDAY
  MAXIMUM         44   1105 AM  60    1966  30     14       23
  MINIMUM         34   1135 PM -28    1971  14     20       13
  AVERAGE         39                        22     17       18

PRECIPITATION (IN)
  YESTERDAY        T             1.67 1996   0.08  -0.08      T
  MONTH TO DATE    1.60                      1.58   0.02     1.24
  SINCE DEC 1      3.35                      4.51  -1.16     4.91
  SINCE JAN 1      1.60                      1.58   0.02     1.24

SNOWFALL (IN)
  YESTERDAY        0.0           8.5  1886   0.5   -0.5       T
  MONTH TO DATE    1.0                      11.1  -10.1      3.3
  SINCE DEC 1     13.1                      24.8  -11.7      5.5
  SINCE JUL 1     15.4                      27.9  -12.5      5.5
  SNOW DEPTH       0

DEGREE DAYS
 HEATING
  YESTERDAY       26                        43    -17       47
  MONTH TO DATE  697                       808   -111      712
  SINCE DEC 1   1764                      1939   -175     1422
  SINCE JUL 1   2920                      3343   -423     2505

 COOLING
  YESTERDAY        0                         0      0        0
  MONTH TO DATE    0                         0      0        0
  SINCE DEC 1      0                         0      0        0
  SINCE JAN 1      0                         0      0        0
..................................................................


WIND (MPH)
  HIGHEST WIND SPEED    15   HIGHEST WIND DIRECTION     W (290)
  HIGHEST GUST SPEED    18   HIGHEST GUST DIRECTION     W (290)
  AVERAGE WIND SPEED     6.6


SKY COVER
  AVERAGE SKY COVER 0.9



RELATIVE HUMIDITY (PERCENT)
 HIGHEST    92
 LOWEST     73
 AVERAGE    83

..........................................................


THE ALBANY NY CLIMATE NORMALS FOR TODAY
                         NORMAL    RECORD    YEAR
 MAXIMUM TEMPERATURE (F)   30        53      2006
                                             1986
 MINIMUM TEMPERATURE (F)   14       -22      1970


SUNRISE AND SUNSET
JANUARY 20 2017.......SUNRISE   720 AM EST   SUNSET   453 PM EST
JANUARY 21 2017.......SUNRISE   719 AM EST   SUNSET   454 PM EST


-  INDICATES NEGATIVE NUMBERS.
R  INDICATES RECORD WAS SET OR TIED.
MM INDICATES DATA IS MISSING.
T  INDICATES TRACE AMOUNT.




$$
