000
CDUS41 KALY 290622
CLIALB


CLIMATE REPORT
NATIONAL WEATHER SERVICE ALBANY NY
221 AM EDT SAT AUG 29 2015


...................................

...THE ALBANY NY CLIMATE SUMMARY FOR AUGUST 28 2015...

CLIMATE NORMAL PERIOD 1981 TO 2010
CLIMATE RECORD PERIOD 1874 TO 2015


WEATHER ITEM   OBSERVED TIME   RECORD YEAR NORMAL DEPARTURE LAST
                VALUE   (LST)  VALUE       VALUE  FROM      YEAR
                                                  NORMAL
..................................................................
TEMPERATURE (F)
 YESTERDAY
  MAXIMUM         78    233 PM  98    1948  78      0       77
  MINIMUM         55    542 AM  42    1982  58     -3       57
  AVERAGE         67                        68     -1       67

PRECIPITATION (IN)
  YESTERDAY        0.00          4.69 2011   0.10  -0.10     0.00
  MONTH TO DATE    4.30                      3.18   1.12     1.54
  SINCE JUN 1     14.42                     11.09   3.33    13.18
  SINCE JAN 1     23.14                     25.87  -2.73    26.74

DEGREE DAYS
 HEATING
  YESTERDAY        0                         1     -1        0
  MONTH TO DATE    0                        11    -11        6
  SINCE JUN 1     52                        68    -16       18
  SINCE JUL 1      1                        16    -15        6

 COOLING
  YESTERDAY        2                         4     -2        2
  MONTH TO DATE  239                       166     73      134
  SINCE JUN 1    605                       502    103      519
  SINCE JAN 1    728                       532    196      554
..................................................................


WIND (MPH)
  HIGHEST WIND SPEED     9   HIGHEST WIND DIRECTION     W (260)
  HIGHEST GUST SPEED    11   HIGHEST GUST DIRECTION     N (20)
  AVERAGE WIND SPEED     2.7


SKY COVER
  AVERAGE SKY COVER 0.4



RELATIVE HUMIDITY (PERCENT)
 HIGHEST    93
 LOWEST     43
 AVERAGE    68

..........................................................


THE ALBANY NY CLIMATE NORMALS FOR TODAY
                         NORMAL    RECORD    YEAR
 MAXIMUM TEMPERATURE (F)   78        95      1953
 MINIMUM TEMPERATURE (F)   58        34      1982


SUNRISE AND SUNSET
AUGUST 29 2015........SUNRISE   616 AM EDT   SUNSET   735 PM EDT
AUGUST 30 2015........SUNRISE   617 AM EDT   SUNSET   734 PM EDT


-  INDICATES NEGATIVE NUMBERS.
R  INDICATES RECORD WAS SET OR TIED.
MM INDICATES DATA IS MISSING.
T  INDICATES TRACE AMOUNT.




$$
