000
CDUS41 KALY 200626
CLIALB


CLIMATE REPORT
NATIONAL WEATHER SERVICE ALBANY NY
226 AM EDT THU APR 20 2017


...................................

...THE ALBANY NY CLIMATE SUMMARY FOR APRIL 19 2017...

CLIMATE NORMAL PERIOD 1981 TO 2010
CLIMATE RECORD PERIOD 1874 TO 2017


WEATHER ITEM   OBSERVED TIME   RECORD YEAR NORMAL DEPARTURE LAST
                VALUE   (LST)  VALUE       VALUE  FROM      YEAR
                                                  NORMAL
..................................................................
TEMPERATURE (F)
 YESTERDAY
  MAXIMUM         54   1222 PM  92    1976  60     -6       65
  MINIMUM         45    655 AM  18    1875  39      6       44
  AVERAGE         50                        49      1       55

PRECIPITATION (IN)
  YESTERDAY        0.16          1.65 1983   0.10   0.06      T
  MONTH TO DATE    2.03                      2.03   0.00     1.30
  SINCE MAR 1      6.10                      5.24   0.86     2.48
  SINCE JAN 1     12.08                     10.03   2.05     7.79

SNOWFALL (IN)
  YESTERDAY        0.0           8.8  1983   0.0    0.0      0.0
  MONTH TO DATE    0.2                       1.9   -1.7      6.4
  SINCE MAR 1     19.6                      12.9    6.7      6.6
  SINCE JUL 1     60.8                      59.8    1.0     16.9
  SNOW DEPTH       0

DEGREE DAYS
 HEATING
  YESTERDAY       15                        16     -1       10
  MONTH TO DATE  277                       370    -93      416
  SINCE MAR 1   1302                      1299      3     1098
  SINCE JUL 1   5465                      6243   -778     5027

 COOLING
  YESTERDAY        0                         0      0        0
  MONTH TO DATE   16                         0     16        0
  SINCE MAR 1     16                         0     16        0
  SINCE JAN 1     16                         0     16        0
..................................................................


WIND (MPH)
  HIGHEST WIND SPEED    22   HIGHEST WIND DIRECTION     S (180)
  HIGHEST GUST SPEED    38   HIGHEST GUST DIRECTION     S (200)
  AVERAGE WIND SPEED    15.0


SKY COVER
  AVERAGE SKY COVER 0.9



RELATIVE HUMIDITY (PERCENT)
 HIGHEST    77
 LOWEST     50
 AVERAGE    64

..........................................................


THE ALBANY NY CLIMATE NORMALS FOR TODAY
                         NORMAL    RECORD    YEAR
 MAXIMUM TEMPERATURE (F)   61        93      1941
 MINIMUM TEMPERATURE (F)   39        19      1875


SUNRISE AND SUNSET
APRIL 20 2017.........SUNRISE   605 AM EDT   SUNSET   743 PM EDT
APRIL 21 2017.........SUNRISE   604 AM EDT   SUNSET   745 PM EDT


-  INDICATES NEGATIVE NUMBERS.
R  INDICATES RECORD WAS SET OR TIED.
MM INDICATES DATA IS MISSING.
T  INDICATES TRACE AMOUNT.




$$
