000
CDUS41 KALY 200644
CLIALB


CLIMATE REPORT
NATIONAL WEATHER SERVICE ALBANY NY
140 AM EST THU NOV 20 2014


...................................

...THE ALBANY NY CLIMATE SUMMARY FOR NOVEMBER 19 2014...

CLIMATE NORMAL PERIOD 1981 TO 2010
CLIMATE RECORD PERIOD 1874 TO 2014


WEATHER ITEM   OBSERVED TIME   RECORD YEAR NORMAL DEPARTURE LAST
                VALUE   (LST)  VALUE       VALUE  FROM      YEAR
                                                  NORMAL
..................................................................
TEMPERATURE (F)
 YESTERDAY
  MAXIMUM         34    148 PM  71    1921  47    -13       42
  MINIMUM         22    743 AM  12    1972  31     -9       26
  AVERAGE         28                        39    -11       34

PRECIPITATION (IN)
  YESTERDAY        T             1.63 1932   0.11  -0.11      T
  MONTH TO DATE    1.26                      2.08  -0.82     0.52
  SINCE SEP 1      6.37                      9.06  -2.69     7.62
  SINCE JAN 1     33.15                     35.21  -2.06    39.13

SNOWFALL (IN)
  YESTERDAY        T             4.2  1914   0.1   -0.1       T
  MONTH TO DATE    1.0                       1.1   -0.1       T
  SINCE SEP 1      1.0                       1.1   -0.1       T
  SINCE JUL 1      1.0                       1.1   -0.1       T
  SNOW DEPTH       0

DEGREE DAYS
 HEATING
  YESTERDAY       37                        26     11       31
  MONTH TO DATE  466                       445     21      428
  SINCE SEP 1    938                      1067   -129      969
  SINCE JUL 1    946                      1090   -144      975

 COOLING
  YESTERDAY        0                         0      0        0
  MONTH TO DATE    0                         0      0        0
  SINCE SEP 1     92                        55     37       65
  SINCE JAN 1    659                       598     61      763
..................................................................


WIND (MPH)
  HIGHEST WIND SPEED    24   HIGHEST WIND DIRECTION     S (190)
  HIGHEST GUST SPEED    34   HIGHEST GUST DIRECTION     S (190)
  AVERAGE WIND SPEED    12.4


SKY COVER
  AVERAGE SKY COVER 0.3



RELATIVE HUMIDITY (PERCENT)
 HIGHEST    46
 LOWEST     28
 AVERAGE    37

..........................................................


THE ALBANY NY CLIMATE NORMALS FOR TODAY
                         NORMAL    RECORD    YEAR
 MAXIMUM TEMPERATURE (F)   46        72      1991
 MINIMUM TEMPERATURE (F)   31         6      1986


SUNRISE AND SUNSET
NOVEMBER 20 2014......SUNRISE   653 AM EST   SUNSET   428 PM EST
NOVEMBER 21 2014......SUNRISE   654 AM EST   SUNSET   427 PM EST


-  INDICATES NEGATIVE NUMBERS.
R  INDICATES RECORD WAS SET OR TIED.
MM INDICATES DATA IS MISSING.
T  INDICATES TRACE AMOUNT.




$$
