000
CDUS41 KALY 250623
CLIALB


CLIMATE REPORT
NATIONAL WEATHER SERVICE ALBANY NY
122 AM EST TUE NOV 25 2014


...................................

...THE ALBANY NY CLIMATE SUMMARY FOR NOVEMBER 24 2014...

CLIMATE NORMAL PERIOD 1981 TO 2010
CLIMATE RECORD PERIOD 1874 TO 2014


WEATHER ITEM   OBSERVED TIME   RECORD YEAR NORMAL DEPARTURE LAST
                VALUE   (LST)  VALUE       VALUE  FROM      YEAR
                                                  NORMAL
..................................................................
TEMPERATURE (F)
 YESTERDAY
  MAXIMUM         70R   252 PM  69    1979  44     26       27
  MINIMUM         46    631 AM   7    2000  29     17       14
  AVERAGE         58                        37     21       21

PRECIPITATION (IN)
  YESTERDAY        0.24          1.04 1980   0.11   0.13      T
  MONTH TO DATE    1.66                      2.65  -0.99     0.60
  SINCE SEP 1      6.77                      9.63  -2.86     7.70
  SINCE JAN 1     33.55                     35.78  -2.23    39.21

SNOWFALL (IN)
  YESTERDAY        0.0           8.8  1898   0.1   -0.1       T
  MONTH TO DATE    1.1                       1.7   -0.6      0.4
  SINCE SEP 1      1.1                       1.7   -0.6      0.4
  SINCE JUL 1      1.1                       1.7   -0.6      0.4
  SNOW DEPTH       0

DEGREE DAYS
 HEATING
  YESTERDAY        7                        28    -21       44
  MONTH TO DATE  606                       582     24      594
  SINCE SEP 1   1078                      1204   -126     1135
  SINCE JUL 1   1086                      1227   -141     1141

 COOLING
  YESTERDAY        0                         0      0        0
  MONTH TO DATE    0                         0      0        0
  SINCE SEP 1     92                        55     37       65
  SINCE JAN 1    659                       598     61      763
..................................................................


WIND (MPH)
  HIGHEST WIND SPEED    26   HIGHEST WIND DIRECTION     S (190)
  HIGHEST GUST SPEED    35   HIGHEST GUST DIRECTION     S (190)
  AVERAGE WIND SPEED    11.8


SKY COVER
  AVERAGE SKY COVER 0.7



RELATIVE HUMIDITY (PERCENT)
 HIGHEST    93
 LOWEST     46
 AVERAGE    70

..........................................................


THE ALBANY NY CLIMATE NORMALS FOR TODAY
                         NORMAL    RECORD    YEAR
 MAXIMUM TEMPERATURE (F)   44        64      2004
                                             2001
 MINIMUM TEMPERATURE (F)   29         2      1938


SUNRISE AND SUNSET
NOVEMBER 25 2014......SUNRISE   659 AM EST   SUNSET   425 PM EST
NOVEMBER 26 2014......SUNRISE   700 AM EST   SUNSET   424 PM EST


-  INDICATES NEGATIVE NUMBERS.
R  INDICATES RECORD WAS SET OR TIED.
MM INDICATES DATA IS MISSING.
T  INDICATES TRACE AMOUNT.




$$
