000
CDUS41 KALY 220623
CLIALB


CLIMATE REPORT
NATIONAL WEATHER SERVICE ALBANY NY
122 AM EST SAT NOV 22 2014


...................................

...THE ALBANY NY CLIMATE SUMMARY FOR NOVEMBER 21 2014...

CLIMATE NORMAL PERIOD 1981 TO 2010
CLIMATE RECORD PERIOD 1874 TO 2014


WEATHER ITEM   OBSERVED TIME   RECORD YEAR NORMAL DEPARTURE LAST
                VALUE   (LST)  VALUE       VALUE  FROM      YEAR
                                                  NORMAL
..................................................................
TEMPERATURE (F)
 YESTERDAY
  MAXIMUM         32    239 PM  70    1931  46    -14       45
  MINIMUM         16   1150 PM   7    1879  30    -14       16
  AVERAGE         24                        38    -14       31

PRECIPITATION (IN)
  YESTERDAY        T             0.82 1954   0.12  -0.12      T
  MONTH TO DATE    1.26                      2.31  -1.05     0.52
  SINCE SEP 1      6.37                      9.29  -2.92     7.62
  SINCE JAN 1     33.15                     35.44  -2.29    39.13

SNOWFALL (IN)
  YESTERDAY        T             0.8  1937   0.1   -0.1      0.0
  MONTH TO DATE    1.1                       1.3   -0.2       T
  SINCE SEP 1      1.1                       1.3   -0.2       T
  SINCE JUL 1      1.1                       1.3   -0.2       T
  SNOW DEPTH       0

DEGREE DAYS
 HEATING
  YESTERDAY       41                        27     14       34
  MONTH TO DATE  542                       499     43      497
  SINCE SEP 1   1014                      1121   -107     1038
  SINCE JUL 1   1022                      1144   -122     1044

 COOLING
  YESTERDAY        0                         0      0        0
  MONTH TO DATE    0                         0      0        0
  SINCE SEP 1     92                        55     37       65
  SINCE JAN 1    659                       598     61      763
..................................................................


WIND (MPH)
  HIGHEST WIND SPEED    24   HIGHEST WIND DIRECTION    NW (310)
  HIGHEST GUST SPEED    31   HIGHEST GUST DIRECTION     W (290)
  AVERAGE WIND SPEED     9.1


SKY COVER
  AVERAGE SKY COVER 0.3



RELATIVE HUMIDITY (PERCENT)
 HIGHEST    77
 LOWEST     32
 AVERAGE    55

..........................................................


THE ALBANY NY CLIMATE NORMALS FOR TODAY
                         NORMAL    RECORD    YEAR
 MAXIMUM TEMPERATURE (F)   45        70      1931
 MINIMUM TEMPERATURE (F)   30         9      1969


SUNRISE AND SUNSET
NOVEMBER 22 2014......SUNRISE   655 AM EST   SUNSET   427 PM EST
NOVEMBER 23 2014......SUNRISE   657 AM EST   SUNSET   426 PM EST


-  INDICATES NEGATIVE NUMBERS.
R  INDICATES RECORD WAS SET OR TIED.
MM INDICATES DATA IS MISSING.
T  INDICATES TRACE AMOUNT.




$$
