000
CDUS41 KALY 272050
CLIALB


CLIMATE REPORT
NATIONAL WEATHER SERVICE ALBANY NY
449 PM EDT SUN JUL 27 2014


...................................

...THE ALBANY NY CLIMATE SUMMARY FOR JULY 27 2014...
VALID TODAY AS OF 0400 PM LOCAL TIME.

CLIMATE NORMAL PERIOD 1981 TO 2010
CLIMATE RECORD PERIOD 1874 TO 2014


WEATHER ITEM   OBSERVED TIME   RECORD YEAR NORMAL DEPARTURE LAST
                VALUE   (LST)  VALUE       VALUE  FROM      YEAR
                                                  NORMAL
..................................................................
TEMPERATURE (F)
 TODAY
  MAXIMUM         83    152 PM  97    1955  82      1       83
  MINIMUM         68    859 AM  47    1977  62      6       57
  AVERAGE         76                        72      4       70

PRECIPITATION (IN)
  TODAY            1.25          2.15 2004   0.13   1.12     0.00
  MONTH TO DATE    5.39                      3.59   1.80     4.93
  SINCE JUN 1     10.16                      7.38   2.78    13.61
  SINCE JAN 1     23.72                     22.16   1.56    28.35

DEGREE DAYS
 HEATING
  TODAY            0                         0      0        0
  MONTH TO DATE    0                         0      0        2
  SINCE JUN 1     12                        52    -40       57
  SINCE JUL 1      0                         0      0        2

 COOLING
  TODAY           11                         7      4        5
  MONTH TO DATE  223                       186     37      331
  SINCE JUN 1    371                       304     67      474
  SINCE JAN 1    406                       334     72      523
..................................................................


WIND (MPH)
  HIGHEST WIND SPEED    22   HIGHEST WIND DIRECTION    NW (330)
  HIGHEST GUST SPEED    31   HIGHEST GUST DIRECTION    NW (330)
  AVERAGE WIND SPEED     8.1


SKY COVER
  AVERAGE SKY COVER 0.8



RELATIVE HUMIDITY (PERCENT)
 HIGHEST    90           600 AM
 LOWEST     67           100 PM
 AVERAGE    79

..........................................................


THE ALBANY NY CLIMATE NORMALS FOR TOMORROW
                         NORMAL    RECORD    YEAR
 MAXIMUM TEMPERATURE (F)   82        99      1929
 MINIMUM TEMPERATURE (F)   62        44      1971


SUNRISE AND SUNSET
JULY 27 2014..........SUNRISE   542 AM EDT   SUNSET   821 PM EDT
JULY 28 2014..........SUNRISE   543 AM EDT   SUNSET   820 PM EDT


-  INDICATES NEGATIVE NUMBERS.
R  INDICATES RECORD WAS SET OR TIED.
MM INDICATES DATA IS MISSING.
T  INDICATES TRACE AMOUNT.




$$
