464
CDUS41 KALY 210627
CLIALB


CLIMATE REPORT
NATIONAL WEATHER SERVICE ALBANY NY
226 AM EDT WED JUN 21 2017


...................................

...THE ALBANY NY CLIMATE SUMMARY FOR JUNE 20 2017...

CLIMATE NORMAL PERIOD 1981 TO 2010
CLIMATE RECORD PERIOD 1874 TO 2017


WEATHER ITEM   OBSERVED TIME   RECORD YEAR NORMAL DEPARTURE LAST
                VALUE   (LST)  VALUE       VALUE  FROM      YEAR
                                                  NORMAL
..................................................................
TEMPERATURE (F)
 YESTERDAY
  MAXIMUM         80    355 PM  97    1953  79      1       91
  MINIMUM         64   1142 PM  43    1918  58      6       64
  AVERAGE         72                        69      3       78

PRECIPITATION (IN)
  YESTERDAY        0.10          2.29 1944   0.13  -0.03     0.00
  MONTH TO DATE    3.74                      2.58   1.16     1.95
  SINCE JUN 1      3.74                      2.58   1.16     1.95
  SINCE JAN 1     22.65                     17.36   5.29    12.71

DEGREE DAYS
 HEATING
  YESTERDAY        0                         1     -1        0
  MONTH TO DATE   47                        45      2       38
  SINCE JUN 1     47                        45      2       38
  SINCE JUL 1   5864                      6673   -809     5454

 COOLING
  YESTERDAY        7                         5      2       13
  MONTH TO DATE   98                        62     36       84
  SINCE JUN 1     98                        62     36       84
  SINCE JAN 1    148                        92     56      159
..................................................................


WIND (MPH)
  HIGHEST WIND SPEED    24   HIGHEST WIND DIRECTION    NW (300)
  HIGHEST GUST SPEED    30   HIGHEST GUST DIRECTION     W (290)
  AVERAGE WIND SPEED     7.6


SKY COVER
  AVERAGE SKY COVER 0.7



RELATIVE HUMIDITY (PERCENT)
 HIGHEST    93
 LOWEST     45
 AVERAGE    69

..........................................................


THE ALBANY NY CLIMATE NORMALS FOR TODAY
                         NORMAL    RECORD    YEAR
 MAXIMUM TEMPERATURE (F)   79        97      1938
 MINIMUM TEMPERATURE (F)   58        41      1970


SUNRISE AND SUNSET
JUNE 21 2017..........SUNRISE   517 AM EDT   SUNSET   837 PM EDT
JUNE 22 2017..........SUNRISE   517 AM EDT   SUNSET   837 PM EDT


-  INDICATES NEGATIVE NUMBERS.
R  INDICATES RECORD WAS SET OR TIED.
MM INDICATES DATA IS MISSING.
T  INDICATES TRACE AMOUNT.




$$
