000
CDUS41 KALY 262043
CLIALB


CLIMATE REPORT
NATIONAL WEATHER SERVICE ALBANY NY
443 PM EDT SUN OCT 26 2014


...................................

...THE ALBANY NY CLIMATE SUMMARY FOR OCTOBER 26 2014...
VALID TODAY AS OF 0400 PM LOCAL TIME.

CLIMATE NORMAL PERIOD 1981 TO 2010
CLIMATE RECORD PERIOD 1874 TO 2014


WEATHER ITEM   OBSERVED TIME   RECORD YEAR NORMAL DEPARTURE LAST
                VALUE   (LST)  VALUE       VALUE  FROM      YEAR
                                                  NORMAL
..................................................................
TEMPERATURE (F)
 TODAY
  MAXIMUM         53    248 PM  78    1963  56     -3       52
  MINIMUM         44    324 AM  20    1952  37      7       31
  AVERAGE         49                        46      3       42

PRECIPITATION (IN)
  TODAY            0.14          1.85 1943   0.11   0.03      T
  MONTH TO DATE    3.96                      3.10   0.86     2.00
  SINCE SEP 1      4.85                      6.40  -1.55     6.81
  SINCE JAN 1     31.63                     32.55  -0.92    38.32

SNOWFALL (IN)
  TODAY           MM             T    1997   0.0   MM        0.0
  MONTH TO DATE    0.0                       0.0    0.0      0.0
  SINCE SEP 1      0.0                       0.0    0.0      0.0
  SINCE JUL 1      0.0                       0.0    0.0      0.0
  SNOW DEPTH       0

DEGREE DAYS
 HEATING
  TODAY           16                        19     -3       23
  MONTH TO DATE  269                       381   -112      263
  SINCE SEP 1    391                       525   -134      429
  SINCE JUL 1    399                       548   -149      435

 COOLING
  TODAY            0                         0      0        0
  MONTH TO DATE   18                         0     18        0
  SINCE SEP 1     92                        51     41       65
  SINCE JAN 1    659                       594     65      763
..................................................................


WIND (MPH)
  HIGHEST WIND SPEED    21   HIGHEST WIND DIRECTION     W (280)
  HIGHEST GUST SPEED    26   HIGHEST GUST DIRECTION    NW (330)
  AVERAGE WIND SPEED     9.4


SKY COVER
  AVERAGE SKY COVER 0.9



RELATIVE HUMIDITY (PERCENT)
 HIGHEST    86          1200 AM
 LOWEST     68           300 PM
 AVERAGE    77

..........................................................


THE ALBANY NY CLIMATE NORMALS FOR TOMORROW
                         NORMAL    RECORD    YEAR
 MAXIMUM TEMPERATURE (F)   56        79      1963
 MINIMUM TEMPERATURE (F)   36        21      1950


SUNRISE AND SUNSET
OCTOBER 26 2014.......SUNRISE   722 AM EDT   SUNSET   556 PM EDT
OCTOBER 27 2014.......SUNRISE   723 AM EDT   SUNSET   555 PM EDT


-  INDICATES NEGATIVE NUMBERS.
R  INDICATES RECORD WAS SET OR TIED.
MM INDICATES DATA IS MISSING.
T  INDICATES TRACE AMOUNT.




$$
