000
CDUS41 KALY 280621
CLIALB


CLIMATE REPORT
NATIONAL WEATHER SERVICE ALBANY NY
221 AM EDT THU JUL 28 2016


...................................

...THE ALBANY NY CLIMATE SUMMARY FOR JULY 27 2016...

CLIMATE NORMAL PERIOD 1981 TO 2010
CLIMATE RECORD PERIOD 1874 TO 2016


WEATHER ITEM   OBSERVED TIME   RECORD YEAR NORMAL DEPARTURE LAST
                VALUE   (LST)  VALUE       VALUE  FROM      YEAR
                                                  NORMAL
..................................................................
TEMPERATURE (F)
 YESTERDAY
  MAXIMUM         90    321 PM  97    1955  82      8       88
  MINIMUM         64    535 AM  47    1977  62      2       69
  AVERAGE         77                        72      5       79

PRECIPITATION (IN)
  YESTERDAY        0.00          2.15 2004   0.13  -0.13     0.00
  MONTH TO DATE    3.21                      3.59  -0.38     3.12
  SINCE JUN 1      5.52                      7.38  -1.86     9.82
  SINCE JAN 1     16.28                     22.16  -5.88    18.54

DEGREE DAYS
 HEATING
  YESTERDAY        0                         0      0        0
  MONTH TO DATE    0                         0      0        1
  SINCE JUN 1     38                        52    -14       52
  SINCE JUL 1      0                         0      0        1

 COOLING
  YESTERDAY       12                         7      5       14
  MONTH TO DATE  250                       186     64      198
  SINCE JUN 1    393                       304     89      309
  SINCE JAN 1    468                       334    134      432
..................................................................


WIND (MPH)
  HIGHEST WIND SPEED    16   HIGHEST WIND DIRECTION    NW (300)
  HIGHEST GUST SPEED    19   HIGHEST GUST DIRECTION    NW (300)
  AVERAGE WIND SPEED     3.3


SKY COVER
  AVERAGE SKY COVER 0.3



RELATIVE HUMIDITY (PERCENT)
 HIGHEST    84
 LOWEST     32
 AVERAGE    58

..........................................................


THE ALBANY NY CLIMATE NORMALS FOR TODAY
                         NORMAL    RECORD    YEAR
 MAXIMUM TEMPERATURE (F)   82        99      1929
 MINIMUM TEMPERATURE (F)   62        44      1971


SUNRISE AND SUNSET
JULY 28 2016..........SUNRISE   543 AM EDT   SUNSET   820 PM EDT
JULY 29 2016..........SUNRISE   544 AM EDT   SUNSET   819 PM EDT


-  INDICATES NEGATIVE NUMBERS.
R  INDICATES RECORD WAS SET OR TIED.
MM INDICATES DATA IS MISSING.
T  INDICATES TRACE AMOUNT.




$$
