000
CDUS41 KALY 130624
CLIALB


CLIMATE REPORT
NATIONAL WEATHER SERVICE ALBANY NY
124 AM EST TUE FEB 13 2018


...................................

...THE ALBANY NY CLIMATE SUMMARY FOR FEBRUARY 12 2018...

CLIMATE NORMAL PERIOD 1981 TO 2010
CLIMATE RECORD PERIOD 1874 TO 2018


WEATHER ITEM   OBSERVED TIME   RECORD YEAR NORMAL DEPARTURE LAST
                VALUE   (LST)  VALUE       VALUE  FROM      YEAR
                                                  NORMAL
..................................................................
TEMPERATURE (F)
 YESTERDAY
  MAXIMUM         38    218 AM  55    1932  34      4       31
  MINIMUM         22   1159 PM -16    1979  17      5       23
  AVERAGE         30                        25      5       27

PRECIPITATION (IN)
  YESTERDAY        0.00          1.29 1988   0.07  -0.07     0.70
  MONTH TO DATE    1.43                      0.92   0.51     2.13
  SINCE DEC 1      5.75                      6.44  -0.69     7.01
  SINCE JAN 1      3.82                      3.51   0.31     5.26

SNOWFALL (IN)
  YESTERDAY        0.0          13.5  1988   0.4   -0.4      7.6
  MONTH TO DATE    8.3                       5.5    2.8     22.2
  SINCE DEC 1     33.2                      37.1   -3.9     38.9
  SINCE JUL 1     33.2                      40.2   -7.0     41.2
  SNOW DEPTH       3

DEGREE DAYS
 HEATING
  YESTERDAY       35                        40     -5       38
  MONTH TO DATE  476                       490    -14      459
  SINCE DEC 1   3000                      2937     63     2586
  SINCE JUL 1   4114                      4341   -227     3742

 COOLING
  YESTERDAY        0                         0      0        0
  MONTH TO DATE    0                         0      0        0
  SINCE DEC 1      0                         0      0        0
  SINCE JAN 1      0                         0      0        0
..................................................................


WIND (MPH)
  HIGHEST WIND SPEED    23   HIGHEST WIND DIRECTION     W (290)
  HIGHEST GUST SPEED    35   HIGHEST GUST DIRECTION     W (290)
  AVERAGE WIND SPEED    16.3


SKY COVER
  AVERAGE SKY COVER 0.7



RELATIVE HUMIDITY (PERCENT)
 HIGHEST    85
 LOWEST     49
 AVERAGE    67

..........................................................


THE ALBANY NY CLIMATE NORMALS FOR TODAY
                         NORMAL    RECORD    YEAR
 MAXIMUM TEMPERATURE (F)   34        58      1900
 MINIMUM TEMPERATURE (F)   17       -18      1875


SUNRISE AND SUNSET
FEBRUARY 13 2018......SUNRISE   655 AM EST   SUNSET   524 PM EST
FEBRUARY 14 2018......SUNRISE   654 AM EST   SUNSET   526 PM EST


-  INDICATES NEGATIVE NUMBERS.
R  INDICATES RECORD WAS SET OR TIED.
MM INDICATES DATA IS MISSING.
T  INDICATES TRACE AMOUNT.




$$
