000
CDUS41 KALY 130639
CLIALB


CLIMATE REPORT
NATIONAL WEATHER SERVICE ALBANY NY
136 AM EST WED DEC 13 2017


...................................

...THE ALBANY NY CLIMATE SUMMARY FOR DECEMBER 12 2017...

CLIMATE NORMAL PERIOD 1981 TO 2010
CLIMATE RECORD PERIOD 1874 TO 2017


WEATHER ITEM   OBSERVED TIME   RECORD YEAR NORMAL DEPARTURE LAST
                VALUE   (LST)  VALUE       VALUE  FROM      YEAR
                                                  NORMAL
..................................................................
TEMPERATURE (F)
 YESTERDAY
  MAXIMUM         39   1112 AM  62    1979  37      2       40
  MINIMUM         22   1159 PM -12    1988  23     -1       28
  AVERAGE         31                        30      1       34

PRECIPITATION (IN)
  YESTERDAY        0.20          1.48 1967   0.10   0.10     0.24
  MONTH TO DATE    0.83                      1.25  -0.42     0.78
  SINCE DEC 1      0.83                      1.25  -0.42     0.78
  SINCE JAN 1     39.06                     37.67   1.39    32.41

SNOWFALL (IN)
  YESTERDAY        1.3           6.6  1970   0.4    0.9      2.4
  MONTH TO DATE    4.7                       4.3    0.4      5.2
  SINCE DEC 1      4.7                       4.3    0.4      5.2
  SINCE JUL 1      4.7                       7.4   -2.7      7.5
  SNOW DEPTH       2

DEGREE DAYS
 HEATING
  YESTERDAY       34                        35     -1       31
  MONTH TO DATE  375                       397    -22      378
  SINCE DEC 1    375                       397    -22      378
  SINCE JUL 1   1489                      1801   -312     1534

 COOLING
  YESTERDAY        0                         0      0        0
  MONTH TO DATE    0                         0      0        0
  SINCE DEC 1      0                         0      0        0
  SINCE JAN 1    714                       598    116      902
..................................................................


WIND (MPH)
  HIGHEST WIND SPEED    30   HIGHEST WIND DIRECTION    NW (300)
  HIGHEST GUST SPEED    41   HIGHEST GUST DIRECTION    NW (300)
  AVERAGE WIND SPEED    11.2


SKY COVER
  AVERAGE SKY COVER 0.9



RELATIVE HUMIDITY (PERCENT)
 HIGHEST    92
 LOWEST     50
 AVERAGE    71

..........................................................


THE ALBANY NY CLIMATE NORMALS FOR TODAY
                         NORMAL    RECORD    YEAR
 MAXIMUM TEMPERATURE (F)   37        58      1984
 MINIMUM TEMPERATURE (F)   22        -6      1988


SUNRISE AND SUNSET
DECEMBER 13 2017......SUNRISE   717 AM EST   SUNSET   422 PM EST
DECEMBER 14 2017......SUNRISE   718 AM EST   SUNSET   422 PM EST


-  INDICATES NEGATIVE NUMBERS.
R  INDICATES RECORD WAS SET OR TIED.
MM INDICATES DATA IS MISSING.
T  INDICATES TRACE AMOUNT.




$$
