000
CDUS41 KALY 180628
CLIALB


CLIMATE REPORT
NATIONAL WEATHER SERVICE ALBANY NY
227 AM EDT SUN JUN 18 2017


...................................

...THE ALBANY NY CLIMATE SUMMARY FOR JUNE 17 2017...

CLIMATE NORMAL PERIOD 1981 TO 2010
CLIMATE RECORD PERIOD 1874 TO 2017


WEATHER ITEM   OBSERVED TIME   RECORD YEAR NORMAL DEPARTURE LAST
                VALUE   (LST)  VALUE       VALUE  FROM      YEAR
                                                  NORMAL
..................................................................
TEMPERATURE (F)
 YESTERDAY
  MAXIMUM         81    447 PM  94    1994  79      2       81
  MINIMUM         64    545 AM  44    1954  57      7       56
  AVERAGE         73                        68      5       69

PRECIPITATION (IN)
  YESTERDAY        0.00          1.87 1920   0.13  -0.13     0.00
  MONTH TO DATE    2.52                      2.20   0.32     1.95
  SINCE JUN 1      2.52                      2.20   0.32     1.95
  SINCE JAN 1     21.43                     16.98   4.45    12.71

DEGREE DAYS
 HEATING
  YESTERDAY        0                         1     -1        0
  MONTH TO DATE   47                        42      5       38
  SINCE JUN 1     47                        42      5       38
  SINCE JUL 1   5864                      6670   -806     5454

 COOLING
  YESTERDAY        8                         4      4        4
  MONTH TO DATE   65                        49     16       55
  SINCE JUN 1     65                        49     16       55
  SINCE JAN 1    115                        79     36      130
..................................................................


WIND (MPH)
  HIGHEST WIND SPEED    18   HIGHEST WIND DIRECTION     S (170)
  HIGHEST GUST SPEED    26   HIGHEST GUST DIRECTION     S (160)
  AVERAGE WIND SPEED     7.9


SKY COVER
  AVERAGE SKY COVER 0.8



RELATIVE HUMIDITY (PERCENT)
 HIGHEST    87
 LOWEST     62
 AVERAGE    75

..........................................................


THE ALBANY NY CLIMATE NORMALS FOR TODAY
                         NORMAL    RECORD    YEAR
 MAXIMUM TEMPERATURE (F)   79        97      1957
 MINIMUM TEMPERATURE (F)   57        39      1958


SUNRISE AND SUNSET
JUNE 18 2017..........SUNRISE   517 AM EDT   SUNSET   836 PM EDT
JUNE 19 2017..........SUNRISE   517 AM EDT   SUNSET   837 PM EDT


-  INDICATES NEGATIVE NUMBERS.
R  INDICATES RECORD WAS SET OR TIED.
MM INDICATES DATA IS MISSING.
T  INDICATES TRACE AMOUNT.




$$
