626
CDUS41 KALY 191417
CLIALB


CLIMATE REPORT
NATIONAL WEATHER SERVICE ALBANY NY
1016 AM EDT SAT AUG 19 2017


...................................

...THE ALBANY NY CLIMATE SUMMARY FOR AUGUST 18 2017...

CLIMATE NORMAL PERIOD 1981 TO 2010
CLIMATE RECORD PERIOD 1874 TO 2017


WEATHER ITEM   OBSERVED TIME   RECORD YEAR NORMAL DEPARTURE LAST
                VALUE   (LST)  VALUE       VALUE  FROM      YEAR
                                                  NORMAL
..................................................................
TEMPERATURE (F)
 YESTERDAY
  MAXIMUM         77    553 PM  95    1913  80     -3       86
  MINIMUM         71   1159 PM  40    1981  60     11       64
  AVERAGE         74                        70      4       75

PRECIPITATION (IN)
  YESTERDAY        1.72          1.74 1875   0.11   1.61     0.00
  MONTH TO DATE    3.41                      2.14   1.27     3.20
  SINCE JUN 1     12.54                     10.05   2.49    11.95
  SINCE JAN 1     31.45                     24.83   6.62    22.71

DEGREE DAYS
 HEATING
  YESTERDAY        0                         1     -1        0
  MONTH TO DATE    0                         1     -1        0
  SINCE JUN 1     53                        58     -5       38
  SINCE JUL 1      2                         6     -4        0

 COOLING
  YESTERDAY        9                         6      3       10
  MONTH TO DATE  114                       117     -3      192
  SINCE JUN 1    481                       453     28      620
  SINCE JAN 1    531                       483     48      695
..................................................................


WIND (MPH)
  HIGHEST WIND SPEED    18   HIGHEST WIND DIRECTION     S (180)
  HIGHEST GUST SPEED    27   HIGHEST GUST DIRECTION     S (180)
  AVERAGE WIND SPEED     9.0


SKY COVER
  AVERAGE SKY COVER 0.9



RELATIVE HUMIDITY (PERCENT)
 HIGHEST    94
 LOWEST     68
 AVERAGE    81

..........................................................


THE ALBANY NY CLIMATE NORMALS FOR TODAY
                         NORMAL    RECORD    YEAR
 MAXIMUM TEMPERATURE (F)   80        92      1892
 MINIMUM TEMPERATURE (F)   60        43      1973


SUNRISE AND SUNSET
AUGUST 19 2017........SUNRISE   606 AM EDT   SUNSET   751 PM EDT
AUGUST 20 2017........SUNRISE   607 AM EDT   SUNSET   749 PM EDT


-  INDICATES NEGATIVE NUMBERS.
R  INDICATES RECORD WAS SET OR TIED.
MM INDICATES DATA IS MISSING.
T  INDICATES TRACE AMOUNT.




$$
