000
CDUS41 KALY 280624
CLIALB


CLIMATE REPORT
NATIONAL WEATHER SERVICE ALBANY NY
223 AM EDT TUE MAR 28 2017


...................................

...THE ALBANY NY CLIMATE SUMMARY FOR MARCH 27 2017...

CLIMATE NORMAL PERIOD 1981 TO 2010
CLIMATE RECORD PERIOD 1874 TO 2017


WEATHER ITEM   OBSERVED TIME   RECORD YEAR NORMAL DEPARTURE LAST
                VALUE   (LST)  VALUE       VALUE  FROM      YEAR
                                                  NORMAL
..................................................................
TEMPERATURE (F)
 YESTERDAY
  MAXIMUM         47    442 PM  78    1998  49     -2       58
  MINIMUM         36    701 AM  11    1975  30      6       40
  AVERAGE         42                        40      2       49

PRECIPITATION (IN)
  YESTERDAY        0.40          1.21 1913   0.11   0.29     0.00
  MONTH TO DATE    2.52                      2.79  -0.27     0.82
  SINCE MAR 1      2.52                      2.79  -0.27     0.82
  SINCE JAN 1      8.50                      7.58   0.92     6.13

SNOWFALL (IN)
  YESTERDAY        0.0           6.7  1959   0.2   -0.2      0.0
  MONTH TO DATE   17.6                      10.2    7.4      0.2
  SINCE MAR 1     17.6                      10.2    7.4      0.2
  SINCE JUL 1     58.8                      57.1    1.7     10.5
  SNOW DEPTH       1

DEGREE DAYS
 HEATING
  YESTERDAY       23                        26     -3       16
  MONTH TO DATE  925                       830     95      612
  SINCE MAR 1    925                       830     95      612
  SINCE JUL 1   5088                      5774   -686     4541

 COOLING
  YESTERDAY        0                         0      0        0
  MONTH TO DATE    0                         0      0        0
  SINCE MAR 1      0                         0      0        0
  SINCE JAN 1      0                         0      0        0
..................................................................


WIND (MPH)
  HIGHEST WIND SPEED    18   HIGHEST WIND DIRECTION     S (180)
  HIGHEST GUST SPEED    25   HIGHEST GUST DIRECTION     S (180)
  AVERAGE WIND SPEED     6.7


SKY COVER
  AVERAGE SKY COVER 1.0



RELATIVE HUMIDITY (PERCENT)
 HIGHEST    92
 LOWEST     70
 AVERAGE    81

..........................................................


THE ALBANY NY CLIMATE NORMALS FOR TODAY
                         NORMAL    RECORD    YEAR
 MAXIMUM TEMPERATURE (F)   50        85      1945
 MINIMUM TEMPERATURE (F)   30         3      1923


SUNRISE AND SUNSET
MARCH 28 2017.........SUNRISE   644 AM EDT   SUNSET   717 PM EDT
MARCH 29 2017.........SUNRISE   642 AM EDT   SUNSET   718 PM EDT


-  INDICATES NEGATIVE NUMBERS.
R  INDICATES RECORD WAS SET OR TIED.
MM INDICATES DATA IS MISSING.
T  INDICATES TRACE AMOUNT.




$$
