000
CDUS41 KALY 190623
CLIALB


CLIMATE REPORT
NATIONAL WEATHER SERVICE ALBANY NY
221 AM EDT WED JUL 19 2017


...................................

...THE ALBANY NY CLIMATE SUMMARY FOR JULY 18 2017...

CLIMATE NORMAL PERIOD 1981 TO 2010
CLIMATE RECORD PERIOD 1874 TO 2017


WEATHER ITEM   OBSERVED TIME   RECORD YEAR NORMAL DEPARTURE LAST
                VALUE   (LST)  VALUE       VALUE  FROM      YEAR
                                                  NORMAL
..................................................................
TEMPERATURE (F)
 YESTERDAY
  MAXIMUM         86    457 PM 100    1953  83      3       86
  MINIMUM         64    408 AM  46    1939  62      2       66
  AVERAGE         75                        72      3       76

PRECIPITATION (IN)
  YESTERDAY        0.01          1.86 2007   0.14  -0.13     0.03
  MONTH TO DATE    2.88                      2.39   0.49     3.16
  SINCE JUN 1      8.00                      6.18   1.82     5.47
  SINCE JAN 1     26.91                     20.96   5.95    16.23

DEGREE DAYS
 HEATING
  YESTERDAY        0                         0      0        0
  MONTH TO DATE    0                         0      0        0
  SINCE JUN 1     51                        52     -1       38
  SINCE JUL 1      0                         0      0        0

 COOLING
  YESTERDAY       10                         7      3       11
  MONTH TO DATE  148                       123     25      160
  SINCE JUN 1    295                       241     54      303
  SINCE JAN 1    345                       271     74      378
..................................................................


WIND (MPH)
  HIGHEST WIND SPEED     9   HIGHEST WIND DIRECTION     N (20)
  HIGHEST GUST SPEED    11   HIGHEST GUST DIRECTION     N (20)
  AVERAGE WIND SPEED     1.3


SKY COVER
  AVERAGE SKY COVER 0.5



RELATIVE HUMIDITY (PERCENT)
 HIGHEST   100
 LOWEST     51
 AVERAGE    76

..........................................................


THE ALBANY NY CLIMATE NORMALS FOR TODAY
                         NORMAL    RECORD    YEAR
 MAXIMUM TEMPERATURE (F)   83        97      1904
 MINIMUM TEMPERATURE (F)   62        47      1875


SUNRISE AND SUNSET
JULY 19 2017..........SUNRISE   534 AM EDT   SUNSET   828 PM EDT
JULY 20 2017..........SUNRISE   535 AM EDT   SUNSET   828 PM EDT


-  INDICATES NEGATIVE NUMBERS.
R  INDICATES RECORD WAS SET OR TIED.
MM INDICATES DATA IS MISSING.
T  INDICATES TRACE AMOUNT.




$$
