000
CDUS41 KALY 210623
CLIALB


CLIMATE REPORT
NATIONAL WEATHER SERVICE ALBANY NY
222 AM EDT THU JUL 21 2016


...................................

...THE ALBANY NY CLIMATE SUMMARY FOR JULY 20 2016...

CLIMATE NORMAL PERIOD 1981 TO 2010
CLIMATE RECORD PERIOD 1874 TO 2016


WEATHER ITEM   OBSERVED TIME   RECORD YEAR NORMAL DEPARTURE LAST
                VALUE   (LST)  VALUE       VALUE  FROM      YEAR
                                                  NORMAL
..................................................................
TEMPERATURE (F)
 YESTERDAY
  MAXIMUM         81    408 PM  97    1991  83     -2       87
  MINIMUM         53    448 AM  49    1974  62     -9       69
  AVERAGE         67                        72     -5       78

PRECIPITATION (IN)
  YESTERDAY        0.00          2.34 1945   0.14  -0.14     0.00
  MONTH TO DATE    3.16                      2.66   0.50     2.81
  SINCE JUN 1      5.47                      6.45  -0.98     9.51
  SINCE JAN 1     16.23                     21.23  -5.00    18.23

DEGREE DAYS
 HEATING
  YESTERDAY        0                         0      0        0
  MONTH TO DATE    0                         0      0        1
  SINCE JUN 1     38                        52    -14       52
  SINCE JUL 1      0                         0      0        1

 COOLING
  YESTERDAY        2                         7     -5       13
  MONTH TO DATE  166                       137     29      142
  SINCE JUN 1    309                       255     54      253
  SINCE JAN 1    384                       285     99      376
..................................................................


WIND (MPH)
  HIGHEST WIND SPEED    15   HIGHEST WIND DIRECTION     W (270)
  HIGHEST GUST SPEED    17   HIGHEST GUST DIRECTION     W (260)
  AVERAGE WIND SPEED     3.4


SKY COVER
  AVERAGE SKY COVER 0.2



RELATIVE HUMIDITY (PERCENT)
 HIGHEST    93
 LOWEST     32
 AVERAGE    63

..........................................................


THE ALBANY NY CLIMATE NORMALS FOR TODAY
                         NORMAL    RECORD    YEAR
 MAXIMUM TEMPERATURE (F)   83       101      1930
 MINIMUM TEMPERATURE (F)   62        45      1974


SUNRISE AND SUNSET
JULY 21 2016..........SUNRISE   536 AM EDT   SUNSET   826 PM EDT
JULY 22 2016..........SUNRISE   537 AM EDT   SUNSET   826 PM EDT


-  INDICATES NEGATIVE NUMBERS.
R  INDICATES RECORD WAS SET OR TIED.
MM INDICATES DATA IS MISSING.
T  INDICATES TRACE AMOUNT.




$$
