699
CDUS41 KALY 280626
CLIALB


CLIMATE REPORT
NATIONAL WEATHER SERVICE ALBANY NY
225 AM EDT SUN MAY 28 2017


...................................

...THE ALBANY NY CLIMATE SUMMARY FOR MAY 27 2017...

CLIMATE NORMAL PERIOD 1981 TO 2010
CLIMATE RECORD PERIOD 1874 TO 2017


WEATHER ITEM   OBSERVED TIME   RECORD YEAR NORMAL DEPARTURE LAST
                VALUE   (LST)  VALUE       VALUE  FROM      YEAR
                                                  NORMAL
..................................................................
TEMPERATURE (F)
 YESTERDAY
  MAXIMUM         71    444 PM  94    1914  73     -2       87
  MINIMUM         52    515 AM  30    1969  51      1       71
  AVERAGE         62                        62      0       79

PRECIPITATION (IN)
  YESTERDAY        T             2.03 1906   0.12  -0.12      T
  MONTH TO DATE    4.64                      3.11   1.53     1.82
  SINCE MAR 1     11.59                      9.49   2.10     4.84
  SINCE JAN 1     17.57                     14.28   3.29    10.15

SNOWFALL (IN)
  YESTERDAY        0.0           0.0    MM   0.0    0.0      0.0
  MONTH TO DATE    T                         0.1   -0.1      0.0
  SINCE MAR 1     19.6                      13.4    6.2      6.6
  SINCE JUL 1     60.8                      60.3    0.5     16.9
  SNOW DEPTH       0

DEGREE DAYS
 HEATING
  YESTERDAY        3                         5     -2        0
  MONTH TO DATE  242                       217     25      236
  SINCE MAR 1   1640                      1666    -26     1487
  SINCE JUL 1   5803                      6610   -807     5416

 COOLING
  YESTERDAY        0                         1     -1       14
  MONTH TO DATE   24                        16      8       28
  SINCE MAR 1     46                        20     26       30
  SINCE JAN 1     46                        20     26       30
..................................................................


WIND (MPH)
  HIGHEST WIND SPEED    13   HIGHEST WIND DIRECTION     N (360)
  HIGHEST GUST SPEED    17   HIGHEST GUST DIRECTION    NE (40)
  AVERAGE WIND SPEED     3.3


SKY COVER
  AVERAGE SKY COVER 0.8



RELATIVE HUMIDITY (PERCENT)
 HIGHEST    96
 LOWEST     44
 AVERAGE    70

..........................................................


THE ALBANY NY CLIMATE NORMALS FOR TODAY
                         NORMAL    RECORD    YEAR
 MAXIMUM TEMPERATURE (F)   73        93      2016
 MINIMUM TEMPERATURE (F)   51        33      1994


SUNRISE AND SUNSET
MAY 28 2017...........SUNRISE   522 AM EDT   SUNSET   824 PM EDT
MAY 29 2017...........SUNRISE   521 AM EDT   SUNSET   825 PM EDT


-  INDICATES NEGATIVE NUMBERS.
R  INDICATES RECORD WAS SET OR TIED.
MM INDICATES DATA IS MISSING.
T  INDICATES TRACE AMOUNT.




$$
