000
CDUS41 KALY 242044
CLIALB


CLIMATE REPORT
NATIONAL WEATHER SERVICE ALBANY NY
443 PM EDT TUE MAR 24 2015


...................................

...THE ALBANY NY CLIMATE SUMMARY FOR MARCH 24 2015...
VALID TODAY AS OF 0400 PM LOCAL TIME.

CLIMATE NORMAL PERIOD 1981 TO 2010
CLIMATE RECORD PERIOD 1874 TO 2015


WEATHER ITEM   OBSERVED TIME   RECORD YEAR NORMAL DEPARTURE LAST
                VALUE   (LST)  VALUE       VALUE  FROM      YEAR
                                                  NORMAL
..................................................................
TEMPERATURE (F)
 TODAY
  MAXIMUM         39    330 PM  69    1976  48     -9       30
  MINIMUM         12    546 AM   0    1875  29    -17       13
  AVERAGE         26                        38    -12       22

PRECIPITATION (IN)
  TODAY            0.00          0.99 1966   0.11  -0.11     0.00
  MONTH TO DATE    0.38                      2.46  -2.08     0.98
  SINCE MAR 1      0.38                      2.46  -2.08     0.98
  SINCE JAN 1      4.70                      7.25  -2.55     6.77

SNOWFALL (IN)
  TODAY            0.0           5.5  1956   0.2   -0.2      0.0
  MONTH TO DATE    3.2                       8.7   -5.5      5.9
  SINCE MAR 1      3.2                       8.7   -5.5      5.9
  SINCE JUL 1     73.8                      55.2   18.6     71.1
  SNOW DEPTH       0

DEGREE DAYS
 HEATING
  TODAY           39                        27     12       43
  MONTH TO DATE  873                       752    121      937
  SINCE MAR 1    873                       752    121      937
  SINCE JUL 1   6003                      5696    307     6054

 COOLING
  TODAY            0                         0      0        0
  MONTH TO DATE    0                         0      0        0
  SINCE MAR 1      0                         0      0        0
  SINCE JAN 1      0                         0      0        0
..................................................................


WIND (MPH)
  HIGHEST WIND SPEED    10   HIGHEST WIND DIRECTION     N (350)
  HIGHEST GUST SPEED    18   HIGHEST GUST DIRECTION     N (350)
  AVERAGE WIND SPEED     4.7


SKY COVER
  AVERAGE SKY COVER 0.4



RELATIVE HUMIDITY (PERCENT)
 HIGHEST    67           600 AM
 LOWEST     29           300 PM
 AVERAGE    48

..........................................................


THE ALBANY NY CLIMATE NORMALS FOR TOMORROW
                         NORMAL    RECORD    YEAR
 MAXIMUM TEMPERATURE (F)   48        74      1910
 MINIMUM TEMPERATURE (F)   29         0      1875


SUNRISE AND SUNSET
MARCH 24 2015.........SUNRISE   652 AM EDT   SUNSET   712 PM EDT
MARCH 25 2015.........SUNRISE   650 AM EDT   SUNSET   713 PM EDT


-  INDICATES NEGATIVE NUMBERS.
R  INDICATES RECORD WAS SET OR TIED.
MM INDICATES DATA IS MISSING.
T  INDICATES TRACE AMOUNT.




$$
