000
CDUS41 KALY 280622
CLIALB


CLIMATE REPORT
NATIONAL WEATHER SERVICE ALBANY NY
222 AM EDT THU APR 28 2016


...................................

...THE ALBANY NY CLIMATE SUMMARY FOR APRIL 27 2016...

CLIMATE NORMAL PERIOD 1981 TO 2010
CLIMATE RECORD PERIOD 1874 TO 2016


WEATHER ITEM   OBSERVED TIME   RECORD YEAR NORMAL DEPARTURE LAST
                VALUE   (LST)  VALUE       VALUE  FROM      YEAR
                                                  NORMAL
..................................................................
TEMPERATURE (F)
 YESTERDAY
  MAXIMUM         58    440 PM  91    1962  63     -5       59
  MINIMUM         34    113 AM  26    1963  41     -7       44
  AVERAGE         46                        52     -6       52

PRECIPITATION (IN)
  YESTERDAY        0.00          0.86 1979   0.10  -0.10     0.02
  MONTH TO DATE    1.84                      2.84  -1.00     2.10
  SINCE MAR 1      3.02                      6.05  -3.03     3.35
  SINCE JAN 1      8.33                     10.84  -2.51     7.67

SNOWFALL (IN)
  YESTERDAY        0.0           T    1946   0.0    0.0      0.0
  MONTH TO DATE    6.4                       2.2    4.2       T
  SINCE MAR 1      6.6                      13.2   -6.6      5.3
  SINCE JUL 1     16.9                      60.1  -43.2     75.9
  SNOW DEPTH       0

DEGREE DAYS
 HEATING
  YESTERDAY       19                        13      6       13
  MONTH TO DATE  524                       483     41      486
  SINCE MAR 1   1206                      1412   -206     1571
  SINCE JUL 1   5135                      6356  -1221     6701

 COOLING
  YESTERDAY        0                         0      0        0
  MONTH TO DATE    2                         0      2        0
  SINCE MAR 1      2                         0      2        0
  SINCE JAN 1      2                         0      2        0
..................................................................


WIND (MPH)
  HIGHEST WIND SPEED    18   HIGHEST WIND DIRECTION    NW (320)
  HIGHEST GUST SPEED    27   HIGHEST GUST DIRECTION     W (270)
  AVERAGE WIND SPEED     8.8


SKY COVER
  AVERAGE SKY COVER 0.4



RELATIVE HUMIDITY (PERCENT)
 HIGHEST    92
 LOWEST     24
 AVERAGE    58

..........................................................


THE ALBANY NY CLIMATE NORMALS FOR TODAY
                         NORMAL    RECORD    YEAR
 MAXIMUM TEMPERATURE (F)   64        92      1990
 MINIMUM TEMPERATURE (F)   42        25      1947


SUNRISE AND SUNSET
APRIL 28 2016.........SUNRISE   553 AM EDT   SUNSET   753 PM EDT
APRIL 29 2016.........SUNRISE   552 AM EDT   SUNSET   754 PM EDT


-  INDICATES NEGATIVE NUMBERS.
R  INDICATES RECORD WAS SET OR TIED.
MM INDICATES DATA IS MISSING.
T  INDICATES TRACE AMOUNT.




$$
