000
CDUS41 KALY 230623
CLIALB


CLIMATE REPORT
NATIONAL WEATHER SERVICE ALBANY NY
222 AM EDT THU MAR 23 2017


...................................

...THE ALBANY NY CLIMATE SUMMARY FOR MARCH 22 2017...

CLIMATE NORMAL PERIOD 1981 TO 2010
CLIMATE RECORD PERIOD 1874 TO 2017


WEATHER ITEM   OBSERVED TIME   RECORD YEAR NORMAL DEPARTURE LAST
                VALUE   (LST)  VALUE       VALUE  FROM      YEAR
                                                  NORMAL
..................................................................
TEMPERATURE (F)
 YESTERDAY
  MAXIMUM         39   1235 AM  81    2012  47     -8       53
  MINIMUM         17   1115 PM   2    1875  28    -11       27
  AVERAGE         28                        37     -9       40

PRECIPITATION (IN)
  YESTERDAY        0.00          1.66 1999   0.12  -0.12      T
  MONTH TO DATE    1.79                      2.24  -0.45     0.77
  SINCE MAR 1      1.79                      2.24  -0.45     0.77
  SINCE JAN 1      7.77                      7.03   0.74     6.08

SNOWFALL (IN)
  YESTERDAY        0.0           7.0  1887   0.3   -0.3       T
  MONTH TO DATE   17.2                       8.9    8.3      0.2
  SINCE MAR 1     17.2                       8.9    8.3      0.2
  SINCE JUL 1     58.4                      55.8    2.6     10.5
  SNOW DEPTH       4

DEGREE DAYS
 HEATING
  YESTERDAY       37                        28      9       25
  MONTH TO DATE  770                       698     72      518
  SINCE MAR 1    770                       698     72      518
  SINCE JUL 1   4933                      5642   -709     4447

 COOLING
  YESTERDAY        0                         0      0        0
  MONTH TO DATE    0                         0      0        0
  SINCE MAR 1      0                         0      0        0
  SINCE JAN 1      0                         0      0        0
..................................................................


WIND (MPH)
  HIGHEST WIND SPEED    30   HIGHEST WIND DIRECTION     W (290)
  HIGHEST GUST SPEED    42   HIGHEST GUST DIRECTION    NW (300)
  AVERAGE WIND SPEED    17.8


SKY COVER
  AVERAGE SKY COVER 0.3



RELATIVE HUMIDITY (PERCENT)
 HIGHEST    70
 LOWEST     26
 AVERAGE    48

..........................................................


THE ALBANY NY CLIMATE NORMALS FOR TODAY
                         NORMAL    RECORD    YEAR
 MAXIMUM TEMPERATURE (F)   47        80      1938
 MINIMUM TEMPERATURE (F)   28        -4      1875


SUNRISE AND SUNSET
MARCH 23 2017.........SUNRISE   653 AM EDT   SUNSET   711 PM EDT
MARCH 24 2017.........SUNRISE   651 AM EDT   SUNSET   712 PM EDT


-  INDICATES NEGATIVE NUMBERS.
R  INDICATES RECORD WAS SET OR TIED.
MM INDICATES DATA IS MISSING.
T  INDICATES TRACE AMOUNT.




$$
