000
CDUS41 KALY 132054
CLIALB


CLIMATE REPORT
NATIONAL WEATHER SERVICE ALBANY NY
453 PM EDT FRI OCT 13 2017


...................................

...THE ALBANY NY CLIMATE SUMMARY FOR OCTOBER 13 2017...
VALID TODAY AS OF 0400 PM LOCAL TIME.

CLIMATE NORMAL PERIOD 1981 TO 2010
CLIMATE RECORD PERIOD 1874 TO 2017


WEATHER ITEM   OBSERVED TIME   RECORD YEAR NORMAL DEPARTURE LAST
                VALUE   (LST)  VALUE       VALUE  FROM      YEAR
                                                  NORMAL
..................................................................
TEMPERATURE (F)
 TODAY
  MAXIMUM         66    313 PM  81    1930  61      5       65
  MINIMUM         38    503 AM  24    1981  40     -2       44
  AVERAGE         52                        51      1       55

PRECIPITATION (IN)
  TODAY            0.00          2.17 1927   0.12  -0.12     0.02
  MONTH TO DATE    0.72                      1.57  -0.85     0.11
  SINCE SEP 1      3.45                      4.87  -1.42     2.29
  SINCE JAN 1     35.25                     31.02   4.23    25.74

SNOWFALL (IN)
  TODAY           MM             T    1934   0.0   MM        0.0
  MONTH TO DATE    0.0                       0.1   -0.1      0.0
  SINCE SEP 1      0.0                       0.1   -0.1      0.0
  SINCE JUL 1      0.0                       0.1   -0.1      0.0
  SNOW DEPTH      MM

DEGREE DAYS
 HEATING
  TODAY           13                        15     -2       10
  MONTH TO DATE   78                       160    -82      105
  SINCE SEP 1    171                       304   -133      171
  SINCE JUL 1    190                       327   -137      172

 COOLING
  TODAY            0                         0      0        0
  MONTH TO DATE   14                         0     14        0
  SINCE SEP 1    134                        51     83      108
  SINCE JAN 1    709                       594    115      896
..................................................................


WIND (MPH)
  HIGHEST WIND SPEED    15   HIGHEST WIND DIRECTION     S (180)
  HIGHEST GUST SPEED    20   HIGHEST GUST DIRECTION     S (190)
  AVERAGE WIND SPEED     4.9


SKY COVER
  AVERAGE SKY COVER 0.4



RELATIVE HUMIDITY (PERCENT)
 HIGHEST    92           700 AM
 LOWEST     43           300 PM
 AVERAGE    68

..........................................................


THE ALBANY NY CLIMATE NORMALS FOR TOMORROW
                         NORMAL    RECORD    YEAR
 MAXIMUM TEMPERATURE (F)   61        81      1920
 MINIMUM TEMPERATURE (F)   40        21      1958


SUNRISE AND SUNSET
OCTOBER 13 2017.......SUNRISE   706 AM EDT   SUNSET   616 PM EDT
OCTOBER 14 2017.......SUNRISE   707 AM EDT   SUNSET   614 PM EDT


-  INDICATES NEGATIVE NUMBERS.
R  INDICATES RECORD WAS SET OR TIED.
MM INDICATES DATA IS MISSING.
T  INDICATES TRACE AMOUNT.




$$
