000
CDUS41 KALY 300622
CLIALB


CLIMATE REPORT
NATIONAL WEATHER SERVICE ALBANY NY
122 AM EST WED NOV 30 2016


...................................

...THE ALBANY NY CLIMATE SUMMARY FOR NOVEMBER 29 2016...

CLIMATE NORMAL PERIOD 1981 TO 2010
CLIMATE RECORD PERIOD 1874 TO 2016


WEATHER ITEM   OBSERVED TIME   RECORD YEAR NORMAL DEPARTURE LAST
                VALUE   (LST)  VALUE       VALUE  FROM      YEAR
                                                  NORMAL
..................................................................
TEMPERATURE (F)
 YESTERDAY
  MAXIMUM         53   1007 PM  66    2005  42     11       41
  MINIMUM         30    210 AM   3    1875  28      2       28
  AVERAGE         42                        35      7       35

PRECIPITATION (IN)
  YESTERDAY        0.13          0.85 1905   0.10   0.03     0.00
  MONTH TO DATE    2.87                      3.18  -0.31     1.75
  SINCE SEP 1      7.95                     10.16  -2.21    11.84
  SINCE JAN 1     31.40                     36.31  -4.91    34.98

SNOWFALL (IN)
  YESTERDAY        0.0           3.3  1945   0.2   -0.2      0.0
  MONTH TO DATE    0.6                       2.6   -2.0       T
  SINCE SEP 1      2.3                       2.9   -0.6       T
  SINCE JUL 1      2.3                       2.9   -0.6       T
  SNOW DEPTH       0

DEGREE DAYS
 HEATING
  YESTERDAY       23                        30     -7       30
  MONTH TO DATE  684                       729    -45      541
  SINCE SEP 1   1138                      1351   -213     1048
  SINCE JUL 1   1139                      1374   -235     1049

 COOLING
  YESTERDAY        0                         0      0        0
  MONTH TO DATE    0                         0      0        0
  SINCE SEP 1    114                        55     59      158
  SINCE JAN 1    902                       598    304      906
..................................................................


WIND (MPH)
  HIGHEST WIND SPEED    20   HIGHEST WIND DIRECTION    SW (210)
  HIGHEST GUST SPEED    26   HIGHEST GUST DIRECTION    SW (210)
  AVERAGE WIND SPEED     6.5


SKY COVER
  AVERAGE SKY COVER 1.0



RELATIVE HUMIDITY (PERCENT)
 HIGHEST   100
 LOWEST     76
 AVERAGE    88

..........................................................


THE ALBANY NY CLIMATE NORMALS FOR TODAY
                         NORMAL    RECORD    YEAR
 MAXIMUM TEMPERATURE (F)   42        67      1933
 MINIMUM TEMPERATURE (F)   27       -10      1875


SUNRISE AND SUNSET
NOVEMBER 30 2016......SUNRISE   705 AM EST   SUNSET   423 PM EST
DECEMBER  1 2016......SUNRISE   706 AM EST   SUNSET   422 PM EST


-  INDICATES NEGATIVE NUMBERS.
R  INDICATES RECORD WAS SET OR TIED.
MM INDICATES DATA IS MISSING.
T  INDICATES TRACE AMOUNT.




$$
