000
CDUS41 KALY 220634
CLIALB


CLIMATE REPORT
NATIONAL WEATHER SERVICE ALBANY NY
233 AM EDT MON AUG 22 2016


...................................

...THE ALBANY NY CLIMATE SUMMARY FOR AUGUST 21 2016...

CLIMATE NORMAL PERIOD 1981 TO 2010
CLIMATE RECORD PERIOD 1874 TO 2016


WEATHER ITEM   OBSERVED TIME   RECORD YEAR NORMAL DEPARTURE LAST
                VALUE   (LST)  VALUE       VALUE  FROM      YEAR
                                                  NORMAL
..................................................................
TEMPERATURE (F)
 YESTERDAY
  MAXIMUM         85   1246 PM  98    1916  80      5       82
  MINIMUM         66   1009 PM  42    1977  59      7       63
  AVERAGE         76                        70      6       73

PRECIPITATION (IN)
  YESTERDAY        0.42          1.48 2009   0.10   0.32     0.86
  MONTH TO DATE    3.62                      2.46   1.16     3.85
  SINCE JUN 1     12.37                     10.37   2.00    13.97
  SINCE JAN 1     23.13                     25.15  -2.02    22.69

DEGREE DAYS
 HEATING
  YESTERDAY        0                         1     -1        0
  MONTH TO DATE    0                         4     -4        0
  SINCE JUN 1     38                        61    -23       52
  SINCE JUL 1      0                         9     -9        1

 COOLING
  YESTERDAY       11                         5      6        8
  MONTH TO DATE  222                       133     89      195
  SINCE JUN 1    650                       469    181      561
  SINCE JAN 1    725                       499    226      684
..................................................................


WIND (MPH)
  HIGHEST WIND SPEED    25   HIGHEST WIND DIRECTION     S (170)
  HIGHEST GUST SPEED    33   HIGHEST GUST DIRECTION     S (160)
  AVERAGE WIND SPEED    10.8


SKY COVER
  AVERAGE SKY COVER 0.8



RELATIVE HUMIDITY (PERCENT)
 HIGHEST    93
 LOWEST     55
 AVERAGE    74

..........................................................


THE ALBANY NY CLIMATE NORMALS FOR TODAY
                         NORMAL    RECORD    YEAR
 MAXIMUM TEMPERATURE (F)   80        93      1916
 MINIMUM TEMPERATURE (F)   59        39      1982


SUNRISE AND SUNSET
AUGUST 22 2016........SUNRISE   610 AM EDT   SUNSET   745 PM EDT
AUGUST 23 2016........SUNRISE   611 AM EDT   SUNSET   744 PM EDT


-  INDICATES NEGATIVE NUMBERS.
R  INDICATES RECORD WAS SET OR TIED.
MM INDICATES DATA IS MISSING.
T  INDICATES TRACE AMOUNT.




$$
