297
CDUS41 KALY 150622
CLIALB


CLIMATE REPORT
NATIONAL WEATHER SERVICE ALBANY NY
221 AM EDT FRI MAY 15 2015


...................................

...THE ALBANY NY CLIMATE SUMMARY FOR MAY 14 2015...

CLIMATE NORMAL PERIOD 1981 TO 2010
CLIMATE RECORD PERIOD 1874 TO 2015


WEATHER ITEM   OBSERVED TIME   RECORD YEAR NORMAL DEPARTURE LAST
                VALUE   (LST)  VALUE       VALUE  FROM      YEAR
                                                  NORMAL
..................................................................
TEMPERATURE (F)
 YESTERDAY
  MAXIMUM         70    451 PM  93    1900  69      1       79
  MINIMUM         37    310 AM  30    1996  46     -9       50
  AVERAGE         54                        58     -4       65

PRECIPITATION (IN)
  YESTERDAY        0.00          1.54 1937   0.11  -0.11     0.12
  MONTH TO DATE    0.01                      1.52  -1.51     0.63
  SINCE MAR 1      3.36                      7.90  -4.54     5.79
  SINCE JAN 1      7.68                     12.69  -5.01    11.58

SNOWFALL (IN)
  YESTERDAY        0.0           0.0         0.0    0.0      0.0
  MONTH TO DATE    0.0                       0.1   -0.1      0.0
  SINCE MAR 1      5.3                      12.6   -7.3      8.3
  SINCE JUL 1     75.9                      59.1   16.8     73.5
  SNOW DEPTH       0

DEGREE DAYS
 HEATING
  YESTERDAY       11                         8      3        0
  MONTH TO DATE   36                       136   -100       94
  SINCE MAR 1   1632                      1585     47     1766
  SINCE JUL 1   6762                      6529    233     6883

 COOLING
  YESTERDAY        0                         1     -1        0
  MONTH TO DATE   54                         3     51       12
  SINCE MAR 1     54                         7     47       18
  SINCE JAN 1     54                         7     47       18
..................................................................


WIND (MPH)
  HIGHEST WIND SPEED    15   HIGHEST WIND DIRECTION    NW (300)
  HIGHEST GUST SPEED    19   HIGHEST GUST DIRECTION    NW (300)
  AVERAGE WIND SPEED     2.9


SKY COVER
  AVERAGE SKY COVER 0.2



RELATIVE HUMIDITY (PERCENT)
 HIGHEST    79
 LOWEST     23
 AVERAGE    51

..........................................................


THE ALBANY NY CLIMATE NORMALS FOR TODAY
                         NORMAL    RECORD    YEAR
 MAXIMUM TEMPERATURE (F)   69        93      1900
 MINIMUM TEMPERATURE (F)   47        31      1977


SUNRISE AND SUNSET
MAY 15 2015...........SUNRISE   533 AM EDT   SUNSET   811 PM EDT
MAY 16 2015...........SUNRISE   532 AM EDT   SUNSET   812 PM EDT


-  INDICATES NEGATIVE NUMBERS.
R  INDICATES RECORD WAS SET OR TIED.
MM INDICATES DATA IS MISSING.
T  INDICATES TRACE AMOUNT.




$$
