672
CDUS41 KALY 030628
CLIALB


CLIMATE REPORT
NATIONAL WEATHER SERVICE ALBANY NY
127 AM EST WED FEB 3 2016


...................................

...THE ALBANY NY CLIMATE SUMMARY FOR FEBRUARY 2 2016...

CLIMATE NORMAL PERIOD 1981 TO 2010
CLIMATE RECORD PERIOD 1874 TO 2016


WEATHER ITEM   OBSERVED TIME   RECORD YEAR NORMAL DEPARTURE LAST
                VALUE   (LST)  VALUE       VALUE  FROM      YEAR
                                                  NORMAL
..................................................................
TEMPERATURE (F)
 YESTERDAY
  MAXIMUM         46    348 PM  53    1981  32     14       12
  MINIMUM         29    651 PM -18    1961  15     14       -1
  AVERAGE         38                        23     15        6

PRECIPITATION (IN)
  YESTERDAY        0.00          0.88 2015   0.08  -0.08     0.88
  MONTH TO DATE    T                         0.16  -0.16     0.88
  SINCE DEC 1      4.91                      5.68  -0.77     8.42
  SINCE JAN 1      1.24                      2.75  -1.51     3.05

SNOWFALL (IN)
  YESTERDAY        0.0          11.9  2015   0.4   -0.4     11.9
  MONTH TO DATE    0.0                       0.9   -0.9     11.9
  SINCE DEC 1      5.5                      32.5  -27.0     39.6
  SINCE JUL 1      5.5                      35.6  -30.1     51.9
  SNOW DEPTH       0

DEGREE DAYS
 HEATING
  YESTERDAY       27                        42    -15       59
  MONTH TO DATE   47                        84    -37      106
  SINCE DEC 1   1905                      2531   -626     2502
  SINCE JUL 1   2988                      3935   -947     3777

 COOLING
  YESTERDAY        0                         0      0        0
  MONTH TO DATE    0                         0      0        0
  SINCE DEC 1      0                         0      0        0
  SINCE JAN 1      0                         0      0        0
..................................................................


WIND (MPH)
  HIGHEST WIND SPEED    18   HIGHEST WIND DIRECTION    NW (310)
  HIGHEST GUST SPEED    27   HIGHEST GUST DIRECTION    NW (300)
  AVERAGE WIND SPEED     5.9


SKY COVER
  AVERAGE SKY COVER 0.4



RELATIVE HUMIDITY (PERCENT)
 HIGHEST    75
 LOWEST     38
 AVERAGE    57

..........................................................


THE ALBANY NY CLIMATE NORMALS FOR TODAY
                         NORMAL    RECORD    YEAR
 MAXIMUM TEMPERATURE (F)   32        56      2006
                                             1991
 MINIMUM TEMPERATURE (F)   15       -18      1955


SUNRISE AND SUNSET
FEBRUARY  3 2016......SUNRISE   708 AM EST   SUNSET   510 PM EST
FEBRUARY  4 2016......SUNRISE   707 AM EST   SUNSET   512 PM EST


-  INDICATES NEGATIVE NUMBERS.
R  INDICATES RECORD WAS SET OR TIED.
MM INDICATES DATA IS MISSING.
T  INDICATES TRACE AMOUNT.




$$
