000
CDUS41 KALY 160626
CLIALB


CLIMATE REPORT
NATIONAL WEATHER SERVICE ALBANY NY
226 AM EDT TUE SEP 16 2014


...................................

...THE ALBANY NY CLIMATE SUMMARY FOR SEPTEMBER 15 2014...

CLIMATE NORMAL PERIOD 1981 TO 2010
CLIMATE RECORD PERIOD 1874 TO 2014


WEATHER ITEM   OBSERVED TIME   RECORD YEAR NORMAL DEPARTURE LAST
                VALUE   (LST)  VALUE       VALUE  FROM      YEAR
                                                  NORMAL
..................................................................
TEMPERATURE (F)
 YESTERDAY
  MAXIMUM         67    317 PM  92    1915  73     -6       69
  MINIMUM         41    550 AM  33    1975  52    -11       42
  AVERAGE         54                        62     -8       56

PRECIPITATION (IN)
  YESTERDAY        T             2.76 1916   0.10  -0.10     0.00
  MONTH TO DATE    0.64                      1.53  -0.89     3.89
  SINCE SEP 1      0.64                      1.53  -0.89     3.89
  SINCE JAN 1     27.42                     27.68  -0.26    35.40

DEGREE DAYS
 HEATING
  YESTERDAY       11                         4      7        9
  MONTH TO DATE   47                        39      8       51
  SINCE SEP 1     47                        39      8       51
  SINCE JUL 1     55                        62     -7       57

 COOLING
  YESTERDAY        0                         2     -2        0
  MONTH TO DATE   65                        39     26       64
  SINCE SEP 1     65                        39     26       64
  SINCE JAN 1    632                       582     50      762
..................................................................


WIND (MPH)
  HIGHEST WIND SPEED     8   HIGHEST WIND DIRECTION     N (360)
  HIGHEST GUST SPEED    11   HIGHEST GUST DIRECTION     N (10)
  AVERAGE WIND SPEED     2.1


SKY COVER
  AVERAGE SKY COVER 0.6



RELATIVE HUMIDITY (PERCENT)
 HIGHEST    93
 LOWEST     37
 AVERAGE    65

..........................................................


THE ALBANY NY CLIMATE NORMALS FOR TODAY
                         NORMAL    RECORD    YEAR
 MAXIMUM TEMPERATURE (F)   72        92      1939
 MINIMUM TEMPERATURE (F)   52        32      1964


SUNRISE AND SUNSET
SEPTEMBER 16 2014.....SUNRISE   636 AM EDT   SUNSET   703 PM EDT
SEPTEMBER 17 2014.....SUNRISE   637 AM EDT   SUNSET   702 PM EDT


-  INDICATES NEGATIVE NUMBERS.
R  INDICATES RECORD WAS SET OR TIED.
MM INDICATES DATA IS MISSING.
T  INDICATES TRACE AMOUNT.




$$
