000
CDUS41 KALY 200623
CLIALB


CLIMATE REPORT
NATIONAL WEATHER SERVICE ALBANY NY
223 AM EDT FRI MAY 20 2016


...................................

...THE ALBANY NY CLIMATE SUMMARY FOR MAY 19 2016...

CLIMATE NORMAL PERIOD 1981 TO 2010
CLIMATE RECORD PERIOD 1874 TO 2016


WEATHER ITEM   OBSERVED TIME   RECORD YEAR NORMAL DEPARTURE LAST
                VALUE   (LST)  VALUE       VALUE  FROM      YEAR
                                                  NORMAL
..................................................................
TEMPERATURE (F)
 YESTERDAY
  MAXIMUM         70    446 PM  91    1989  70      0       78
  MINIMUM         49   1148 PM  29    1981  48      1       54
  AVERAGE         60                        59      1       66

PRECIPITATION (IN)
  YESTERDAY        T             1.27 1976   0.12  -0.12     0.25
  MONTH TO DATE    1.79                      2.10  -0.31     0.31
  SINCE MAR 1      4.81                      8.48  -3.67     3.66
  SINCE JAN 1     10.12                     13.27  -3.15     7.98

SNOWFALL (IN)
  YESTERDAY        0.0           T    1976   0.0    0.0      0.0
  MONTH TO DATE    0.0                       0.1   -0.1      0.0
  SINCE MAR 1      6.6                      13.4   -6.8      5.3
  SINCE JUL 1     16.9                      60.3  -43.4     75.9
  SNOW DEPTH       0

DEGREE DAYS
 HEATING
  YESTERDAY        5                         7     -2        0
  MONTH TO DATE  217                       172     45       43
  SINCE MAR 1   1468                      1621   -153     1639
  SINCE JUL 1   5397                      6565  -1168     6769

 COOLING
  YESTERDAY        0                         1     -1        1
  MONTH TO DATE    0                         8     -8       63
  SINCE MAR 1      2                        12    -10       63
  SINCE JAN 1      2                        12    -10       63
..................................................................


WIND (MPH)
  HIGHEST WIND SPEED    18   HIGHEST WIND DIRECTION    NW (300)
  HIGHEST GUST SPEED    25   HIGHEST GUST DIRECTION    NW (300)
  AVERAGE WIND SPEED     3.6


SKY COVER
  AVERAGE SKY COVER 0.7



RELATIVE HUMIDITY (PERCENT)
 HIGHEST    71
 LOWEST     33
 AVERAGE    52

..........................................................


THE ALBANY NY CLIMATE NORMALS FOR TODAY
                         NORMAL    RECORD    YEAR
 MAXIMUM TEMPERATURE (F)   71        91      1962
 MINIMUM TEMPERATURE (F)   48        29      2002


SUNRISE AND SUNSET
MAY 20 2016...........SUNRISE   528 AM EDT   SUNSET   817 PM EDT
MAY 21 2016...........SUNRISE   527 AM EDT   SUNSET   818 PM EDT


-  INDICATES NEGATIVE NUMBERS.
R  INDICATES RECORD WAS SET OR TIED.
MM INDICATES DATA IS MISSING.
T  INDICATES TRACE AMOUNT.




$$
