000
CDUS41 KALY 102154
CLIALB


CLIMATE REPORT
NATIONAL WEATHER SERVICE ALBANY NY
454 PM EST SUN DEC 10 2017


...................................

...THE ALBANY NY CLIMATE SUMMARY FOR DECEMBER 10 2017...
VALID TODAY AS OF 0400 PM LOCAL TIME.

CLIMATE NORMAL PERIOD 1981 TO 2010
CLIMATE RECORD PERIOD 1874 TO 2017


WEATHER ITEM   OBSERVED TIME   RECORD YEAR NORMAL DEPARTURE LAST
                VALUE   (LST)  VALUE       VALUE  FROM      YEAR
                                                  NORMAL
..................................................................
TEMPERATURE (F)
 TODAY
  MAXIMUM         36    223 PM  64    1966  38     -2       29
  MINIMUM         18    316 AM  -4    1902  23     -5       16
  AVERAGE         27                        30     -3       23

PRECIPITATION (IN)
  TODAY            T             2.28 1878   0.10  -0.10     0.00
  MONTH TO DATE    0.63                      1.05  -0.42     0.49
  SINCE DEC 1      0.63                      1.05  -0.42     0.49
  SINCE JAN 1     38.86                     37.47   1.39    32.12

SNOWFALL (IN)
  TODAY           MM             6.1  2014   0.4   MM        0.0
  MONTH TO DATE    3.4                       3.5   -0.1      2.2
  SINCE DEC 1      3.4                       3.5   -0.1      2.2
  SINCE JUL 1      3.4                       6.6   -3.2      4.5
  SNOW DEPTH       3

DEGREE DAYS
 HEATING
  TODAY           38                        34      4       42
  MONTH TO DATE  305                       327    -22      304
  SINCE DEC 1    305                       327    -22      304
  SINCE JUL 1   1419                      1731   -312     1460

 COOLING
  TODAY            0                         0      0        0
  MONTH TO DATE    0                         0      0        0
  SINCE DEC 1      0                         0      0        0
  SINCE JAN 1    714                       598    116      902
..................................................................


WIND (MPH)
  HIGHEST WIND SPEED    22   HIGHEST WIND DIRECTION     W (270)
  HIGHEST GUST SPEED    27   HIGHEST GUST DIRECTION     W (270)
  AVERAGE WIND SPEED     5.2


SKY COVER
  AVERAGE SKY COVER 0.7



RELATIVE HUMIDITY (PERCENT)
 HIGHEST    92          1200 AM
 LOWEST     52           200 PM
 AVERAGE    72

..........................................................


THE ALBANY NY CLIMATE NORMALS FOR TOMORROW
                         NORMAL    RECORD    YEAR
 MAXIMUM TEMPERATURE (F)   37        61      1952
 MINIMUM TEMPERATURE (F)   23        -8      1988


SUNRISE AND SUNSET
DECEMBER 10 2017......SUNRISE   715 AM EST   SUNSET   421 PM EST
DECEMBER 11 2017......SUNRISE   716 AM EST   SUNSET   421 PM EST


-  INDICATES NEGATIVE NUMBERS.
R  INDICATES RECORD WAS SET OR TIED.
MM INDICATES DATA IS MISSING.
T  INDICATES TRACE AMOUNT.




$$
