000
CDUS41 KALY 170622
CLIALB


CLIMATE REPORT
NATIONAL WEATHER SERVICE ALBANY NY
122 AM EST SAT FEB 17 2018


...................................

...THE ALBANY NY CLIMATE SUMMARY FOR FEBRUARY 16 2018...

CLIMATE NORMAL PERIOD 1981 TO 2010
CLIMATE RECORD PERIOD 1874 TO 2018


WEATHER ITEM   OBSERVED TIME   RECORD YEAR NORMAL DEPARTURE LAST
                VALUE   (LST)  VALUE       VALUE  FROM      YEAR
                                                  NORMAL
..................................................................
TEMPERATURE (F)
 YESTERDAY
  MAXIMUM         47    132 AM  61    2006  35     12       33
  MINIMUM         28   1159 PM -20    1943  17     11       23
  AVERAGE         38                        26     12       28

PRECIPITATION (IN)
  YESTERDAY        0.04          1.26 1958   0.08  -0.04      T
  MONTH TO DATE    1.47                      1.23   0.24     2.14
  SINCE DEC 1      5.79                      6.75  -0.96     7.02
  SINCE JAN 1      3.86                      3.82   0.04     5.27

SNOWFALL (IN)
  YESTERDAY        T            17.3  1958   0.4   -0.4       T
  MONTH TO DATE    8.3                       7.2    1.1     22.2
  SINCE DEC 1     33.2                      38.8   -5.6     38.9
  SINCE JUL 1     33.2                      41.9   -8.7     41.2
  SNOW DEPTH       0

DEGREE DAYS
 HEATING
  YESTERDAY       27                        39    -12       37
  MONTH TO DATE  596                       647    -51      604
  SINCE DEC 1   3120                      3094     26     2731
  SINCE JUL 1   4234                      4498   -264     3887

 COOLING
  YESTERDAY        0                         0      0        0
  MONTH TO DATE    0                         0      0        0
  SINCE DEC 1      0                         0      0        0
  SINCE JAN 1      0                         0      0        0
..................................................................


WIND (MPH)
  HIGHEST WIND SPEED    30   HIGHEST WIND DIRECTION     W (280)
  HIGHEST GUST SPEED    40   HIGHEST GUST DIRECTION     W (270)
  AVERAGE WIND SPEED     8.9


SKY COVER
  AVERAGE SKY COVER 1.0



RELATIVE HUMIDITY (PERCENT)
 HIGHEST    96
 LOWEST     56
 AVERAGE    76

..........................................................


THE ALBANY NY CLIMATE NORMALS FOR TODAY
                         NORMAL    RECORD    YEAR
 MAXIMUM TEMPERATURE (F)   35        60      1981
 MINIMUM TEMPERATURE (F)   18       -16      1973


SUNRISE AND SUNSET
FEBRUARY 17 2018......SUNRISE   649 AM EST   SUNSET   529 PM EST
FEBRUARY 18 2018......SUNRISE   648 AM EST   SUNSET   531 PM EST


-  INDICATES NEGATIVE NUMBERS.
R  INDICATES RECORD WAS SET OR TIED.
MM INDICATES DATA IS MISSING.
T  INDICATES TRACE AMOUNT.




$$
