509
CDUS41 KALY 200626
CLIALB


CLIMATE REPORT
NATIONAL WEATHER SERVICE ALBANY NY
125 AM EST MON FEB 20 2017


...................................

...THE ALBANY NY CLIMATE SUMMARY FOR FEBRUARY 19 2017...

CLIMATE NORMAL PERIOD 1981 TO 2010
CLIMATE RECORD PERIOD 1874 TO 2017


WEATHER ITEM   OBSERVED TIME   RECORD YEAR NORMAL DEPARTURE LAST
                VALUE   (LST)  VALUE       VALUE  FROM      YEAR
                                                  NORMAL
..................................................................
TEMPERATURE (F)
 YESTERDAY
  MAXIMUM         52    420 PM  66    1981  36     16       37
  MINIMUM         31    723 AM  -7    1878  18     13       11
  AVERAGE         42                        27     15       24

PRECIPITATION (IN)
  YESTERDAY        0.00          0.90 1908   0.07  -0.07      T
  MONTH TO DATE    2.14                      1.45   0.69     1.47
  SINCE DEC 1      7.02                      6.97   0.05     6.38
  SINCE JAN 1      5.27                      4.04   1.23     2.71

SNOWFALL (IN)
  YESTERDAY        0.0          11.4  1972   0.4   -0.4       T
  MONTH TO DATE   22.2                       8.5   13.7      4.5
  SINCE DEC 1     38.9                      40.1   -1.2     10.0
  SINCE JUL 1     41.2                      43.2   -2.0     10.0
  SNOW DEPTH       5

DEGREE DAYS
 HEATING
  YESTERDAY       23                        38    -15       41
  MONTH TO DATE  694                       762    -68      712
  SINCE DEC 1   2821                      3209   -388     2570
  SINCE JUL 1   3977                      4613   -636     3653

 COOLING
  YESTERDAY        0                         0      0        0
  MONTH TO DATE    0                         0      0        0
  SINCE DEC 1      0                         0      0        0
  SINCE JAN 1      0                         0      0        0
..................................................................


WIND (MPH)
  HIGHEST WIND SPEED    28   HIGHEST WIND DIRECTION     W (280)
  HIGHEST GUST SPEED    35   HIGHEST GUST DIRECTION     W (270)
  AVERAGE WIND SPEED     9.3


SKY COVER
  AVERAGE SKY COVER 0.4



RELATIVE HUMIDITY (PERCENT)
 HIGHEST    89
 LOWEST     44
 AVERAGE    67

..........................................................


THE ALBANY NY CLIMATE NORMALS FOR TODAY
                         NORMAL    RECORD    YEAR
 MAXIMUM TEMPERATURE (F)   36        66      1930
 MINIMUM TEMPERATURE (F)   18       -16      1966


SUNRISE AND SUNSET
FEBRUARY 20 2017......SUNRISE   645 AM EST   SUNSET   534 PM EST
FEBRUARY 21 2017......SUNRISE   643 AM EST   SUNSET   535 PM EST


-  INDICATES NEGATIVE NUMBERS.
R  INDICATES RECORD WAS SET OR TIED.
MM INDICATES DATA IS MISSING.
T  INDICATES TRACE AMOUNT.




$$
