000
CDUS41 KALY 100624
CLIALB


CLIMATE REPORT
NATIONAL WEATHER SERVICE ALBANY NY
123 AM EST SUN DEC 10 2017


...................................

...THE ALBANY NY CLIMATE SUMMARY FOR DECEMBER 9 2017...

CLIMATE NORMAL PERIOD 1981 TO 2010
CLIMATE RECORD PERIOD 1874 TO 2017


WEATHER ITEM   OBSERVED TIME   RECORD YEAR NORMAL DEPARTURE LAST
                VALUE   (LST)  VALUE       VALUE  FROM      YEAR
                                                  NORMAL
..................................................................
TEMPERATURE (F)
 YESTERDAY
  MAXIMUM         33   1254 PM  62    1966  38     -5       33
  MINIMUM         27   1159 PM -11    1902  24      3       19
  AVERAGE         30                        31     -1       26

PRECIPITATION (IN)
  YESTERDAY        0.19          1.60 2014   0.11   0.08      T
  MONTH TO DATE    0.63                      0.95  -0.32     0.49
  SINCE DEC 1      0.63                      0.95  -0.32     0.49
  SINCE JAN 1     38.86                     37.37   1.49    32.12

SNOWFALL (IN)
  YESTERDAY        3.4           7.3  2009   0.4    3.0       T
  MONTH TO DATE    3.4                       3.1    0.3      2.2
  SINCE DEC 1      3.4                       3.1    0.3      2.2
  SINCE JUL 1      3.4                       6.2   -2.8      4.5
  SNOW DEPTH       3

DEGREE DAYS
 HEATING
  YESTERDAY       35                        34      1       39
  MONTH TO DATE  267                       293    -26      262
  SINCE DEC 1    267                       293    -26      262
  SINCE JUL 1   1381                      1697   -316     1418

 COOLING
  YESTERDAY        0                         0      0        0
  MONTH TO DATE    0                         0      0        0
  SINCE DEC 1      0                         0      0        0
  SINCE JAN 1    714                       598    116      902
..................................................................


WIND (MPH)
  HIGHEST WIND SPEED     9   HIGHEST WIND DIRECTION    NW (310)
  HIGHEST GUST SPEED    11   HIGHEST GUST DIRECTION    NW (320)
  AVERAGE WIND SPEED     2.2


SKY COVER
  AVERAGE SKY COVER 1.0



RELATIVE HUMIDITY (PERCENT)
 HIGHEST    85
 LOWEST     41
 AVERAGE    63

..........................................................


THE ALBANY NY CLIMATE NORMALS FOR TODAY
                         NORMAL    RECORD    YEAR
 MAXIMUM TEMPERATURE (F)   38        64      1966
 MINIMUM TEMPERATURE (F)   23        -4      1902


SUNRISE AND SUNSET
DECEMBER 10 2017......SUNRISE   715 AM EST   SUNSET   421 PM EST
DECEMBER 11 2017......SUNRISE   716 AM EST   SUNSET   421 PM EST


-  INDICATES NEGATIVE NUMBERS.
R  INDICATES RECORD WAS SET OR TIED.
MM INDICATES DATA IS MISSING.
T  INDICATES TRACE AMOUNT.




$$
