000
CDUS41 KALY 210622
CLIALB


CLIMATE REPORT
NATIONAL WEATHER SERVICE ALBANY NY
222 AM EDT TUE MAR 21 2017


...................................

...THE ALBANY NY CLIMATE SUMMARY FOR MARCH 20 2017...

CLIMATE NORMAL PERIOD 1981 TO 2010
CLIMATE RECORD PERIOD 1874 TO 2017


WEATHER ITEM   OBSERVED TIME   RECORD YEAR NORMAL DEPARTURE LAST
                VALUE   (LST)  VALUE       VALUE  FROM      YEAR
                                                  NORMAL
..................................................................
TEMPERATURE (F)
 YESTERDAY
  MAXIMUM         49    241 PM  78    2012  46      3       41
  MINIMUM         19    531 AM   2    1967  27     -8       22
  AVERAGE         34                        36     -2       32

PRECIPITATION (IN)
  YESTERDAY        0.00          1.70 1990   0.11  -0.11     0.00
  MONTH TO DATE    1.79                      2.01  -0.22     0.77
  SINCE MAR 1      1.79                      2.01  -0.22     0.77
  SINCE JAN 1      7.77                      6.80   0.97     6.08

SNOWFALL (IN)
  YESTERDAY        0.0           7.0  1944   0.4   -0.4      0.0
  MONTH TO DATE   17.2                       8.3    8.9       T
  SINCE MAR 1     17.2                       8.3    8.9       T
  SINCE JUL 1     58.4                      55.2    3.2     10.3
  SNOW DEPTH       8

DEGREE DAYS
 HEATING
  YESTERDAY       31                        29      2       33
  MONTH TO DATE  710                       642     68      467
  SINCE MAR 1    710                       642     68      467
  SINCE JUL 1   4873                      5586   -713     4396

 COOLING
  YESTERDAY        0                         0      0        0
  MONTH TO DATE    0                         0      0        0
  SINCE MAR 1      0                         0      0        0
  SINCE JAN 1      0                         0      0        0
..................................................................


WIND (MPH)
  HIGHEST WIND SPEED    12   HIGHEST WIND DIRECTION     W (290)
  HIGHEST GUST SPEED    15   HIGHEST GUST DIRECTION     W (290)
  AVERAGE WIND SPEED     5.0


SKY COVER
  AVERAGE SKY COVER 0.5



RELATIVE HUMIDITY (PERCENT)
 HIGHEST    73
 LOWEST     22
 AVERAGE    48

..........................................................


THE ALBANY NY CLIMATE NORMALS FOR TODAY
                         NORMAL    RECORD    YEAR
 MAXIMUM TEMPERATURE (F)   46        78      1921
 MINIMUM TEMPERATURE (F)   27        -1      1956


SUNRISE AND SUNSET
MARCH 21 2017.........SUNRISE   656 AM EDT   SUNSET   709 PM EDT
MARCH 22 2017.........SUNRISE   655 AM EDT   SUNSET   710 PM EDT


-  INDICATES NEGATIVE NUMBERS.
R  INDICATES RECORD WAS SET OR TIED.
MM INDICATES DATA IS MISSING.
T  INDICATES TRACE AMOUNT.




$$
