000
CDUS41 KALY 270622
CLIALB


CLIMATE REPORT
NATIONAL WEATHER SERVICE ALBANY NY
222 AM EDT SAT SEP 27 2014


...................................

...THE ALBANY NY CLIMATE SUMMARY FOR SEPTEMBER 26 2014...

CLIMATE NORMAL PERIOD 1981 TO 2010
CLIMATE RECORD PERIOD 1874 TO 2014


WEATHER ITEM   OBSERVED TIME   RECORD YEAR NORMAL DEPARTURE LAST
                VALUE   (LST)  VALUE       VALUE  FROM      YEAR
                                                  NORMAL
..................................................................
TEMPERATURE (F)
 YESTERDAY
  MAXIMUM         78    146 PM  89    2007  68     10       66
                                      1920
  MINIMUM         46    540 AM  29    1947  47     -1       47
  AVERAGE         62                        58      4       57

PRECIPITATION (IN)
  YESTERDAY        0.00          2.18 1918   0.11  -0.11     0.00
  MONTH TO DATE    0.89                      2.82  -1.93     4.81
  SINCE SEP 1      0.89                      2.82  -1.93     4.81
  SINCE JAN 1     27.67                     28.97  -1.30    36.32

DEGREE DAYS
 HEATING
  YESTERDAY        3                         8     -5        8
  MONTH TO DATE  120                       107     13      139
  SINCE SEP 1    120                       107     13      139
  SINCE JUL 1    128                       130     -2      145

 COOLING
  YESTERDAY        0                         1     -1        0
  MONTH TO DATE   71                        50     21       65
  SINCE SEP 1     71                        50     21       65
  SINCE JAN 1    638                       593     45      763
..................................................................


WIND (MPH)
  HIGHEST WIND SPEED    13   HIGHEST WIND DIRECTION     N (10)
  HIGHEST GUST SPEED    16   HIGHEST GUST DIRECTION     N (10)
  AVERAGE WIND SPEED     3.5


SKY COVER
  AVERAGE SKY COVER 0.2



RELATIVE HUMIDITY (PERCENT)
 HIGHEST   100
 LOWEST     43
 AVERAGE    72

..........................................................


THE ALBANY NY CLIMATE NORMALS FOR TODAY
                         NORMAL    RECORD    YEAR
 MAXIMUM TEMPERATURE (F)   68        84      1920
                                             1998
 MINIMUM TEMPERATURE (F)   47        24      1947


SUNRISE AND SUNSET
SEPTEMBER 27 2014.....SUNRISE   648 AM EDT   SUNSET   644 PM EDT
SEPTEMBER 28 2014.....SUNRISE   649 AM EDT   SUNSET   642 PM EDT


-  INDICATES NEGATIVE NUMBERS.
R  INDICATES RECORD WAS SET OR TIED.
MM INDICATES DATA IS MISSING.
T  INDICATES TRACE AMOUNT.




$$
