000
CDUS41 KALY 170622
CLIALB


CLIMATE REPORT
NATIONAL WEATHER SERVICE ALBANY NY
222 AM EDT SUN AUG 17 2014


...................................

...THE ALBANY NY CLIMATE SUMMARY FOR AUGUST 16 2014...

CLIMATE NORMAL PERIOD 1981 TO 2010
CLIMATE RECORD PERIOD 1874 TO 2014


WEATHER ITEM   OBSERVED TIME   RECORD YEAR NORMAL DEPARTURE LAST
                VALUE   (LST)  VALUE       VALUE  FROM      YEAR
                                                  NORMAL
..................................................................
TEMPERATURE (F)
 YESTERDAY
  MAXIMUM         75   1243 PM  95    1959  81     -6       79
  MINIMUM         53    457 AM  41    1972  60     -7       52
  AVERAGE         64                        70     -6       66

PRECIPITATION (IN)
  YESTERDAY        0.02          1.78 1951   0.11  -0.09     0.00
  MONTH TO DATE    0.82                      1.92  -1.10     2.00
  SINCE JUN 1     12.46                      9.83   2.63    16.07
  SINCE JAN 1     26.02                     24.61   1.41    30.81

DEGREE DAYS
 HEATING
  YESTERDAY        1                         0      1        0
  MONTH TO DATE    6                         0      6        4
  SINCE JUN 1     18                        57    -39       61
  SINCE JUL 1      6                         5      1        6

 COOLING
  YESTERDAY        0                         6     -6        1
  MONTH TO DATE   80                       105    -25       59
  SINCE JUN 1    465                       441     24      553
  SINCE JAN 1    500                       471     29      602
..................................................................


WIND (MPH)
  HIGHEST WIND SPEED    13   HIGHEST WIND DIRECTION     S (160)
  HIGHEST GUST SPEED    18   HIGHEST GUST DIRECTION     S (200)
  AVERAGE WIND SPEED     6.4


SKY COVER
  AVERAGE SKY COVER 0.7



RELATIVE HUMIDITY (PERCENT)
 HIGHEST    89
 LOWEST     41
 AVERAGE    65

..........................................................


THE ALBANY NY CLIMATE NORMALS FOR TODAY
                         NORMAL    RECORD    YEAR
 MAXIMUM TEMPERATURE (F)   81        97      1913
 MINIMUM TEMPERATURE (F)   60        40      1979


SUNRISE AND SUNSET
AUGUST 17 2014........SUNRISE   604 AM EDT   SUNSET   754 PM EDT
AUGUST 18 2014........SUNRISE   605 AM EDT   SUNSET   753 PM EDT


-  INDICATES NEGATIVE NUMBERS.
R  INDICATES RECORD WAS SET OR TIED.
MM INDICATES DATA IS MISSING.
T  INDICATES TRACE AMOUNT.




$$
