000
CDUS41 KALY 160631
CLIALB


CLIMATE REPORT
NATIONAL WEATHER SERVICE ALBANY NY
231 AM EDT FRI SEP 16 2016


...................................

...THE ALBANY NY CLIMATE SUMMARY FOR SEPTEMBER 15 2016...

CLIMATE NORMAL PERIOD 1981 TO 2010
CLIMATE RECORD PERIOD 1874 TO 2016


WEATHER ITEM   OBSERVED TIME   RECORD YEAR NORMAL DEPARTURE LAST
                VALUE   (LST)  VALUE       VALUE  FROM      YEAR
                                                  NORMAL
..................................................................
TEMPERATURE (F)
 YESTERDAY
  MAXIMUM         71    230 PM  92    1915  73     -2       81
  MINIMUM         48   1144 PM  33    1975  52     -4       53
  AVERAGE         60                        62     -2       67

PRECIPITATION (IN)
  YESTERDAY        0.00          2.76 1916   0.10  -0.10     0.00
  MONTH TO DATE    0.80                      1.53  -0.73     2.97
  SINCE SEP 1      0.80                      1.53  -0.73     2.97
  SINCE JAN 1     24.25                     27.68  -3.43    26.11

DEGREE DAYS
 HEATING
  YESTERDAY        5                         4      1        0
  MONTH TO DATE    7                        39    -32        2
  SINCE SEP 1      7                        39    -32        2
  SINCE JUL 1      8                        62    -54        3

 COOLING
  YESTERDAY        0                         2     -2        2
  MONTH TO DATE   78                        39     39      125
  SINCE SEP 1     78                        39     39      125
  SINCE JAN 1    866                       582    284      873
..................................................................


WIND (MPH)
  HIGHEST WIND SPEED    14   HIGHEST WIND DIRECTION     N (20)
  HIGHEST GUST SPEED    18   HIGHEST GUST DIRECTION     N (20)
  AVERAGE WIND SPEED     3.9


SKY COVER
  AVERAGE SKY COVER 0.1



RELATIVE HUMIDITY (PERCENT)
 HIGHEST    89
 LOWEST     36
 AVERAGE    63

..........................................................


THE ALBANY NY CLIMATE NORMALS FOR TODAY
                         NORMAL    RECORD    YEAR
 MAXIMUM TEMPERATURE (F)   72        92      1939
 MINIMUM TEMPERATURE (F)   52        32      1964


SUNRISE AND SUNSET
SEPTEMBER 16 2016.....SUNRISE   636 AM EDT   SUNSET   702 PM EDT
SEPTEMBER 17 2016.....SUNRISE   638 AM EDT   SUNSET   701 PM EDT


-  INDICATES NEGATIVE NUMBERS.
R  INDICATES RECORD WAS SET OR TIED.
MM INDICATES DATA IS MISSING.
T  INDICATES TRACE AMOUNT.




$$
