000
CDUS41 KALY 250623
CLIALB


CLIMATE REPORT
NATIONAL WEATHER SERVICE ALBANY NY
223 AM EDT MON APR 25 2016


...................................

...THE ALBANY NY CLIMATE SUMMARY FOR APRIL 24 2016...

CLIMATE NORMAL PERIOD 1981 TO 2010
CLIMATE RECORD PERIOD 1874 TO 2016


WEATHER ITEM   OBSERVED TIME   RECORD YEAR NORMAL DEPARTURE LAST
                VALUE   (LST)  VALUE       VALUE  FROM      YEAR
                                                  NORMAL
..................................................................
TEMPERATURE (F)
 YESTERDAY
  MAXIMUM         58    444 PM  81    2001  62     -4       44
                                      1885
  MINIMUM         35    515 AM  25    1965  40     -5       34
  AVERAGE         47                        51     -4       39

PRECIPITATION (IN)
  YESTERDAY        0.00          2.01 1968   0.09  -0.09      T
  MONTH TO DATE    1.33                      2.53  -1.20     2.08
  SINCE MAR 1      2.51                      5.74  -3.23     3.33
  SINCE JAN 1      7.82                     10.53  -2.71     7.65

SNOWFALL (IN)
  YESTERDAY        0.0           1.2  1967   0.0    0.0       T
  MONTH TO DATE    6.4                       2.1    4.3       T
  SINCE MAR 1      6.6                      13.1   -6.5      5.3
  SINCE JUL 1     16.9                      60.0  -43.1     75.9
  SNOW DEPTH       0

DEGREE DAYS
 HEATING
  YESTERDAY       18                        14      4       26
  MONTH TO DATE  470                       443     27      437
  SINCE MAR 1   1152                      1372   -220     1522
  SINCE JUL 1   5081                      6316  -1235     6652

 COOLING
  YESTERDAY        0                         0      0        0
  MONTH TO DATE    2                         0      2        0
  SINCE MAR 1      2                         0      2        0
  SINCE JAN 1      2                         0      2        0
..................................................................


WIND (MPH)
  HIGHEST WIND SPEED    17   HIGHEST WIND DIRECTION    NW (300)
  HIGHEST GUST SPEED    21   HIGHEST GUST DIRECTION    NW (310)
  AVERAGE WIND SPEED     7.2


SKY COVER
  AVERAGE SKY COVER 0.4



RELATIVE HUMIDITY (PERCENT)
 HIGHEST    56
 LOWEST     23
 AVERAGE    40

..........................................................


THE ALBANY NY CLIMATE NORMALS FOR TODAY
                         NORMAL    RECORD    YEAR
 MAXIMUM TEMPERATURE (F)   63        89      2009
 MINIMUM TEMPERATURE (F)   41        23      1965


SUNRISE AND SUNSET
APRIL 25 2016.........SUNRISE   557 AM EDT   SUNSET   749 PM EDT
APRIL 26 2016.........SUNRISE   556 AM EDT   SUNSET   751 PM EDT


-  INDICATES NEGATIVE NUMBERS.
R  INDICATES RECORD WAS SET OR TIED.
MM INDICATES DATA IS MISSING.
T  INDICATES TRACE AMOUNT.




$$
