701
CDUS41 KALY 210622
CLIALB


CLIMATE REPORT
NATIONAL WEATHER SERVICE ALBANY NY
221 AM EDT SUN MAY 21 2017


...................................

...THE ALBANY NY CLIMATE SUMMARY FOR MAY 20 2017...

CLIMATE NORMAL PERIOD 1981 TO 2010
CLIMATE RECORD PERIOD 1874 TO 2017


WEATHER ITEM   OBSERVED TIME   RECORD YEAR NORMAL DEPARTURE LAST
                VALUE   (LST)  VALUE       VALUE  FROM      YEAR
                                                  NORMAL
..................................................................
TEMPERATURE (F)
 YESTERDAY
  MAXIMUM         68    434 PM  91    1962  71     -3       75
  MINIMUM         50   1159 PM  29    2002  48      2       42
  AVERAGE         59                        59      0       59

PRECIPITATION (IN)
  YESTERDAY        0.00          1.82 1889   0.12  -0.12     0.00
  MONTH TO DATE    3.71                      2.22   1.49     1.79
  SINCE MAR 1     10.66                      8.60   2.06     4.81
  SINCE JAN 1     16.64                     13.39   3.25    10.12

SNOWFALL (IN)
  YESTERDAY        0.0           0.0    MM   0.0    0.0      0.0
  MONTH TO DATE    T                         0.1   -0.1      0.0
  SINCE MAR 1     19.6                      13.4    6.2      6.6
  SINCE JUL 1     60.8                      60.3    0.5     16.9
  SNOW DEPTH       0

DEGREE DAYS
 HEATING
  YESTERDAY        6                         6      0        6
  MONTH TO DATE  203                       178     25      223
  SINCE MAR 1   1601                      1627    -26     1474
  SINCE JUL 1   5764                      6571   -807     5403

 COOLING
  YESTERDAY        0                         1     -1        0
  MONTH TO DATE   24                         9     15        0
  SINCE MAR 1     46                        13     33        2
  SINCE JAN 1     46                        13     33        2
..................................................................


WIND (MPH)
  HIGHEST WIND SPEED    20   HIGHEST WIND DIRECTION     N (20)
  HIGHEST GUST SPEED    27   HIGHEST GUST DIRECTION     N (10)
  AVERAGE WIND SPEED     9.2


SKY COVER
  AVERAGE SKY COVER 0.7



RELATIVE HUMIDITY (PERCENT)
 HIGHEST    71
 LOWEST     26
 AVERAGE    49

..........................................................


THE ALBANY NY CLIMATE NORMALS FOR TODAY
                         NORMAL    RECORD    YEAR
 MAXIMUM TEMPERATURE (F)   71        92      1941
 MINIMUM TEMPERATURE (F)   49        32      1949


SUNRISE AND SUNSET
MAY 21 2017...........SUNRISE   527 AM EDT   SUNSET   817 PM EDT
MAY 22 2017...........SUNRISE   526 AM EDT   SUNSET   818 PM EDT


-  INDICATES NEGATIVE NUMBERS.
R  INDICATES RECORD WAS SET OR TIED.
MM INDICATES DATA IS MISSING.
T  INDICATES TRACE AMOUNT.




$$
