000
CDUS41 KALY 130625
CLIALB


CLIMATE REPORT
NATIONAL WEATHER SERVICE ALBANY NY
223 AM EDT SAT SEP 13 2014


...................................

...THE ALBANY NY CLIMATE SUMMARY FOR SEPTEMBER 12 2014...

CLIMATE NORMAL PERIOD 1981 TO 2010
CLIMATE RECORD PERIOD 1874 TO 2014


WEATHER ITEM   OBSERVED TIME   RECORD YEAR NORMAL DEPARTURE LAST
                VALUE   (LST)  VALUE       VALUE  FROM      YEAR
                                                  NORMAL
..................................................................
TEMPERATURE (F)
 YESTERDAY
  MAXIMUM         66    249 PM  94    1947  74     -8       83
  MINIMUM         49   1159 PM  36    1875  53     -4       68
  AVERAGE         58                        64     -6       76

PRECIPITATION (IN)
  YESTERDAY        0.00          3.46 1960   0.10  -0.10     1.03
  MONTH TO DATE    0.18                      1.22  -1.04     2.50
  SINCE SEP 1      0.18                      1.22  -1.04     2.50
  SINCE JAN 1     26.96                     27.37  -0.41    34.01

DEGREE DAYS
 HEATING
  YESTERDAY        7                         3      4        0
  MONTH TO DATE   11                        27    -16       31
  SINCE SEP 1     11                        27    -16       31
  SINCE JUL 1     19                        50    -31       37

 COOLING
  YESTERDAY        0                         2     -2       11
  MONTH TO DATE   65                        33     32       64
  SINCE SEP 1     65                        33     32       64
  SINCE JAN 1    632                       576     56      762
..................................................................


WIND (MPH)
  HIGHEST WIND SPEED    17   HIGHEST WIND DIRECTION    NW (300)
  HIGHEST GUST SPEED    21   HIGHEST GUST DIRECTION    NW (310)
  AVERAGE WIND SPEED     8.1


SKY COVER
  AVERAGE SKY COVER 0.8



RELATIVE HUMIDITY (PERCENT)
 HIGHEST    83
 LOWEST     52
 AVERAGE    68

..........................................................


THE ALBANY NY CLIMATE NORMALS FOR TODAY
                         NORMAL    RECORD    YEAR
 MAXIMUM TEMPERATURE (F)   73        92      1948
 MINIMUM TEMPERATURE (F)   53        37      1964


SUNRISE AND SUNSET
SEPTEMBER 13 2014.....SUNRISE   633 AM EDT   SUNSET   709 PM EDT
SEPTEMBER 14 2014.....SUNRISE   634 AM EDT   SUNSET   707 PM EDT


-  INDICATES NEGATIVE NUMBERS.
R  INDICATES RECORD WAS SET OR TIED.
MM INDICATES DATA IS MISSING.
T  INDICATES TRACE AMOUNT.




$$
