000
CDUS41 KALY 130627
CLIALB


CLIMATE REPORT
NATIONAL WEATHER SERVICE ALBANY NY
226 AM EDT SUN APR 13 2014


...................................

...THE ALBANY NY CLIMATE SUMMARY FOR APRIL 12 2014...

CLIMATE NORMAL PERIOD 1981 TO 2010
CLIMATE RECORD PERIOD 1874 TO 2014


WEATHER ITEM   OBSERVED TIME   RECORD YEAR NORMAL DEPARTURE LAST
                VALUE   (LST)  VALUE       VALUE  FROM      YEAR
                                                  NORMAL
..................................................................
TEMPERATURE (F)
 YESTERDAY
  MAXIMUM         69    416 PM  84    1977  57     12       41
  MINIMUM         31    548 AM  13    1874  36     -5       32
  AVERAGE         50                        46      4       37

PRECIPITATION (IN)
  YESTERDAY        0.00          1.55 1933   0.11  -0.11     0.49
  MONTH TO DATE    0.30                      1.30  -1.00     1.41
  SINCE MAR 1      3.02                      4.51  -1.49     3.90
  SINCE JAN 1      8.81                      9.30  -0.49     7.03

SNOWFALL (IN)
  YESTERDAY        0.0           3.3  1962   0.1   -0.1       T
  MONTH TO DATE    T                         1.4   -1.4      1.2
  SINCE MAR 1      5.9                      11.6   -5.7     20.7
  SINCE JUL 1     71.1                      58.1   13.0     51.4
  SNOW DEPTH       0

DEGREE DAYS
 HEATING
  YESTERDAY       15                        19     -4       28
  MONTH TO DATE  234                       251    -17      276
  SINCE MAR 1   1381                      1180    201     1235
  SINCE JUL 1   6498                      6124    374     5773

 COOLING
  YESTERDAY        0                         0      0        0
  MONTH TO DATE    0                         0      0        0
  SINCE MAR 1      0                         0      0        0
  SINCE JAN 1      0                         0      0        0
..................................................................


WIND (MPH)
  HIGHEST WIND SPEED    18   HIGHEST WIND DIRECTION     W (270)
  HIGHEST GUST SPEED    22   HIGHEST GUST DIRECTION     W (270)
  AVERAGE WIND SPEED     4.4


SKY COVER
  AVERAGE SKY COVER 0.5



RELATIVE HUMIDITY (PERCENT)
 HIGHEST   100
 LOWEST     22
 AVERAGE    61

..........................................................


THE ALBANY NY CLIMATE NORMALS FOR TODAY
                         NORMAL    RECORD    YEAR
 MAXIMUM TEMPERATURE (F)   57        87      1977
 MINIMUM TEMPERATURE (F)   37        19      1874


SUNRISE AND SUNSET
APRIL 13 2014.........SUNRISE   617 AM EDT   SUNSET   735 PM EDT
APRIL 14 2014.........SUNRISE   615 AM EDT   SUNSET   736 PM EDT


-  INDICATES NEGATIVE NUMBERS.
R  INDICATES RECORD WAS SET OR TIED.
MM INDICATES DATA IS MISSING.
T  INDICATES TRACE AMOUNT.




$$
