000
CDUS41 KALY 260623
CLIALB


CLIMATE REPORT
NATIONAL WEATHER SERVICE ALBANY NY
222 AM EDT FRI SEP 26 2014


...................................

...THE ALBANY NY CLIMATE SUMMARY FOR SEPTEMBER 25 2014...

CLIMATE NORMAL PERIOD 1981 TO 2010
CLIMATE RECORD PERIOD 1874 TO 2014


WEATHER ITEM   OBSERVED TIME   RECORD YEAR NORMAL DEPARTURE LAST
                VALUE   (LST)  VALUE       VALUE  FROM      YEAR
                                                  NORMAL
..................................................................
TEMPERATURE (F)
 YESTERDAY
  MAXIMUM         68    319 PM  89    1970  68      0       70
  MINIMUM         50   1159 PM  29    1963  48      2       41
  AVERAGE         59                        58      1       56

PRECIPITATION (IN)
  YESTERDAY        0.00          2.02 1940   0.12  -0.12     0.00
  MONTH TO DATE    0.89                      2.71  -1.82     4.81
  SINCE SEP 1      0.89                      2.71  -1.82     4.81
  SINCE JAN 1     27.67                     28.86  -1.19    36.32

DEGREE DAYS
 HEATING
  YESTERDAY        6                         8     -2        9
  MONTH TO DATE  117                        99     18      131
  SINCE SEP 1    117                        99     18      131
  SINCE JUL 1    125                       122      3      137

 COOLING
  YESTERDAY        0                         1     -1        0
  MONTH TO DATE   71                        49     22       65
  SINCE SEP 1     71                        49     22       65
  SINCE JAN 1    638                       592     46      763
..................................................................


WIND (MPH)
  HIGHEST WIND SPEED     7   HIGHEST WIND DIRECTION     N (10)
  HIGHEST GUST SPEED    10   HIGHEST GUST DIRECTION     N (350)
  AVERAGE WIND SPEED     2.1


SKY COVER
  AVERAGE SKY COVER 0.8



RELATIVE HUMIDITY (PERCENT)
 HIGHEST    96
 LOWEST     52
 AVERAGE    74

..........................................................


THE ALBANY NY CLIMATE NORMALS FOR TODAY
                         NORMAL    RECORD    YEAR
 MAXIMUM TEMPERATURE (F)   68        89      2007
                                             1920
 MINIMUM TEMPERATURE (F)   47        29      1947


SUNRISE AND SUNSET
SEPTEMBER 26 2014.....SUNRISE   647 AM EDT   SUNSET   645 PM EDT
SEPTEMBER 27 2014.....SUNRISE   648 AM EDT   SUNSET   644 PM EDT


-  INDICATES NEGATIVE NUMBERS.
R  INDICATES RECORD WAS SET OR TIED.
MM INDICATES DATA IS MISSING.
T  INDICATES TRACE AMOUNT.




$$
