000
CDUS41 KALY 260625
CLIALB


CLIMATE REPORT
NATIONAL WEATHER SERVICE ALBANY NY
224 AM EDT MON JUN 26 2017


...................................

...THE ALBANY NY CLIMATE SUMMARY FOR JUNE 25 2017...

CLIMATE NORMAL PERIOD 1981 TO 2010
CLIMATE RECORD PERIOD 1874 TO 2017


WEATHER ITEM   OBSERVED TIME   RECORD YEAR NORMAL DEPARTURE LAST
                VALUE   (LST)  VALUE       VALUE  FROM      YEAR
                                                  NORMAL
..................................................................
TEMPERATURE (F)
 YESTERDAY
  MAXIMUM         80    218 PM  95    1898  80      0       88
  MINIMUM         58    501 AM  45    1979  59     -1       54
  AVERAGE         69                        70     -1       71

PRECIPITATION (IN)
  YESTERDAY        0.06          1.61 2014   0.13  -0.07     0.00
  MONTH TO DATE    4.12                      3.19   0.93     2.02
  SINCE JUN 1      4.12                      3.19   0.93     2.02
  SINCE JAN 1     23.03                     17.97   5.06    12.78

DEGREE DAYS
 HEATING
  YESTERDAY        0                         1     -1        0
  MONTH TO DATE   47                        50     -3       38
  SINCE JUN 1     47                        50     -3       38
  SINCE JUL 1   5864                      6678   -814     5454

 COOLING
  YESTERDAY        4                         5     -1        6
  MONTH TO DATE  130                        87     43       97
  SINCE JUN 1    130                        87     43       97
  SINCE JAN 1    180                       117     63      172
..................................................................


WIND (MPH)
  HIGHEST WIND SPEED    30   HIGHEST WIND DIRECTION     W (290)
  HIGHEST GUST SPEED    37   HIGHEST GUST DIRECTION     W (290)
  AVERAGE WIND SPEED     7.2


SKY COVER
  AVERAGE SKY COVER 0.5



RELATIVE HUMIDITY (PERCENT)
 HIGHEST    86
 LOWEST     36
 AVERAGE    61

..........................................................


THE ALBANY NY CLIMATE NORMALS FOR TODAY
                         NORMAL    RECORD    YEAR
 MAXIMUM TEMPERATURE (F)   81        99      1951
 MINIMUM TEMPERATURE (F)   59        39      1979


SUNRISE AND SUNSET
JUNE 26 2017..........SUNRISE   519 AM EDT   SUNSET   838 PM EDT
JUNE 27 2017..........SUNRISE   519 AM EDT   SUNSET   838 PM EDT


-  INDICATES NEGATIVE NUMBERS.
R  INDICATES RECORD WAS SET OR TIED.
MM INDICATES DATA IS MISSING.
T  INDICATES TRACE AMOUNT.




$$
