000
CDUS41 KALY 240622
CLIALB


CLIMATE REPORT
NATIONAL WEATHER SERVICE ALBANY NY
221 AM EDT MON APR 24 2017


...................................

...THE ALBANY NY CLIMATE SUMMARY FOR APRIL 23 2017...

CLIMATE NORMAL PERIOD 1981 TO 2010
CLIMATE RECORD PERIOD 1874 TO 2017


WEATHER ITEM   OBSERVED TIME   RECORD YEAR NORMAL DEPARTURE LAST
                VALUE   (LST)  VALUE       VALUE  FROM      YEAR
                                                  NORMAL
..................................................................
TEMPERATURE (F)
 YESTERDAY
  MAXIMUM         70    521 PM  87    2007  62      8       64
                                      1902
  MINIMUM         35    440 AM  26    1975  40     -5       42
  AVERAGE         53                        51      2       53

PRECIPITATION (IN)
  YESTERDAY        0.00          1.59 2006   0.10  -0.10      T
  MONTH TO DATE    2.62                      2.44   0.18     1.33
  SINCE MAR 1      6.69                      5.65   1.04     2.51
  SINCE JAN 1     12.67                     10.44   2.23     7.82

SNOWFALL (IN)
  YESTERDAY        0.0           2.4  1954   0.0    0.0      0.0
  MONTH TO DATE    0.2                       2.1   -1.9      6.4
  SINCE MAR 1     19.6                      13.1    6.5      6.6
  SINCE JUL 1     60.8                      60.0    0.8     16.9
  SNOW DEPTH       0

DEGREE DAYS
 HEATING
  YESTERDAY       12                        14     -2       12
  MONTH TO DATE  329                       429   -100      452
  SINCE MAR 1   1354                      1358     -4     1134
  SINCE JUL 1   5517                      6302   -785     5063

 COOLING
  YESTERDAY        0                         0      0        0
  MONTH TO DATE   16                         0     16        2
  SINCE MAR 1     16                         0     16        2
  SINCE JAN 1     16                         0     16        2
..................................................................


WIND (MPH)
  HIGHEST WIND SPEED    14   HIGHEST WIND DIRECTION     S (190)
  HIGHEST GUST SPEED    16   HIGHEST GUST DIRECTION     S (170)
  AVERAGE WIND SPEED     3.2


SKY COVER
  AVERAGE SKY COVER 0.3



RELATIVE HUMIDITY (PERCENT)
 HIGHEST    85
 LOWEST     23
 AVERAGE    54

..........................................................


THE ALBANY NY CLIMATE NORMALS FOR TODAY
                         NORMAL    RECORD    YEAR
 MAXIMUM TEMPERATURE (F)   62        81      2001
                                             1885
 MINIMUM TEMPERATURE (F)   40        25      1965


SUNRISE AND SUNSET
APRIL 24 2017.........SUNRISE   559 AM EDT   SUNSET   748 PM EDT
APRIL 25 2017.........SUNRISE   558 AM EDT   SUNSET   749 PM EDT


-  INDICATES NEGATIVE NUMBERS.
R  INDICATES RECORD WAS SET OR TIED.
MM INDICATES DATA IS MISSING.
T  INDICATES TRACE AMOUNT.




$$
