000
CDUS41 KALY 110622
CLIALB


CLIMATE REPORT
NATIONAL WEATHER SERVICE ALBANY NY
121 AM EST SAT NOV 11 2017


...................................

...THE ALBANY NY CLIMATE SUMMARY FOR NOVEMBER 10 2017...

CLIMATE NORMAL PERIOD 1981 TO 2010
CLIMATE RECORD PERIOD 1874 TO 2017


WEATHER ITEM   OBSERVED TIME   RECORD YEAR NORMAL DEPARTURE LAST
                VALUE   (LST)  VALUE       VALUE  FROM      YEAR
                                                  NORMAL
..................................................................
TEMPERATURE (F)
 YESTERDAY
  MAXIMUM         45    116 AM  72    1931  50     -5       50
  MINIMUM         21   1159 PM  16    1965  33    -12       29
  AVERAGE         33                        42     -9       40

PRECIPITATION (IN)
  YESTERDAY        T             2.21 1990   0.11  -0.11     0.00
  MONTH TO DATE    0.47                      1.12  -0.65     0.34
  SINCE SEP 1      6.00                      8.10  -2.10     5.42
  SINCE JAN 1     37.80                     34.25   3.55    28.87

SNOWFALL (IN)
  YESTERDAY        T             3.2  1987   0.0    0.0      0.0
  MONTH TO DATE    T                         0.4   -0.4      0.0
  SINCE SEP 1      T                         0.7   -0.7      1.7
  SINCE JUL 1      T                         0.7   -0.7      1.7
  SNOW DEPTH       0

DEGREE DAYS
 HEATING
  YESTERDAY       32                        23      9       25
  MONTH TO DATE  212                       220     -8      199
  SINCE SEP 1    541                       842   -301      653
  SINCE JUL 1    560                       865   -305      654

 COOLING
  YESTERDAY        0                         0      0        0
  MONTH TO DATE    0                         0      0        0
  SINCE SEP 1    139                        55     84      114
  SINCE JAN 1    714                       598    116      902
..................................................................


WIND (MPH)
  HIGHEST WIND SPEED    35   HIGHEST WIND DIRECTION    NW (300)
  HIGHEST GUST SPEED    49   HIGHEST GUST DIRECTION     W (290)
  AVERAGE WIND SPEED    18.8


SKY COVER
  AVERAGE SKY COVER 0.4



RELATIVE HUMIDITY (PERCENT)
 HIGHEST    83
 LOWEST     28
 AVERAGE    56

..........................................................


THE ALBANY NY CLIMATE NORMALS FOR TODAY
                         NORMAL    RECORD    YEAR
 MAXIMUM TEMPERATURE (F)   50        70      2002
 MINIMUM TEMPERATURE (F)   33        15      1956


SUNRISE AND SUNSET
NOVEMBER 11 2017......SUNRISE   642 AM EST   SUNSET   436 PM EST
NOVEMBER 12 2017......SUNRISE   643 AM EST   SUNSET   435 PM EST


-  INDICATES NEGATIVE NUMBERS.
R  INDICATES RECORD WAS SET OR TIED.
MM INDICATES DATA IS MISSING.
T  INDICATES TRACE AMOUNT.




$$
