000
CDUS41 KALY 120644
CLIALB


CLIMATE REPORT
NATIONAL WEATHER SERVICE ALBANY NY
140 AM EST FRI JAN 12 2018


...................................

...THE ALBANY NY CLIMATE SUMMARY FOR JANUARY 11 2018...

CLIMATE NORMAL PERIOD 1981 TO 2010
CLIMATE RECORD PERIOD 1874 TO 2018


WEATHER ITEM   OBSERVED TIME   RECORD YEAR NORMAL DEPARTURE LAST
                VALUE   (LST)  VALUE       VALUE  FROM      YEAR
                                                  NORMAL
..................................................................
TEMPERATURE (F)
 YESTERDAY
  MAXIMUM         51   1159 PM  57    1975  30     21       52
  MINIMUM         37    319 AM -25    1968  14     23       37
  AVERAGE         44                        22     22       45

PRECIPITATION (IN)
  YESTERDAY        0.00          1.32 1878   0.08  -0.08     0.01
  MONTH TO DATE    0.28                      0.90  -0.62     0.65
  SINCE DEC 1      2.21                      3.83  -1.62     2.40
  SINCE JAN 1      0.28                      0.90  -0.62     0.65

SNOWFALL (IN)
  YESTERDAY        0.0           8.0  1922   0.6   -0.6       T
  MONTH TO DATE    5.1                       6.3   -1.2      0.9
  SINCE DEC 1     17.2                      20.0   -2.8     13.0
  SINCE JUL 1     17.2                      23.1   -5.9     15.3
  SNOW DEPTH       2

DEGREE DAYS
 HEATING
  YESTERDAY       21                        43    -22       20
  MONTH TO DATE  536                       464     72      431
  SINCE DEC 1   1775                      1595    180     1498
  SINCE JUL 1   2889                      2999   -110     2654

 COOLING
  YESTERDAY        0                         0      0        0
  MONTH TO DATE    0                         0      0        0
  SINCE DEC 1      0                         0      0        0
  SINCE JAN 1      0                         0      0        0
..................................................................


WIND (MPH)
  HIGHEST WIND SPEED    21   HIGHEST WIND DIRECTION     S (180)
  HIGHEST GUST SPEED    26   HIGHEST GUST DIRECTION     S (180)
  AVERAGE WIND SPEED    11.5


SKY COVER
  AVERAGE SKY COVER 0.9



RELATIVE HUMIDITY (PERCENT)
 HIGHEST    82
 LOWEST     59
 AVERAGE    71

..........................................................


THE ALBANY NY CLIMATE NORMALS FOR TODAY
                         NORMAL    RECORD    YEAR
 MAXIMUM TEMPERATURE (F)   30        57      1885
 MINIMUM TEMPERATURE (F)   14       -26      1968


SUNRISE AND SUNSET
JANUARY 12 2018.......SUNRISE   724 AM EST   SUNSET   443 PM EST
JANUARY 13 2018.......SUNRISE   724 AM EST   SUNSET   444 PM EST


-  INDICATES NEGATIVE NUMBERS.
R  INDICATES RECORD WAS SET OR TIED.
MM INDICATES DATA IS MISSING.
T  INDICATES TRACE AMOUNT.




$$
