000
CDUS41 KALY 150648
CLIALB


CLIMATE REPORT
NATIONAL WEATHER SERVICE ALBANY NY
244 AM EDT FRI JUL 15 2016


...................................

...THE ALBANY NY CLIMATE SUMMARY FOR JULY 14 2016...

CLIMATE NORMAL PERIOD 1981 TO 2010
CLIMATE RECORD PERIOD 1874 TO 2016


WEATHER ITEM   OBSERVED TIME   RECORD YEAR NORMAL DEPARTURE LAST
                VALUE   (LST)  VALUE       VALUE  FROM      YEAR
                                                  NORMAL
..................................................................
TEMPERATURE (F)
 YESTERDAY
  MAXIMUM         87    216 PM  99    1995  83      4       85
  MINIMUM         73    541 AM  49    1940  62     11       65
  AVERAGE         80                        72      8       75

PRECIPITATION (IN)
  YESTERDAY        0.20          3.11 1897   0.13   0.07     0.00
  MONTH TO DATE    3.07                      1.84   1.23     1.54
  SINCE JUN 1      5.38                      5.63  -0.25     8.24
  SINCE JAN 1     16.14                     20.41  -4.27    16.96

DEGREE DAYS
 HEATING
  YESTERDAY        0                         0      0        0
  MONTH TO DATE    0                         0      0        1
  SINCE JUN 1     38                        52    -14       52
  SINCE JUL 1      0                         0      0        1

 COOLING
  YESTERDAY       15                         7      8       10
  MONTH TO DATE  114                        95     19       94
  SINCE JUN 1    257                       213     44      205
  SINCE JAN 1    332                       243     89      328
..................................................................


WIND (MPH)
  HIGHEST WIND SPEED    26   HIGHEST WIND DIRECTION     W (260)
  HIGHEST GUST SPEED    34   HIGHEST GUST DIRECTION     W (260)
  AVERAGE WIND SPEED     9.5


SKY COVER
  AVERAGE SKY COVER 0.6



RELATIVE HUMIDITY (PERCENT)
 HIGHEST    94
 LOWEST     59
 AVERAGE    77

..........................................................


THE ALBANY NY CLIMATE NORMALS FOR TODAY
                         NORMAL    RECORD    YEAR
 MAXIMUM TEMPERATURE (F)   83        96      1997
 MINIMUM TEMPERATURE (F)   62        44      1950


SUNRISE AND SUNSET
JULY 15 2016..........SUNRISE   531 AM EDT   SUNSET   831 PM EDT
JULY 16 2016..........SUNRISE   532 AM EDT   SUNSET   830 PM EDT


-  INDICATES NEGATIVE NUMBERS.
R  INDICATES RECORD WAS SET OR TIED.
MM INDICATES DATA IS MISSING.
T  INDICATES TRACE AMOUNT.




$$
