000
CDUS41 KALY 150644
CLIALB


CLIMATE REPORT
NATIONAL WEATHER SERVICE ALBANY NY
240 AM EDT SAT APR 15 2017


...................................

...THE ALBANY NY CLIMATE SUMMARY FOR APRIL 14 2017...

CLIMATE NORMAL PERIOD 1981 TO 2010
CLIMATE RECORD PERIOD 1874 TO 2017


WEATHER ITEM   OBSERVED TIME   RECORD YEAR NORMAL DEPARTURE LAST
                VALUE   (LST)  VALUE       VALUE  FROM      YEAR
                                                  NORMAL
..................................................................
TEMPERATURE (F)
 YESTERDAY
  MAXIMUM         64    314 PM  83    1968  58      6       58
  MINIMUM         33    550 AM  19    1973  37     -4       31
  AVERAGE         49                        47      2       45

PRECIPITATION (IN)
  YESTERDAY        0.00          1.20 1948   0.11  -0.11     0.00
  MONTH TO DATE    1.81                      1.52   0.29     1.30
  SINCE MAR 1      5.88                      4.73   1.15     2.48
  SINCE JAN 1     11.86                      9.52   2.34     7.79

SNOWFALL (IN)
  YESTERDAY        0.0           1.4  1950   0.1   -0.1      0.0
  MONTH TO DATE    0.2                       1.6   -1.4      6.4
  SINCE MAR 1     19.6                      12.6    7.0      6.6
  SINCE JUL 1     60.8                      59.5    1.3     16.9
  SNOW DEPTH       0

DEGREE DAYS
 HEATING
  YESTERDAY       16                        18     -2       20
  MONTH TO DATE  224                       287    -63      360
  SINCE MAR 1   1249                      1216     33     1042
  SINCE JUL 1   5412                      6160   -748     4971

 COOLING
  YESTERDAY        0                         0      0        0
  MONTH TO DATE    9                         0      9        0
  SINCE MAR 1      9                         0      9        0
  SINCE JAN 1      9                         0      9        0
..................................................................


WIND (MPH)
  HIGHEST WIND SPEED    10   HIGHEST WIND DIRECTION     N (360)
  HIGHEST GUST SPEED    13   HIGHEST GUST DIRECTION     N (10)
  AVERAGE WIND SPEED     1.7


SKY COVER
  AVERAGE SKY COVER 0.2



RELATIVE HUMIDITY (PERCENT)
 HIGHEST    75
 LOWEST     19
 AVERAGE    47

..........................................................


THE ALBANY NY CLIMATE NORMALS FOR TODAY
                         NORMAL    RECORD    YEAR
 MAXIMUM TEMPERATURE (F)   58        86      2003
 MINIMUM TEMPERATURE (F)   37        21      1940


SUNRISE AND SUNSET
APRIL 15 2017.........SUNRISE   613 AM EDT   SUNSET   738 PM EDT
APRIL 16 2017.........SUNRISE   612 AM EDT   SUNSET   739 PM EDT


-  INDICATES NEGATIVE NUMBERS.
R  INDICATES RECORD WAS SET OR TIED.
MM INDICATES DATA IS MISSING.
T  INDICATES TRACE AMOUNT.




$$
