000
CDUS41 KALY 170627
CLIALB


CLIMATE REPORT
NATIONAL WEATHER SERVICE ALBANY NY
226 AM EDT SUN MAY 17 2015


...................................

...THE ALBANY NY CLIMATE SUMMARY FOR MAY 16 2015...

CLIMATE NORMAL PERIOD 1981 TO 2010
CLIMATE RECORD PERIOD 1874 TO 2015


WEATHER ITEM   OBSERVED TIME   RECORD YEAR NORMAL DEPARTURE LAST
                VALUE   (LST)  VALUE       VALUE  FROM      YEAR
                                                  NORMAL
..................................................................
TEMPERATURE (F)
 YESTERDAY
  MAXIMUM         75    234 PM  89    1991  70      5       74
  MINIMUM         55    449 AM  33    1980  47      8       48
  AVERAGE         65                        58      7       61

PRECIPITATION (IN)
  YESTERDAY        0.05          1.34 1972   0.12  -0.07     0.90
  MONTH TO DATE    0.06                      1.75  -1.69     1.62
  SINCE MAR 1      3.41                      8.13  -4.72     6.78
  SINCE JAN 1      7.73                     12.92  -5.19    12.57

SNOWFALL (IN)
  YESTERDAY        0.0                       0.0    0.0      0.0
  MONTH TO DATE    0.0                       0.1   -0.1      0.0
  SINCE MAR 1      5.3                      12.6   -7.3      8.3
  SINCE JUL 1     75.9                      59.1   16.8     73.5
  SNOW DEPTH       0

DEGREE DAYS
 HEATING
  YESTERDAY        0                         7     -7        4
  MONTH TO DATE   43                       151   -108       98
  SINCE MAR 1   1639                      1600     39     1770
  SINCE JUL 1   6769                      6544    225     6887

 COOLING
  YESTERDAY        0                         1     -1        0
  MONTH TO DATE   54                         5     49       15
  SINCE MAR 1     54                         9     45       21
  SINCE JAN 1     54                         9     45       21
..................................................................


WIND (MPH)
  HIGHEST WIND SPEED    15   HIGHEST WIND DIRECTION    SW (210)
  HIGHEST GUST SPEED    20   HIGHEST GUST DIRECTION     S (160)
  AVERAGE WIND SPEED     9.0


SKY COVER
  AVERAGE SKY COVER 0.9



RELATIVE HUMIDITY (PERCENT)
 HIGHEST    87
 LOWEST     43
 AVERAGE    65

..........................................................


THE ALBANY NY CLIMATE NORMALS FOR TODAY
                         NORMAL    RECORD    YEAR
 MAXIMUM TEMPERATURE (F)   70        89      1977
 MINIMUM TEMPERATURE (F)   47        30      1959


SUNRISE AND SUNSET
MAY 17 2015...........SUNRISE   531 AM EDT   SUNSET   813 PM EDT
MAY 18 2015...........SUNRISE   530 AM EDT   SUNSET   814 PM EDT


-  INDICATES NEGATIVE NUMBERS.
R  INDICATES RECORD WAS SET OR TIED.
MM INDICATES DATA IS MISSING.
T  INDICATES TRACE AMOUNT.




$$
