000
CDUS41 KALY 110633
CLIALB


CLIMATE REPORT
NATIONAL WEATHER SERVICE ALBANY NY
131 AM EST SAT FEB 11 2017


...................................

...THE ALBANY NY CLIMATE SUMMARY FOR FEBRUARY 10 2017...

CLIMATE NORMAL PERIOD 1981 TO 2010
CLIMATE RECORD PERIOD 1874 TO 2017


WEATHER ITEM   OBSERVED TIME   RECORD YEAR NORMAL DEPARTURE LAST
                VALUE   (LST)  VALUE       VALUE  FROM      YEAR
                                                  NORMAL
..................................................................
TEMPERATURE (F)
 YESTERDAY
  MAXIMUM         23    410 PM  53    1955  33    -10       37
  MINIMUM          3    301 AM -21    1948  16    -13       23
  AVERAGE         13                        25    -12       30

PRECIPITATION (IN)
  YESTERDAY        0.07          0.60 1909   0.07   0.00      T
  MONTH TO DATE    1.37                      0.77   0.60     0.51
  SINCE DEC 1      6.25                      6.29  -0.04     5.42
  SINCE JAN 1      4.50                      3.36   1.14     1.75

SNOWFALL (IN)
  YESTERDAY        1.0           4.0  1892   0.5    0.5      0.2
  MONTH TO DATE   13.8                       4.7    9.1      3.0
  SINCE DEC 1     30.5                      36.3   -5.8      8.5
  SINCE JUL 1     32.8                      39.4   -6.6      8.5
  SNOW DEPTH       9

DEGREE DAYS
 HEATING
  YESTERDAY       52                        40     12       35
  MONTH TO DATE  383                       410    -27      288
  SINCE DEC 1   2510                      2857   -347     2146
  SINCE JUL 1   3666                      4261   -595     3229

 COOLING
  YESTERDAY        0                         0      0        0
  MONTH TO DATE    0                         0      0        0
  SINCE DEC 1      0                         0      0        0
  SINCE JAN 1      0                         0      0        0
..................................................................


WIND (MPH)
  HIGHEST WIND SPEED    25   HIGHEST WIND DIRECTION    NW (300)
  HIGHEST GUST SPEED    34   HIGHEST GUST DIRECTION     W (280)
  AVERAGE WIND SPEED     9.5


SKY COVER
  AVERAGE SKY COVER 0.6



RELATIVE HUMIDITY (PERCENT)
 HIGHEST    77
 LOWEST     47
 AVERAGE    62

..........................................................


THE ALBANY NY CLIMATE NORMALS FOR TODAY
                         NORMAL    RECORD    YEAR
 MAXIMUM TEMPERATURE (F)   34        59      1981
 MINIMUM TEMPERATURE (F)   17       -18      1962


SUNRISE AND SUNSET
FEBRUARY 11 2017......SUNRISE   657 AM EST   SUNSET   522 PM EST
FEBRUARY 12 2017......SUNRISE   656 AM EST   SUNSET   523 PM EST


-  INDICATES NEGATIVE NUMBERS.
R  INDICATES RECORD WAS SET OR TIED.
MM INDICATES DATA IS MISSING.
T  INDICATES TRACE AMOUNT.




$$
