000
CDUS41 KALY 200623
CLIALB


CLIMATE REPORT
NATIONAL WEATHER SERVICE ALBANY NY
221 AM EDT SAT MAY 20 2017


...................................

...THE ALBANY NY CLIMATE SUMMARY FOR MAY 19 2017...

CLIMATE NORMAL PERIOD 1981 TO 2010
CLIMATE RECORD PERIOD 1874 TO 2017


WEATHER ITEM   OBSERVED TIME   RECORD YEAR NORMAL DEPARTURE LAST
                VALUE   (LST)  VALUE       VALUE  FROM      YEAR
                                                  NORMAL
..................................................................
TEMPERATURE (F)
 YESTERDAY
  MAXIMUM         81   1136 AM  91    1989  70     11       70
  MINIMUM         53   1159 PM  29    1981  48      5       49
  AVERAGE         67                        59      8       60

PRECIPITATION (IN)
  YESTERDAY        0.00          1.27 1976   0.12  -0.12      T
  MONTH TO DATE    3.71                      2.10   1.61     1.79
  SINCE MAR 1     10.66                      8.48   2.18     4.81
  SINCE JAN 1     16.64                     13.27   3.37    10.12

SNOWFALL (IN)
  YESTERDAY        0.0           T    1976   0.0    0.0      0.0
  MONTH TO DATE    T                         0.1   -0.1      0.0
  SINCE MAR 1     19.6                      13.4    6.2      6.6
  SINCE JUL 1     60.8                      60.3    0.5     16.9
  SNOW DEPTH       0

DEGREE DAYS
 HEATING
  YESTERDAY        0                         7     -7        5
  MONTH TO DATE  197                       172     25      217
  SINCE MAR 1   1595                      1621    -26     1468
  SINCE JUL 1   5758                      6565   -807     5397

 COOLING
  YESTERDAY        2                         1      1        0
  MONTH TO DATE   24                         8     16        0
  SINCE MAR 1     46                        12     34        2
  SINCE JAN 1     46                        12     34        2
..................................................................


WIND (MPH)
  HIGHEST WIND SPEED    30   HIGHEST WIND DIRECTION     W (280)
  HIGHEST GUST SPEED    37   HIGHEST GUST DIRECTION     W (280)
  AVERAGE WIND SPEED    11.0


SKY COVER
  AVERAGE SKY COVER 0.4



RELATIVE HUMIDITY (PERCENT)
 HIGHEST    87
 LOWEST     49
 AVERAGE    68

..........................................................


THE ALBANY NY CLIMATE NORMALS FOR TODAY
                         NORMAL    RECORD    YEAR
 MAXIMUM TEMPERATURE (F)   71        91      1962
 MINIMUM TEMPERATURE (F)   48        29      2002


SUNRISE AND SUNSET
MAY 20 2017...........SUNRISE   528 AM EDT   SUNSET   816 PM EDT
MAY 21 2017...........SUNRISE   527 AM EDT   SUNSET   817 PM EDT


-  INDICATES NEGATIVE NUMBERS.
R  INDICATES RECORD WAS SET OR TIED.
MM INDICATES DATA IS MISSING.
T  INDICATES TRACE AMOUNT.




$$
