000
CDUS41 KALY 140625
CLIALB


CLIMATE REPORT
NATIONAL WEATHER SERVICE ALBANY NY
224 AM EDT SUN MAY 14 2017


...................................

...THE ALBANY NY CLIMATE SUMMARY FOR MAY 13 2017...

CLIMATE NORMAL PERIOD 1981 TO 2010
CLIMATE RECORD PERIOD 1874 TO 2017


WEATHER ITEM   OBSERVED TIME   RECORD YEAR NORMAL DEPARTURE LAST
                VALUE   (LST)  VALUE       VALUE  FROM      YEAR
                                                  NORMAL
..................................................................
TEMPERATURE (F)
 YESTERDAY
  MAXIMUM         55   1202 AM  86    2004  69    -14       64
                                      1991
  MINIMUM         47   1159 PM  30    2005  46      1       52
                                      1976
  AVERAGE         51                        57     -6       58

PRECIPITATION (IN)
  YESTERDAY        0.78          1.80 1897   0.11   0.67     0.46
  MONTH TO DATE    3.43                      1.41   2.02     1.70
  SINCE MAR 1     10.38                      7.79   2.59     4.72
  SINCE JAN 1     16.36                     12.58   3.78    10.03

SNOWFALL (IN)
  YESTERDAY        0.0           T    1953   0.0    0.0      0.0
  MONTH TO DATE    T                         0.1   -0.1      0.0
  SINCE MAR 1     19.6                      13.4    6.2      6.6
  SINCE JUL 1     60.8                      60.3    0.5     16.9
  SNOW DEPTH       0

DEGREE DAYS
 HEATING
  YESTERDAY       14                         8      6        7
  MONTH TO DATE  174                       128     46      149
  SINCE MAR 1   1572                      1577     -5     1400
  SINCE JUL 1   5735                      6521   -786     5329

 COOLING
  YESTERDAY        0                         1     -1        0
  MONTH TO DATE    0                         2     -2        0
  SINCE MAR 1     22                         6     16        2
  SINCE JAN 1     22                         6     16        2
..................................................................


WIND (MPH)
  HIGHEST WIND SPEED    14   HIGHEST WIND DIRECTION     S (170)
  HIGHEST GUST SPEED    17   HIGHEST GUST DIRECTION     S (170)
  AVERAGE WIND SPEED     2.7


SKY COVER
  AVERAGE SKY COVER 1.0



RELATIVE HUMIDITY (PERCENT)
 HIGHEST    93
 LOWEST     59
 AVERAGE    76

..........................................................


THE ALBANY NY CLIMATE NORMALS FOR TODAY
                         NORMAL    RECORD    YEAR
 MAXIMUM TEMPERATURE (F)   69        93      1900
 MINIMUM TEMPERATURE (F)   46        30      1996


SUNRISE AND SUNSET
MAY 14 2017...........SUNRISE   534 AM EDT   SUNSET   810 PM EDT
MAY 15 2017...........SUNRISE   532 AM EDT   SUNSET   811 PM EDT


-  INDICATES NEGATIVE NUMBERS.
R  INDICATES RECORD WAS SET OR TIED.
MM INDICATES DATA IS MISSING.
T  INDICATES TRACE AMOUNT.




$$
