000
CDUS41 KALY 230622
CLIALB


CLIMATE REPORT
NATIONAL WEATHER SERVICE ALBANY NY
121 AM EST MON FEB 23 2015


...................................

...THE ALBANY NY CLIMATE SUMMARY FOR FEBRUARY 22 2015...

CLIMATE NORMAL PERIOD 1981 TO 2010
CLIMATE RECORD PERIOD 1874 TO 2015


WEATHER ITEM   OBSERVED TIME   RECORD YEAR NORMAL DEPARTURE LAST
                VALUE   (LST)  VALUE       VALUE  FROM      YEAR
                                                  NORMAL
..................................................................
TEMPERATURE (F)
 YESTERDAY
  MAXIMUM         34    337 PM  68    1997  36     -2       51
  MINIMUM         22    700 AM  -8    1963  19      3       27
  AVERAGE         28                        28      0       39

PRECIPITATION (IN)
  YESTERDAY        T             1.48 1893   0.08  -0.08     0.00
  MONTH TO DATE    2.15                      1.69   0.46     3.47
  SINCE DEC 1      9.69                      7.21   2.48     9.16
  SINCE JAN 1      4.32                      4.28   0.04     5.78

SNOWFALL (IN)
  YESTERDAY        T            14.8  1893   0.5   -0.5      0.0
  MONTH TO DATE   30.6                       9.9   20.7     27.7
  SINCE DEC 1     58.3                      41.2   17.1     62.7
  SINCE JUL 1     70.6                      44.0   26.6     64.8
  SNOW DEPTH      13

DEGREE DAYS
 HEATING
  YESTERDAY       37                        37      0       26
  MONTH TO DATE 1146                       875    271      937
  SINCE DEC 1   3542                      3322    220     3484
  SINCE JUL 1   4817                      4726     91     4854

 COOLING
  YESTERDAY        0                         0      0        0
  MONTH TO DATE    0                         0      0        0
  SINCE DEC 1      0                         0      0        0
  SINCE JAN 1      0                         0      0        0
..................................................................


WIND (MPH)
  HIGHEST WIND SPEED    13   HIGHEST WIND DIRECTION    NW (300)
  HIGHEST GUST SPEED    16   HIGHEST GUST DIRECTION    NW (310)
  AVERAGE WIND SPEED     5.1


SKY COVER
  AVERAGE SKY COVER 0.8



RELATIVE HUMIDITY (PERCENT)
 HIGHEST    88
 LOWEST     53
 AVERAGE    71

..........................................................


THE ALBANY NY CLIMATE NORMALS FOR TODAY
                         NORMAL    RECORD    YEAR
 MAXIMUM TEMPERATURE (F)   37        62      1984
 MINIMUM TEMPERATURE (F)   19       -16      1972


SUNRISE AND SUNSET
FEBRUARY 23 2015......SUNRISE   641 AM EST   SUNSET   537 PM EST
FEBRUARY 24 2015......SUNRISE   639 AM EST   SUNSET   538 PM EST


-  INDICATES NEGATIVE NUMBERS.
R  INDICATES RECORD WAS SET OR TIED.
MM INDICATES DATA IS MISSING.
T  INDICATES TRACE AMOUNT.




$$
