000
CDUS41 KALY 080625
CLIALB


CLIMATE REPORT
NATIONAL WEATHER SERVICE ALBANY NY
223 AM EDT TUE AUG 8 2017


...................................

...THE ALBANY NY CLIMATE SUMMARY FOR AUGUST 7 2017...

CLIMATE NORMAL PERIOD 1981 TO 2010
CLIMATE RECORD PERIOD 1874 TO 2017


WEATHER ITEM   OBSERVED TIME   RECORD YEAR NORMAL DEPARTURE LAST
                VALUE   (LST)  VALUE       VALUE  FROM      YEAR
                                                  NORMAL
..................................................................
TEMPERATURE (F)
 YESTERDAY
  MAXIMUM         72    255 PM 102    1918  82    -10       84
  MINIMUM         57    506 AM  46    1994  61     -4       62
  AVERAGE         65                        71     -6       73

PRECIPITATION (IN)
  YESTERDAY        0.25          2.82 1901   0.12   0.13     0.00
  MONTH TO DATE    0.99                      0.88   0.11     1.38
  SINCE JUN 1     10.12                      8.79   1.33    10.13
  SINCE JAN 1     29.03                     23.57   5.46    20.89

DEGREE DAYS
 HEATING
  YESTERDAY        0                         0      0        0
  MONTH TO DATE    0                         0      0        0
  SINCE JUN 1     53                        57     -4       38
  SINCE JUL 1      2                         5     -3        0

 COOLING
  YESTERDAY        0                         7     -7        8
  MONTH TO DATE   49                        49      0       57
  SINCE JUN 1    416                       385     31      485
  SINCE JAN 1    466                       415     51      560
..................................................................


WIND (MPH)
  HIGHEST WIND SPEED    21   HIGHEST WIND DIRECTION     S (170)
  HIGHEST GUST SPEED    29   HIGHEST GUST DIRECTION     S (160)
  AVERAGE WIND SPEED     5.8


SKY COVER
  AVERAGE SKY COVER 0.8



RELATIVE HUMIDITY (PERCENT)
 HIGHEST    93
 LOWEST     68
 AVERAGE    81

..........................................................


THE ALBANY NY CLIMATE NORMALS FOR TODAY
                         NORMAL    RECORD    YEAR
 MAXIMUM TEMPERATURE (F)   82        95      1983
 MINIMUM TEMPERATURE (F)   61        46      1948


SUNRISE AND SUNSET
AUGUST  8 2017........SUNRISE   554 AM EDT   SUNSET   807 PM EDT
AUGUST  9 2017........SUNRISE   555 AM EDT   SUNSET   805 PM EDT


-  INDICATES NEGATIVE NUMBERS.
R  INDICATES RECORD WAS SET OR TIED.
MM INDICATES DATA IS MISSING.
T  INDICATES TRACE AMOUNT.




$$
