000
CDUS41 KALY 170630
CLIALB


CLIMATE REPORT
NATIONAL WEATHER SERVICE ALBANY NY
129 AM EST FRI NOV 17 2017


...................................

...THE ALBANY NY CLIMATE SUMMARY FOR NOVEMBER 16 2017...

CLIMATE NORMAL PERIOD 1981 TO 2010
CLIMATE RECORD PERIOD 1874 TO 2017


WEATHER ITEM   OBSERVED TIME   RECORD YEAR NORMAL DEPARTURE LAST
                VALUE   (LST)  VALUE       VALUE  FROM      YEAR
                                                  NORMAL
..................................................................
TEMPERATURE (F)
 YESTERDAY
  MAXIMUM         53    305 PM  71    2006  48      5       55
  MINIMUM         39   1114 PM   7    1972  32      7       39
  AVERAGE         46                        40      6       47

PRECIPITATION (IN)
  YESTERDAY        T             1.31 1892   0.10  -0.10     0.09
  MONTH TO DATE    0.47                      1.74  -1.27     1.98
  SINCE SEP 1      6.00                      8.72  -2.72     7.06
  SINCE JAN 1     37.80                     34.87   2.93    30.51

SNOWFALL (IN)
  YESTERDAY        0.0           3.4  2002   0.1   -0.1      0.0
  MONTH TO DATE    T                         0.8   -0.8      0.0
  SINCE SEP 1      T                         1.1   -1.1      1.7
  SINCE JUL 1      T                         1.1   -1.1      1.7
  SNOW DEPTH       0

DEGREE DAYS
 HEATING
  YESTERDAY       19                        25     -6       18
  MONTH TO DATE  383                       367     16      334
  SINCE SEP 1    712                       989   -277      788
  SINCE JUL 1    731                      1012   -281      789

 COOLING
  YESTERDAY        0                         0      0        0
  MONTH TO DATE    0                         0      0        0
  SINCE SEP 1    139                        55     84      114
  SINCE JAN 1    714                       598    116      902
..................................................................


WIND (MPH)
  HIGHEST WIND SPEED    26   HIGHEST WIND DIRECTION     W (290)
  HIGHEST GUST SPEED    35   HIGHEST GUST DIRECTION     W (280)
  AVERAGE WIND SPEED    10.8


SKY COVER
  AVERAGE SKY COVER 0.9



RELATIVE HUMIDITY (PERCENT)
 HIGHEST    86
 LOWEST     59
 AVERAGE    73

..........................................................


THE ALBANY NY CLIMATE NORMALS FOR TODAY
                         NORMAL    RECORD    YEAR
 MAXIMUM TEMPERATURE (F)   47        72      1928
 MINIMUM TEMPERATURE (F)   31         7      1972


SUNRISE AND SUNSET
NOVEMBER 17 2017......SUNRISE   650 AM EST   SUNSET   430 PM EST
NOVEMBER 18 2017......SUNRISE   651 AM EST   SUNSET   429 PM EST


-  INDICATES NEGATIVE NUMBERS.
R  INDICATES RECORD WAS SET OR TIED.
MM INDICATES DATA IS MISSING.
T  INDICATES TRACE AMOUNT.




$$
