000
CDUS41 KALY 132102
CLIALB


CLIMATE REPORT
NATIONAL WEATHER SERVICE ALBANY NY
502 PM EDT THU JUL 13 2017


...................................

...THE ALBANY NY CLIMATE SUMMARY FOR JULY 13 2017...
VALID TODAY AS OF 0400 PM LOCAL TIME.

CLIMATE NORMAL PERIOD 1981 TO 2010
CLIMATE RECORD PERIOD 1874 TO 2017


WEATHER ITEM   OBSERVED TIME   RECORD YEAR NORMAL DEPARTURE LAST
                VALUE   (LST)  VALUE       VALUE  FROM      YEAR
                                                  NORMAL
..................................................................
TEMPERATURE (F)
 TODAY
  MAXIMUM         78   1052 AM  96    1894  83     -5       90
  MINIMUM         64    403 AM  45    1939  62      2       70
  AVERAGE         71                        72     -1       80

PRECIPITATION (IN)
  TODAY            0.13          3.49 1996   0.14  -0.01     0.00
  MONTH TO DATE    1.56                      1.71  -0.15     2.87
  SINCE JUN 1      6.68                      5.50   1.18     5.18
  SINCE JAN 1     25.59                     20.28   5.31    15.94

DEGREE DAYS
 HEATING
  TODAY            0                         0      0        0
  MONTH TO DATE    0                         0      0        0
  SINCE JUN 1     51                        52     -1       38
  SINCE JUL 1      0                         0      0        0

 COOLING
  TODAY            6                         7     -1       15
  MONTH TO DATE  109                        88     21       99
  SINCE JUN 1    256                       206     50      242
  SINCE JAN 1    306                       236     70      317
..................................................................


WIND (MPH)
  HIGHEST WIND SPEED    13   HIGHEST WIND DIRECTION     N (360)
  HIGHEST GUST SPEED    18   HIGHEST GUST DIRECTION    NE (30)
  AVERAGE WIND SPEED     5.0


SKY COVER
  AVERAGE SKY COVER 0.9



RELATIVE HUMIDITY (PERCENT)
 HIGHEST    93           400 AM
 LOWEST     74          1100 AM
 AVERAGE    84

..........................................................


THE ALBANY NY CLIMATE NORMALS FOR TOMORROW
                         NORMAL    RECORD    YEAR
 MAXIMUM TEMPERATURE (F)   83        99      1995
 MINIMUM TEMPERATURE (F)   62        49      1940


SUNRISE AND SUNSET
JULY 13 2017..........SUNRISE   529 AM EDT   SUNSET   833 PM EDT
JULY 14 2017..........SUNRISE   530 AM EDT   SUNSET   832 PM EDT


-  INDICATES NEGATIVE NUMBERS.
R  INDICATES RECORD WAS SET OR TIED.
MM INDICATES DATA IS MISSING.
T  INDICATES TRACE AMOUNT.




$$
