000
CDUS41 KALY 070627
CLIALB


CLIMATE REPORT
NATIONAL WEATHER SERVICE ALBANY NY
226 AM EDT MON JUL 7 2014


...................................

...THE ALBANY NY CLIMATE SUMMARY FOR JULY 6 2014...

CLIMATE NORMAL PERIOD 1981 TO 2010
CLIMATE RECORD PERIOD 1874 TO 2014


WEATHER ITEM   OBSERVED TIME   RECORD YEAR NORMAL DEPARTURE LAST
                VALUE   (LST)  VALUE       VALUE  FROM      YEAR
                                                  NORMAL
..................................................................
TEMPERATURE (F)
 YESTERDAY
  MAXIMUM         85    320 PM  97    1886  82      3       87
  MINIMUM         55    507 AM  47    1961  61     -6       72
  AVERAGE         70                        72     -2       80

PRECIPITATION (IN)
  YESTERDAY        0.00          1.38 1930   0.13  -0.13      T
  MONTH TO DATE    1.92                      0.77   1.15     0.72
  SINCE JUN 1      6.69                      4.56   2.13     9.40
  SINCE JAN 1     20.25                     19.34   0.91    24.14

DEGREE DAYS
 HEATING
  YESTERDAY        0                         0      0        0
  MONTH TO DATE    0                         0      0        0
  SINCE JUN 1     12                        52    -40       55
  SINCE JUL 1      0                         0      0        0

 COOLING
  YESTERDAY        5                         7     -2       15
  MONTH TO DATE   56                        39     17       84
  SINCE JUN 1    204                       157     47      227
  SINCE JAN 1    239                       187     52      276
..................................................................


WIND (MPH)
  HIGHEST WIND SPEED    17   HIGHEST WIND DIRECTION     W (270)
  HIGHEST GUST SPEED    22   HIGHEST GUST DIRECTION     W (270)
  AVERAGE WIND SPEED     6.7


SKY COVER
  AVERAGE SKY COVER 0.3



RELATIVE HUMIDITY (PERCENT)
 HIGHEST    83
 LOWEST     34
 AVERAGE    59

..........................................................


THE ALBANY NY CLIMATE NORMALS FOR TODAY
                         NORMAL    RECORD    YEAR
 MAXIMUM TEMPERATURE (F)   82        97      1988
 MINIMUM TEMPERATURE (F)   61        44      1979


SUNRISE AND SUNSET
JULY  7 2014..........SUNRISE   524 AM EDT   SUNSET   836 PM EDT
JULY  8 2014..........SUNRISE   525 AM EDT   SUNSET   835 PM EDT


-  INDICATES NEGATIVE NUMBERS.
R  INDICATES RECORD WAS SET OR TIED.
MM INDICATES DATA IS MISSING.
T  INDICATES TRACE AMOUNT.




$$
