000
CDUS41 KALY 070622
CLIALB


CLIMATE REPORT
NATIONAL WEATHER SERVICE ALBANY NY
222 AM EDT SAT OCT 7 2017


...................................

...THE ALBANY NY CLIMATE SUMMARY FOR OCTOBER 6 2017...

CLIMATE NORMAL PERIOD 1981 TO 2010
CLIMATE RECORD PERIOD 1874 TO 2017


WEATHER ITEM   OBSERVED TIME   RECORD YEAR NORMAL DEPARTURE LAST
                VALUE   (LST)  VALUE       VALUE  FROM      YEAR
                                                  NORMAL
..................................................................
TEMPERATURE (F)
 YESTERDAY
  MAXIMUM         66    455 PM  90    1900  64      2       75
  MINIMUM         48    315 AM  24    1965  43      5       41
  AVERAGE         57                        53      4       58

PRECIPITATION (IN)
  YESTERDAY        0.08          2.87 1932   0.12  -0.04     0.00
  MONTH TO DATE    0.08                      0.72  -0.64     0.06
  SINCE SEP 1      2.81                      4.02  -1.21     2.24
  SINCE JAN 1     34.61                     30.17   4.44    25.69

SNOWFALL (IN)
  YESTERDAY        0.0           T    1954   0.0    0.0      0.0
  MONTH TO DATE    0.0                       0.0    0.0      0.0
  SINCE SEP 1      0.0                       0.0    0.0      0.0
  SINCE JUL 1      0.0                       0.0    0.0      0.0
  SNOW DEPTH       0

DEGREE DAYS
 HEATING
  YESTERDAY        8                        12     -4        7
  MONTH TO DATE   44                        66    -22       32
  SINCE SEP 1    137                       210    -73       98
  SINCE JUL 1    156                       233    -77       99

 COOLING
  YESTERDAY        0                         0      0        0
  MONTH TO DATE    0                         0      0        0
  SINCE SEP 1    120                        51     69      108
  SINCE JAN 1    695                       594    101      896
..................................................................


WIND (MPH)
  HIGHEST WIND SPEED     7   HIGHEST WIND DIRECTION     S (170)
  HIGHEST GUST SPEED     8   HIGHEST GUST DIRECTION     S (190)
  AVERAGE WIND SPEED     1.0


SKY COVER
  AVERAGE SKY COVER 0.8



RELATIVE HUMIDITY (PERCENT)
 HIGHEST    93
 LOWEST     63
 AVERAGE    78

..........................................................


THE ALBANY NY CLIMATE NORMALS FOR TODAY
                         NORMAL    RECORD    YEAR
 MAXIMUM TEMPERATURE (F)   63        89      1963
 MINIMUM TEMPERATURE (F)   43        27      1986


SUNRISE AND SUNSET
OCTOBER  7 2017.......SUNRISE   659 AM EDT   SUNSET   626 PM EDT
OCTOBER  8 2017.......SUNRISE   701 AM EDT   SUNSET   624 PM EDT


-  INDICATES NEGATIVE NUMBERS.
R  INDICATES RECORD WAS SET OR TIED.
MM INDICATES DATA IS MISSING.
T  INDICATES TRACE AMOUNT.




$$
