508
CDUS41 KALY 120622
CLIALB


CLIMATE REPORT
NATIONAL WEATHER SERVICE ALBANY NY
121 AM EST TUE DEC 12 2017


...................................

...THE ALBANY NY CLIMATE SUMMARY FOR DECEMBER 11 2017...

CLIMATE NORMAL PERIOD 1981 TO 2010
CLIMATE RECORD PERIOD 1874 TO 2017


WEATHER ITEM   OBSERVED TIME   RECORD YEAR NORMAL DEPARTURE LAST
                VALUE   (LST)  VALUE       VALUE  FROM      YEAR
                                                  NORMAL
..................................................................
TEMPERATURE (F)
 YESTERDAY
  MAXIMUM         34   1236 PM  61    1952  37     -3       31
  MINIMUM         24    706 AM  -8    1988  23      1       13
  AVERAGE         29                        30     -1       22

PRECIPITATION (IN)
  YESTERDAY        T             3.16 1952   0.10  -0.10     0.05
  MONTH TO DATE    0.63                      1.15  -0.52     0.54
  SINCE DEC 1      0.63                      1.15  -0.52     0.54
  SINCE JAN 1     38.86                     37.57   1.29    32.17

SNOWFALL (IN)
  YESTERDAY        T             4.3  1970   0.4   -0.4      0.6
  MONTH TO DATE    3.4                       3.9   -0.5      2.8
  SINCE DEC 1      3.4                       3.9   -0.5      2.8
  SINCE JUL 1      3.4                       7.0   -3.6      5.1
  SNOW DEPTH       1

DEGREE DAYS
 HEATING
  YESTERDAY       36                        35      1       43
  MONTH TO DATE  341                       362    -21      347
  SINCE DEC 1    341                       362    -21      347
  SINCE JUL 1   1455                      1766   -311     1503

 COOLING
  YESTERDAY        0                         0      0        0
  MONTH TO DATE    0                         0      0        0
  SINCE DEC 1      0                         0      0        0
  SINCE JAN 1    714                       598    116      902
..................................................................


WIND (MPH)
  HIGHEST WIND SPEED    16   HIGHEST WIND DIRECTION    NW (320)
  HIGHEST GUST SPEED    20   HIGHEST GUST DIRECTION    NW (330)
  AVERAGE WIND SPEED     5.4


SKY COVER
  AVERAGE SKY COVER 0.9



RELATIVE HUMIDITY (PERCENT)
 HIGHEST    81
 LOWEST     54
 AVERAGE    68

..........................................................


THE ALBANY NY CLIMATE NORMALS FOR TODAY
                         NORMAL    RECORD    YEAR
 MAXIMUM TEMPERATURE (F)   37        62      1979
 MINIMUM TEMPERATURE (F)   23       -12      1988


SUNRISE AND SUNSET
DECEMBER 12 2017......SUNRISE   717 AM EST   SUNSET   421 PM EST
DECEMBER 13 2017......SUNRISE   717 AM EST   SUNSET   422 PM EST


-  INDICATES NEGATIVE NUMBERS.
R  INDICATES RECORD WAS SET OR TIED.
MM INDICATES DATA IS MISSING.
T  INDICATES TRACE AMOUNT.




$$
